678
CDUS43 KIWX 232025
CLISBN


CLIMATE REPORT
NATIONAL WEATHER SERVICE NORTHERN INDIANA
425 PM EDT TUE MAY 23 2017


...................................

...THE SOUTH BEND CLIMATE SUMMARY FOR MAY 23 2017...
VALID TODAY AS OF 0400 PM LOCAL TIME.

CLIMATE NORMAL PERIOD 1981 TO 2010
CLIMATE RECORD PERIOD 1893 TO 2017


WEATHER ITEM   OBSERVED TIME   RECORD YEAR NORMAL DEPARTURE LAST
                VALUE   (LST)  VALUE       VALUE  FROM      YEAR
                                                  NORMAL
..................................................................
TEMPERATURE (F)
 TODAY
  MAXIMUM         66   1105 AM  92    1921  72     -6       79
  MINIMUM         57    613 AM  31    1963  51      6       42
  AVERAGE         62                        61      1       61

PRECIPITATION (IN)
  TODAY            0.01          1.85 1907   0.13  -0.12     0.00
  MONTH TO DATE    3.98                      2.78   1.20     2.39
  SINCE MAR 1     11.30                      8.43   2.87    11.23
  SINCE JAN 1     18.29                     12.67   5.62    15.01

DEGREE DAYS
 HEATING
  TODAY            3                         6     -3        4
  MONTH TO DATE  242                       188     54      261
  SINCE MAR 1   1494                      1530    -36     1475
  SINCE JUL 1   5471                      6219   -748     5605

 COOLING
  TODAY            0                         2     -2        0
  MONTH TO DATE   25                        28     -3        0
  SINCE MAR 1     36                        38     -2        4
  SINCE JAN 1     36                        38     -2        4
..................................................................


WIND (MPH)
  HIGHEST WIND SPEED    12   HIGHEST WIND DIRECTION     S (190)
  HIGHEST GUST SPEED    14   HIGHEST GUST DIRECTION     N (350)
  AVERAGE WIND SPEED     6.4


SKY COVER
  POSSIBLE SUNSHINE  MM
  AVERAGE SKY COVER 1.0


WEATHER CONDITIONS
 THE FOLLOWING WEATHER WAS RECORDED TODAY.
  LIGHT RAIN


RELATIVE HUMIDITY (PERCENT)
 HIGHEST    84           900 AM
 LOWEST     60          1100 AM
 AVERAGE    72

..........................................................


THE SOUTH BEND CLIMATE NORMALS FOR TOMORROW
                         NORMAL    RECORD    YEAR
 MAXIMUM TEMPERATURE (F)   72        90      2007
 MINIMUM TEMPERATURE (F)   51        33      1925


SUNRISE AND SUNSET
MAY 23 2017...........SUNRISE   618 AM EDT   SUNSET   906 PM EDT
MAY 24 2017...........SUNRISE   618 AM EDT   SUNSET   907 PM EDT


-  INDICATES NEGATIVE NUMBERS.
R  INDICATES RECORD WAS SET OR TIED.
MM INDICATES DATA IS MISSING.
T  INDICATES TRACE AMOUNT.




$$
