000
CDUS43 KIWX 140534
CLISBN


CLIMATE REPORT
NATIONAL WEATHER SERVICE NORTHERN INDIANA
1233 AM EST SAT JAN 14 2017


...................................

...THE SOUTH BEND CLIMATE SUMMARY FOR JANUARY 13 2017...

CLIMATE NORMAL PERIOD 1981 TO 2010
CLIMATE RECORD PERIOD 1893 TO 2017


WEATHER ITEM   OBSERVED TIME   RECORD YEAR NORMAL DEPARTURE LAST
                VALUE   (LST)  VALUE       VALUE  FROM      YEAR
                                                  NORMAL
..................................................................
TEMPERATURE (F)
 YESTERDAY
  MAXIMUM         27    309 PM  62    1950  31     -4       20
  MINIMUM         19    539 AM  -8    1912  17      2       -2
  AVERAGE         23                        24     -1        9

PRECIPITATION (IN)
  YESTERDAY        0.00          1.46 1979   0.07  -0.07     0.09
  MONTH TO DATE    1.82                      1.06   0.76     1.12
  SINCE DEC 1      3.81                      3.67   0.14     5.24
  SINCE JAN 1      1.82                      1.06   0.76     1.12

SNOWFALL (IN)
  YESTERDAY        0.0          13.5  1979   0.6   -0.6      1.4
  MONTH TO DATE    3.8                       8.3   -4.5     14.4
  SINCE DEC 1     27.5                      25.6    1.9     15.8
  SINCE JUL 1     28.0                      30.8   -2.8     24.9
  SNOW DEPTH       0

DEGREE DAYS
 HEATING
  YESTERDAY       42                        41      1       56
  MONTH TO DATE  529                       525      4      532
  SINCE DEC 1   1750                      1647    103     1318
  SINCE JUL 1   2651                      2916   -265     2385

 COOLING
  YESTERDAY        0                         0      0        0
  MONTH TO DATE    0                         0      0        0
  SINCE DEC 1      0                         0      0        0
  SINCE JAN 1      0                         0      0        0
..................................................................


WIND (MPH)
  HIGHEST WIND SPEED    14   HIGHEST WIND DIRECTION    NW (330)
  HIGHEST GUST SPEED    17   HIGHEST GUST DIRECTION     E (80)
  AVERAGE WIND SPEED     7.2


SKY COVER
  AVERAGE SKY COVER 0.2


WEATHER CONDITIONS
 THE FOLLOWING WEATHER WAS RECORDED YESTERDAY.
  NO SIGNIFICANT WEATHER WAS OBSERVED.


RELATIVE HUMIDITY (PERCENT)
 HIGHEST    84           500 AM
 LOWEST     63           300 PM
 AVERAGE    74

..........................................................


THE SOUTH BEND CLIMATE NORMALS FOR TODAY
                         NORMAL    RECORD    YEAR
 MAXIMUM TEMPERATURE (F)   31        60      1928
 MINIMUM TEMPERATURE (F)   17       -10      1929
                                             1917


SUNRISE AND SUNSET
JANUARY 14 2017.......SUNRISE   810 AM EST   SUNSET   539 PM EST
JANUARY 15 2017.......SUNRISE   810 AM EST   SUNSET   540 PM EST


-  INDICATES NEGATIVE NUMBERS.
R  INDICATES RECORD WAS SET OR TIED.
MM INDICATES DATA IS MISSING.
T  INDICATES TRACE AMOUNT.




$$
