000
CDUS43 KIWX 220020
CLISBN


CLIMATE REPORT
NATIONAL WEATHER SERVICE NORTHERN INDIANA
820 PM EDT TUE MAR 21 2017


...................................

...THE SOUTH BEND CLIMATE SUMMARY FOR MARCH 21 2017...
VALID AS OF 0800 PM LOCAL TIME.

CLIMATE NORMAL PERIOD 1981 TO 2010
CLIMATE RECORD PERIOD 1893 TO 2017


WEATHER ITEM   OBSERVED TIME   RECORD YEAR NORMAL DEPARTURE LAST
                VALUE   (LST)  VALUE       VALUE  FROM      YEAR
                                                  NORMAL
..................................................................
TEMPERATURE (F)
 TODAY
  MAXIMUM         50    112 PM  85    2012  49      1       45
  MINIMUM         30    703 AM  10    1965  30      0       25
  AVERAGE         40                        39      1       35

PRECIPITATION (IN)
  TODAY            0.00          1.37 1948   0.08  -0.08     0.00
  MONTH TO DATE    1.46                      1.60  -0.14     1.94
  SINCE MAR 1      1.46                      1.60  -0.14     1.94
  SINCE JAN 1      8.45                      5.84   2.61     5.72

SNOWFALL (IN)
  TODAY            0.0           5.5  1924   0.2   -0.2      0.0
  MONTH TO DATE    7.9                       5.8    2.1      6.8
  SINCE MAR 1      7.9                       5.8    2.1      6.8
  SINCE JUL 1     41.6                      63.9  -22.3     66.1
  SNOW DEPTH       0

DEGREE DAYS
 HEATING
  TODAY           25                        26     -1       30
  MONTH TO DATE  658                       619     39      506
  SINCE MAR 1    658                       619     39      506
  SINCE JUL 1   4635                      5308   -673     4636

 COOLING
  TODAY            0                         0      0        0
  MONTH TO DATE    0                         0      0        0
  SINCE MAR 1      0                         0      0        0
  SINCE JAN 1      0                         0      0        0
..................................................................


WIND (MPH)
  RESULTANT WIND SPEED  11   RESULTANT WIND DIRECTION   N (340)
  HIGHEST WIND SPEED    23   HIGHEST WIND DIRECTION     N (360)
  HIGHEST GUST SPEED    28   HIGHEST GUST DIRECTION     N (360)
  AVERAGE WIND SPEED    11.5


SKY COVER
  POSSIBLE SUNSHINE  MM
  AVERAGE SKY COVER 0.0


WEATHER CONDITIONS
 THE FOLLOWING WEATHER WAS RECORDED TODAY.
  FOG


RELATIVE HUMIDITY (PERCENT)
 HIGHEST   100           500 AM
 LOWEST     36           100 PM
 AVERAGE    68

..........................................................


THE SOUTH BEND CLIMATE NORMALS FOR TOMORROW
                         NORMAL    RECORD    YEAR
 MAXIMUM TEMPERATURE (F)   49        83      2012
 MINIMUM TEMPERATURE (F)   30         9      1906


SUNRISE AND SUNSET
MARCH 21 2017.........SUNRISE   746 AM EDT   SUNSET   759 PM EDT
MARCH 22 2017.........SUNRISE   745 AM EDT   SUNSET   800 PM EDT


-  INDICATES NEGATIVE NUMBERS.
R  INDICATES RECORD WAS SET OR TIED.
MM INDICATES DATA IS MISSING.
T  INDICATES TRACE AMOUNT.




$$
