000
CDUS43 KIWX 290022
CLISBN


CLIMATE REPORT
NATIONAL WEATHER SERVICE NORTHERN INDIANA
822 PM EDT THU MAY 28 2015


...................................

...THE SOUTH BEND CLIMATE SUMMARY FOR MAY 28 2015...
VALID AS OF 0800 PM LOCAL TIME.

CLIMATE NORMAL PERIOD 1981 TO 2010
CLIMATE RECORD PERIOD 1893 TO 2015


WEATHER ITEM   OBSERVED TIME   RECORD YEAR NORMAL DEPARTURE LAST
                VALUE   (LST)  VALUE       VALUE  FROM      YEAR
                                                  NORMAL
..................................................................
TEMPERATURE (F)
 TODAY
  MAXIMUM         83    310 PM  95    2012  74      9       80
  MINIMUM         52    540 AM  34    1902  53     -1       55
  AVERAGE         68                        63      5       68

PRECIPITATION (IN)
  TODAY            0.00          1.08 1955   0.13  -0.13     0.04
  MONTH TO DATE    3.47                      3.42   0.05     5.10
  SINCE MAR 1      6.65                      9.07  -2.42     9.14
  SINCE JAN 1     10.55                     13.31  -2.76    15.08

SNOWFALL (IN)
  TODAY            0.0           0.0  2002   0.0    0.0      0.0
                                      2001
  MONTH TO DATE    0.0                       0.0    0.0      0.0
  SINCE MAR 1      6.1                       8.5   -2.4     12.9
  SINCE JUL 1     83.9                      66.6   17.3    106.9
  SNOW DEPTH       0

DEGREE DAYS
 HEATING
  TODAY            0                         4     -4        0
  MONTH TO DATE  121                       212    -91      208
  SINCE MAR 1   1496                      1554    -58     1753
  SINCE JUL 1   6593                      6243    350     6936

 COOLING
  TODAY            3                         2      1        3
  MONTH TO DATE   74                        38     36       62
  SINCE MAR 1     76                        48     28       64
  SINCE JAN 1     76                        48     28       64
..................................................................


WIND (MPH)
  RESULTANT WIND SPEED   6   RESULTANT WIND DIRECTION  SE (120)
  HIGHEST WIND SPEED    18   HIGHEST WIND DIRECTION    SE (130)
  HIGHEST GUST SPEED    26   HIGHEST GUST DIRECTION    SE (120)
  AVERAGE WIND SPEED     7.0


SKY COVER
  POSSIBLE SUNSHINE  MM
  AVERAGE SKY COVER 0.0


WEATHER CONDITIONS
 THE FOLLOWING WEATHER WAS RECORDED TODAY.
  FOG


RELATIVE HUMIDITY (PERCENT)
 HIGHEST    93           300 AM
 LOWEST     34           400 PM
 AVERAGE    64

..........................................................


THE SOUTH BEND CLIMATE NORMALS FOR TOMORROW
                         NORMAL    RECORD    YEAR
 MAXIMUM TEMPERATURE (F)   74        95      1942
 MINIMUM TEMPERATURE (F)   53        31      1897


SUNRISE AND SUNSET
MAY 28 2015...........SUNRISE   615 AM EDT   SUNSET   910 PM EDT
MAY 29 2015...........SUNRISE   615 AM EDT   SUNSET   911 PM EDT


-  INDICATES NEGATIVE NUMBERS.
R  INDICATES RECORD WAS SET OR TIED.
MM INDICATES DATA IS MISSING.
T  INDICATES TRACE AMOUNT.




$$
