775
CDUS43 KIWX 200021
CLISBN


CLIMATE REPORT
NATIONAL WEATHER SERVICE NORTHERN INDIANA
820 PM EDT SUN MAR 19 2017


...................................

...THE SOUTH BEND CLIMATE SUMMARY FOR MARCH 19 2017...
VALID AS OF 0800 PM LOCAL TIME.

CLIMATE NORMAL PERIOD 1981 TO 2010
CLIMATE RECORD PERIOD 1893 TO 2017


WEATHER ITEM   OBSERVED TIME   RECORD YEAR NORMAL DEPARTURE LAST
                VALUE   (LST)  VALUE       VALUE  FROM      YEAR
                                                  NORMAL
..................................................................
TEMPERATURE (F)
 TODAY
  MAXIMUM         47    501 PM  79    2012  48     -1       40
  MINIMUM         33    741 AM   3    1934  29      4       26
  AVERAGE         40                        38      2       33

PRECIPITATION (IN)
  TODAY            0.00          2.15 1948   0.08  -0.08     0.00
  MONTH TO DATE    1.38                      1.44  -0.06     1.94
  SINCE MAR 1      1.38                      1.44  -0.06     1.94
  SINCE JAN 1      8.37                      5.68   2.69     5.72

SNOWFALL (IN)
  TODAY            0.0           4.2  1981   0.2   -0.2      0.0
  MONTH TO DATE    7.9                       5.4    2.5      6.8
  SINCE MAR 1      7.9                       5.4    2.5      6.8
  SINCE JUL 1     41.6                      63.5  -21.9     66.1
  SNOW DEPTH       0

DEGREE DAYS
 HEATING
  TODAY           25                        27     -2       32
  MONTH TO DATE  614                       567     47      443
  SINCE MAR 1    614                       567     47      443
  SINCE JUL 1   4591                      5256   -665     4573

 COOLING
  TODAY            0                         0      0        0
  MONTH TO DATE    0                         0      0        0
  SINCE MAR 1      0                         0      0        0
  SINCE JAN 1      0                         0      0        0
..................................................................


WIND (MPH)
  RESULTANT WIND SPEED   1   RESULTANT WIND DIRECTION   N (360)
  HIGHEST WIND SPEED    14   HIGHEST WIND DIRECTION     S (170)
  HIGHEST GUST SPEED    18   HIGHEST GUST DIRECTION     S (180)
  AVERAGE WIND SPEED     7.0


SKY COVER
  POSSIBLE SUNSHINE  MM
  AVERAGE SKY COVER 0.7


WEATHER CONDITIONS
 THE FOLLOWING WEATHER WAS RECORDED TODAY.
  NO SIGNIFICANT WEATHER WAS OBSERVED.


RELATIVE HUMIDITY (PERCENT)
 HIGHEST    96           600 AM
 LOWEST     53           400 PM
 AVERAGE    75

..........................................................


THE SOUTH BEND CLIMATE NORMALS FOR TOMORROW
                         NORMAL    RECORD    YEAR
 MAXIMUM TEMPERATURE (F)   48        83      2012
 MINIMUM TEMPERATURE (F)   30         5      1923


SUNRISE AND SUNSET
MARCH 19 2017.........SUNRISE   750 AM EDT   SUNSET   757 PM EDT
MARCH 20 2017.........SUNRISE   748 AM EDT   SUNSET   758 PM EDT


-  INDICATES NEGATIVE NUMBERS.
R  INDICATES RECORD WAS SET OR TIED.
MM INDICATES DATA IS MISSING.
T  INDICATES TRACE AMOUNT.




$$
