000
CDUS43 KIWX 210536
CLISBN


CLIMATE REPORT
NATIONAL WEATHER SERVICE NORTHERN INDIANA
135 AM EDT SAT MAY 21 2016


...................................

...THE SOUTH BEND CLIMATE SUMMARY FOR MAY 20 2016...

CLIMATE NORMAL PERIOD 1981 TO 2010
CLIMATE RECORD PERIOD 1893 TO 2016


WEATHER ITEM   OBSERVED TIME   RECORD YEAR NORMAL DEPARTURE LAST
                VALUE   (LST)  VALUE       VALUE  FROM      YEAR
                                                  NORMAL
..................................................................
TEMPERATURE (F)
 YESTERDAY
  MAXIMUM         69    131 PM  93    1934  71     -2       58
  MINIMUM         44    354 AM  30    1895  50     -6       37
  AVERAGE         57                        60     -3       48

PRECIPITATION (IN)
  YESTERDAY        0.00          1.51 1933   0.13  -0.13     0.03
  MONTH TO DATE    2.39                      2.40  -0.01     3.05
  SINCE MAR 1     11.23                      8.05   3.18     6.23
  SINCE JAN 1     15.01                     12.29   2.72    10.13

SNOWFALL (IN)
  YESTERDAY        0.0           0.0  2002   0.0    0.0      0.0
                                      2001
  MONTH TO DATE    0.0                       0.0    0.0      0.0
  SINCE MAR 1     10.9                       8.5    2.4      6.1
  SINCE JUL 1     70.2                      66.6    3.6     83.9
  SNOW DEPTH       0

DEGREE DAYS
 HEATING
  YESTERDAY        8                         6      2       17
  MONTH TO DATE  247                       170     77      102
  SINCE MAR 1   1461                      1512    -51     1477
  SINCE JUL 1   5591                      6201   -610     6574

 COOLING
  YESTERDAY        0                         2     -2        0
  MONTH TO DATE    0                        22    -22       47
  SINCE MAR 1      4                        32    -28       49
  SINCE JAN 1      4                        32    -28       49
..................................................................


WIND (MPH)
  HIGHEST WIND SPEED    17   HIGHEST WIND DIRECTION     E (70)
  HIGHEST GUST SPEED    21   HIGHEST GUST DIRECTION     E (100)
  AVERAGE WIND SPEED     4.9


SKY COVER
  AVERAGE SKY COVER 0.1


WEATHER CONDITIONS
 THE FOLLOWING WEATHER WAS RECORDED YESTERDAY.
  NO SIGNIFICANT WEATHER WAS OBSERVED.


RELATIVE HUMIDITY (PERCENT)
 HIGHEST    83           300 AM
 LOWEST     35           300 PM
 AVERAGE    59

..........................................................


THE SOUTH BEND CLIMATE NORMALS FOR TODAY
                         NORMAL    RECORD    YEAR
 MAXIMUM TEMPERATURE (F)   72        93      1934
 MINIMUM TEMPERATURE (F)   50        30      2002
                                             1895


SUNRISE AND SUNSET
MAY 21 2016...........SUNRISE   620 AM EDT   SUNSET   904 PM EDT
MAY 22 2016...........SUNRISE   619 AM EDT   SUNSET   905 PM EDT


-  INDICATES NEGATIVE NUMBERS.
R  INDICATES RECORD WAS SET OR TIED.
MM INDICATES DATA IS MISSING.
T  INDICATES TRACE AMOUNT.




$$
