000
CDUS43 KIWX 130526
CLISBN


CLIMATE REPORT
NATIONAL WEATHER SERVICE NORTHERN INDIANA
125 AM EDT WED SEP 13 2017


...................................

...THE SOUTH BEND CLIMATE SUMMARY FOR SEPTEMBER 12 2017...

CLIMATE NORMAL PERIOD 1981 TO 2010
CLIMATE RECORD PERIOD 1893 TO 2017


WEATHER ITEM   OBSERVED TIME   RECORD YEAR NORMAL DEPARTURE LAST
                VALUE   (LST)  VALUE       VALUE  FROM      YEAR
                                                  NORMAL
..................................................................
TEMPERATURE (F)
 YESTERDAY
  MAXIMUM         77    408 PM  96    1897  76      1       77
  MINIMUM         46    640 AM  40    1964  55     -9       56
  AVERAGE         62                        66     -4       67

PRECIPITATION (IN)
  YESTERDAY        0.00          1.32 1936   0.12  -0.12     0.00
  MONTH TO DATE    1.11                      1.42  -0.31     1.16
  SINCE SEP 1      1.11                      1.42  -0.31     1.16
  SINCE JAN 1     28.70                     26.69   2.01    35.57

DEGREE DAYS
 HEATING
  YESTERDAY        3                         3      0        0
  MONTH TO DATE   65                        20     45        4
  SINCE SEP 1     65                        20     45        4
  SINCE JUL 1     86                        38     48       12

 COOLING
  YESTERDAY        0                         3     -3        2
  MONTH TO DATE    7                        49    -42       64
  SINCE SEP 1      7                        49    -42       64
  SINCE JAN 1    559                       731   -172      873
..................................................................


WIND (MPH)
  HIGHEST WIND SPEED    14   HIGHEST WIND DIRECTION    NE (30)
  HIGHEST GUST SPEED    18   HIGHEST GUST DIRECTION    NE (30)
  AVERAGE WIND SPEED     5.6


SKY COVER
  AVERAGE SKY COVER 0.0


WEATHER CONDITIONS
 THE FOLLOWING WEATHER WAS RECORDED YESTERDAY.
  NO SIGNIFICANT WEATHER WAS OBSERVED.


RELATIVE HUMIDITY (PERCENT)
 HIGHEST   100          1200 AM
 LOWEST     40           400 PM
 AVERAGE    70

..........................................................


THE SOUTH BEND CLIMATE NORMALS FOR TODAY
                         NORMAL    RECORD    YEAR
 MAXIMUM TEMPERATURE (F)   75        97      1897
 MINIMUM TEMPERATURE (F)   55        33      1964


SUNRISE AND SUNSET
SEPTEMBER 13 2017.....SUNRISE   724 AM EDT   SUNSET   758 PM EDT
SEPTEMBER 14 2017.....SUNRISE   725 AM EDT   SUNSET   756 PM EDT


-  INDICATES NEGATIVE NUMBERS.
R  INDICATES RECORD WAS SET OR TIED.
MM INDICATES DATA IS MISSING.
T  INDICATES TRACE AMOUNT.




$$
