000
CDUS43 KIWX 142030
CLISBN


CLIMATE REPORT
NATIONAL WEATHER SERVICE NORTHERN INDIANA
429 PM EDT SAT OCT 14 2017


...................................

...THE SOUTH BEND CLIMATE SUMMARY FOR OCTOBER 14 2017...
VALID TODAY AS OF 0400 PM LOCAL TIME.

CLIMATE NORMAL PERIOD 1981 TO 2010
CLIMATE RECORD PERIOD 1893 TO 2017


WEATHER ITEM   OBSERVED TIME   RECORD YEAR NORMAL DEPARTURE LAST
                VALUE   (LST)  VALUE       VALUE  FROM      YEAR
                                                  NORMAL
..................................................................
TEMPERATURE (F)
 TODAY
  MAXIMUM         64    226 PM  88    1897  62      2       64
  MINIMUM         60    810 AM  25    1909  43     17       39
  AVERAGE         62                        53      9       52

PRECIPITATION (IN)
  TODAY            1.32          2.12 1970   0.10   1.22     0.00
  MONTH TO DATE    4.00                      1.54   2.46     1.70
  SINCE SEP 1      6.04                      5.07   0.97     5.44
  SINCE JAN 1     33.63                     30.34   3.29    39.85

DEGREE DAYS
 HEATING
  TODAY            3                        13    -10       13
  MONTH TO DATE   35                       147   -112       91
  SINCE SEP 1    126                       263   -137      121
  SINCE JUL 1    147                       281   -134      129

 COOLING
  TODAY            0                         0      0        0
  MONTH TO DATE   21                         8     13       10
  SINCE SEP 1    139                        90     49      133
  SINCE JAN 1    691                       772    -81      942
..................................................................


WIND (MPH)
  HIGHEST WIND SPEED    24   HIGHEST WIND DIRECTION    NW (330)
  HIGHEST GUST SPEED    31   HIGHEST GUST DIRECTION    NW (330)
  AVERAGE WIND SPEED     4.4


SKY COVER
  POSSIBLE SUNSHINE  MM
  AVERAGE SKY COVER 0.9


WEATHER CONDITIONS
 THE FOLLOWING WEATHER WAS RECORDED TODAY.
  THUNDERSTORM
  HEAVY RAIN
  RAIN
  LIGHT RAIN
  FOG


RELATIVE HUMIDITY (PERCENT)
 HIGHEST   100           600 AM
 LOWEST     78          1200 AM
 AVERAGE    89

..........................................................


THE SOUTH BEND CLIMATE NORMALS FOR TOMORROW
                         NORMAL    RECORD    YEAR
 MAXIMUM TEMPERATURE (F)   62        89      1897
 MINIMUM TEMPERATURE (F)   43        25      1909


SUNRISE AND SUNSET
OCTOBER 14 2017.......SUNRISE   757 AM EDT   SUNSET   705 PM EDT
OCTOBER 15 2017.......SUNRISE   758 AM EDT   SUNSET   704 PM EDT


-  INDICATES NEGATIVE NUMBERS.
R  INDICATES RECORD WAS SET OR TIED.
MM INDICATES DATA IS MISSING.
T  INDICATES TRACE AMOUNT.




$$
