000
CDUS43 KIWX 142140 CCA
CLISBN

CLIMATE REPORT
NATIONAL WEATHER SERVICE NORTHERN INDIANA
439 PM EST FRI NOV 14 2014


...................................

...THE SOUTH BEND CLIMATE SUMMARY FOR NOVEMBER 14 2014...
VALID TODAY AS OF 0400 PM LOCAL TIME. PRECIPITATION AND SNOWFALL
VALUES ARE AS OF 0100 PM LOCAL TIME.

CLIMATE NORMAL PERIOD 1981 TO 2010
CLIMATE RECORD PERIOD 1893 TO 2014


WEATHER ITEM   OBSERVED TIME   RECORD YEAR NORMAL DEPARTURE LAST
                VALUE   (LST)  VALUE       VALUE  FROM      YEAR
                                                  NORMAL
..................................................................
TEMPERATURE (F)
 TODAY
  MAXIMUM         29    359 PM  71    1971  49    -20       51
  MINIMUM         24    925 AM  10    1986  34    -10       30
                                      1911
  AVERAGE         27                        42    -15       41

PRECIPITATION (IN)
  TODAY            0.03          1.50 1957   0.12  -0.09     0.00
  MONTH TO DATE    1.23                      1.51  -0.28     1.18
  SINCE SEP 1      9.62                      8.36   1.26     9.65
  SINCE JAN 1     37.83                     33.63   4.20    36.57

SNOWFALL (IN)
  TODAY            1.1           7.1  1969   0.2    0.9      0.0
  MONTH TO DATE   13.4                       1.4   12.0      1.8
  SINCE SEP 1     13.6                       1.8   11.8      2.1
  SINCE JUL 1     13.6                       1.8   11.8      2.1

DEGREE DAYS
 HEATING
  TODAY           38                        23     15       24
  MONTH TO DATE  342                       290     52      321
  SINCE SEP 1    847                       813     34      791
  SINCE JUL 1    875                       831     44      820

 COOLING
  TODAY            0                         0      0        0
  MONTH TO DATE    0                         0      0        0
  SINCE SEP 1     78                        91    -13      148
  SINCE JAN 1    771                       773     -2      828
..................................................................


WIND (MPH)
  HIGHEST WIND SPEED    20   HIGHEST WIND DIRECTION     W (250)
  HIGHEST GUST SPEED    22   HIGHEST GUST DIRECTION     W (250)
  AVERAGE WIND SPEED    11.8


SKY COVER
  POSSIBLE SUNSHINE  MM
  AVERAGE SKY COVER 0.8


WEATHER CONDITIONS
 THE FOLLOWING WEATHER WAS RECORDED TODAY.
  LIGHT SNOW
  FOG
  HAZE


RELATIVE HUMIDITY (PERCENT)
 HIGHEST    88           300 AM
 LOWEST     75           200 PM
 AVERAGE    82

..........................................................


THE SOUTH BEND CLIMATE NORMALS FOR TOMORROW
                         NORMAL    RECORD    YEAR
 MAXIMUM TEMPERATURE (F)   49        70      1990
                                             1953
 MINIMUM TEMPERATURE (F)   34         8      1940


SUNRISE AND SUNSET
NOVEMBER 14 2014......SUNRISE   733 AM EST   SUNSET   526 PM EST
NOVEMBER 15 2014......SUNRISE   734 AM EST   SUNSET   525 PM EST


-  INDICATES NEGATIVE NUMBERS.
R  INDICATES RECORD WAS SET OR TIED.
MM INDICATES DATA IS MISSING.
T  INDICATES TRACE AMOUNT.




$$
