000
CDUS43 KIWX 280542
CLISBN


CLIMATE REPORT
NATIONAL WEATHER SERVICE NORTHERN INDIANA
140 AM EDT SUN SEP 28 2014


...................................

...THE SOUTH BEND CLIMATE SUMMARY FOR SEPTEMBER 27 2014...

CLIMATE NORMAL PERIOD 1981 TO 2010
CLIMATE RECORD PERIOD 1893 TO 2014


WEATHER ITEM   OBSERVED TIME   RECORD YEAR NORMAL DEPARTURE LAST
                VALUE   (LST)  VALUE       VALUE  FROM      YEAR
                                                  NORMAL
..................................................................
TEMPERATURE (F)
 YESTERDAY
  MAXIMUM         79    408 PM  91    1908  69     10       80
  MINIMUM         53    604 AM  34    1989  49      4       48
                                      1957
                                      1947
  AVERAGE         66                        59      7       64

PRECIPITATION (IN)
  YESTERDAY        0.00          2.17 1916   0.12  -0.12     0.00
  MONTH TO DATE    2.71                      3.21  -0.50     3.89
  SINCE SEP 1      2.71                      3.21  -0.50     3.89
  SINCE JAN 1     30.92                     28.48   2.44    30.81

DEGREE DAYS
 HEATING
  YESTERDAY        0                         7     -7        1
  MONTH TO DATE  111                        92     19       80
  SINCE SEP 1    111                        92     19       80
  SINCE JUL 1    139                       110     29      109

 COOLING
  YESTERDAY        1                         1      0        0
  MONTH TO DATE   73                        77     -4      116
  SINCE SEP 1     73                        77     -4      116
  SINCE JAN 1    766                       759      7      796
..................................................................


WIND (MPH)
  HIGHEST WIND SPEED    10   HIGHEST WIND DIRECTION     E (90)
  HIGHEST GUST SPEED    13   HIGHEST GUST DIRECTION    SE (120)
  AVERAGE WIND SPEED     3.7


SKY COVER
  AVERAGE SKY COVER 0.0


WEATHER CONDITIONS
 THE FOLLOWING WEATHER WAS RECORDED YESTERDAY.
  FOG


RELATIVE HUMIDITY (PERCENT)
 HIGHEST    93           600 AM
 LOWEST     45           200 PM
 AVERAGE    69

..........................................................


THE SOUTH BEND CLIMATE NORMALS FOR TODAY
                         NORMAL    RECORD    YEAR
 MAXIMUM TEMPERATURE (F)   69        89      1908
 MINIMUM TEMPERATURE (F)   48        29      1942


SUNRISE AND SUNSET
SEPTEMBER 28 2014.....SUNRISE   739 AM EDT   SUNSET   732 PM EDT
SEPTEMBER 29 2014.....SUNRISE   740 AM EDT   SUNSET   730 PM EDT


-  INDICATES NEGATIVE NUMBERS.
R  INDICATES RECORD WAS SET OR TIED.
MM INDICATES DATA IS MISSING.
T  INDICATES TRACE AMOUNT.




$$
