000
CDUS43 KIWX 070524
CLISBN


CLIMATE REPORT
NATIONAL WEATHER SERVICE NORTHERN INDIANA
124 AM EDT MON JUL 7 2014


...................................

...THE SOUTH BEND CLIMATE SUMMARY FOR JULY 6 2014...

CLIMATE NORMAL PERIOD 1981 TO 2010
CLIMATE RECORD PERIOD 1893 TO 2014


WEATHER ITEM   OBSERVED TIME   RECORD YEAR NORMAL DEPARTURE LAST
                VALUE   (LST)  VALUE       VALUE  FROM      YEAR
                                                  NORMAL
..................................................................
TEMPERATURE (F)
 YESTERDAY
  MAXIMUM         82    807 PM 102    2012  83     -1       80
  MINIMUM         65    610 AM  43    2001  63      2       68
  AVERAGE         74                        73      1       74

PRECIPITATION (IN)
  YESTERDAY        0.00          2.46 1943   0.12  -0.12     0.00
  MONTH TO DATE    0.37                      0.72  -0.35     0.70
  SINCE JUN 1      9.51                      4.51   5.00     4.13
  SINCE JAN 1     24.59                     18.23   6.36    21.43

DEGREE DAYS
 HEATING
  YESTERDAY        0                         0      0        0
  MONTH TO DATE    2                         0      2        3
  SINCE JUN 1     19                        44    -25       40
  SINCE JUL 1      2                         0      2        3

 COOLING
  YESTERDAY        9                         8      1        9
  MONTH TO DATE   22                        48    -26       24
  SINCE JUN 1    238                       213     25      189
  SINCE JAN 1    323                       269     54      285
..................................................................


WIND (MPH)
  HIGHEST WIND SPEED    20   HIGHEST WIND DIRECTION     S (200)
  HIGHEST GUST SPEED    26   HIGHEST GUST DIRECTION     S (200)
  AVERAGE WIND SPEED    11.1


SKY COVER
  AVERAGE SKY COVER 0.6


WEATHER CONDITIONS
 THE FOLLOWING WEATHER WAS RECORDED YESTERDAY.
  THUNDERSTORM


RELATIVE HUMIDITY (PERCENT)
 HIGHEST    74           600 PM
 LOWEST     62          1200 PM
 AVERAGE    68

..........................................................


THE SOUTH BEND CLIMATE NORMALS FOR TODAY
                         NORMAL    RECORD    YEAR
 MAXIMUM TEMPERATURE (F)   83       102      1936
 MINIMUM TEMPERATURE (F)   63        49      1942
                                             1896


SUNRISE AND SUNSET
JULY  7 2014..........SUNRISE   618 AM EDT   SUNSET   922 PM EDT
JULY  8 2014..........SUNRISE   619 AM EDT   SUNSET   922 PM EDT


-  INDICATES NEGATIVE NUMBERS.
R  INDICATES RECORD WAS SET OR TIED.
MM INDICATES DATA IS MISSING.
T  INDICATES TRACE AMOUNT.




$$
