705
CDUS43 KIWX 260538
CLISBN


CLIMATE REPORT
NATIONAL WEATHER SERVICE NORTHERN INDIANA
135 AM EDT WED APR 26 2017


...................................

...THE SOUTH BEND CLIMATE SUMMARY FOR APRIL 25 2017...

CLIMATE NORMAL PERIOD 1981 TO 2010
CLIMATE RECORD PERIOD 1893 TO 2017


WEATHER ITEM   OBSERVED TIME   RECORD YEAR NORMAL DEPARTURE LAST
                VALUE   (LST)  VALUE       VALUE  FROM      YEAR
                                                  NORMAL
..................................................................
TEMPERATURE (F)
 YESTERDAY
  MAXIMUM         74    514 PM  87    1990  63     11       79
  MINIMUM         49    540 AM  23    1919  42      7       59
  AVERAGE         62                        53      9       69

PRECIPITATION (IN)
  YESTERDAY        0.00          2.48 2007   0.11  -0.11     0.26
  MONTH TO DATE    2.02                      2.66  -0.64     3.71
  SINCE MAR 1      6.25                      5.08   1.17     7.88
  SINCE JAN 1     13.24                      9.32   3.92    11.66

SNOWFALL (IN)
  YESTERDAY        0.0           T    1976   0.1   -0.1      0.0
                                      1968
                                      1950
  MONTH TO DATE    0.6                       1.4   -0.8      4.1
  SINCE MAR 1      8.5                       8.5    0.0     10.9
  SINCE JUL 1     42.2                      66.6  -24.4     70.2
  SNOW DEPTH       0

DEGREE DAYS
 HEATING
  YESTERDAY        3                        13    -10        0
  MONTH TO DATE  340                       429    -89      445
  SINCE MAR 1   1202                      1284    -82     1135
  SINCE JUL 1   5179                      5973   -794     5265

 COOLING
  YESTERDAY        0                         0      0        4
  MONTH TO DATE    4                         0      4        4
  SINCE MAR 1      4                         1      3        4
  SINCE JAN 1      4                         1      3        4
..................................................................


WIND (MPH)
  HIGHEST WIND SPEED    21   HIGHEST WIND DIRECTION    SE (140)
  HIGHEST GUST SPEED    25   HIGHEST GUST DIRECTION    SE (140)
  AVERAGE WIND SPEED    10.3


SKY COVER
  AVERAGE SKY COVER 0.1


WEATHER CONDITIONS
 THE FOLLOWING WEATHER WAS RECORDED YESTERDAY.
  NO SIGNIFICANT WEATHER WAS OBSERVED.


RELATIVE HUMIDITY (PERCENT)
 HIGHEST    83           700 AM
 LOWEST     51          1200 AM
 AVERAGE    67

..........................................................


THE SOUTH BEND CLIMATE NORMALS FOR TODAY
                         NORMAL    RECORD    YEAR
 MAXIMUM TEMPERATURE (F)   64        88      1915
 MINIMUM TEMPERATURE (F)   42        25      1997
                                             1930
                                             1928


SUNRISE AND SUNSET
APRIL 26 2017.........SUNRISE   648 AM EDT   SUNSET   838 PM EDT
APRIL 27 2017.........SUNRISE   647 AM EDT   SUNSET   839 PM EDT


-  INDICATES NEGATIVE NUMBERS.
R  INDICATES RECORD WAS SET OR TIED.
MM INDICATES DATA IS MISSING.
T  INDICATES TRACE AMOUNT.




$$
