000
CDUS43 KIWX 230527
CLISBN


CLIMATE REPORT
NATIONAL WEATHER SERVICE NORTHERN INDIANA
127 AM EDT MON MAR 23 2015


...................................

...THE SOUTH BEND CLIMATE SUMMARY FOR MARCH 22 2015...

CLIMATE NORMAL PERIOD 1981 TO 2010
CLIMATE RECORD PERIOD 1893 TO 2015


WEATHER ITEM   OBSERVED TIME   RECORD YEAR NORMAL DEPARTURE LAST
                VALUE   (LST)  VALUE       VALUE  FROM      YEAR
                                                  NORMAL
..................................................................
TEMPERATURE (F)
 YESTERDAY
  MAXIMUM         44    228 PM  83    2012  49     -5       45
  MINIMUM         27    346 AM   9    1906  30     -3       26
  AVERAGE         36                        40     -4       36

PRECIPITATION (IN)
  YESTERDAY        0.00          0.89 1977   0.08  -0.08     0.00
  MONTH TO DATE    0.14                      1.68  -1.54     1.47
  SINCE MAR 1      0.14                      1.68  -1.54     1.47
  SINCE JAN 1      4.04                      5.92  -1.88     7.41

SNOWFALL (IN)
  YESTERDAY        0.0           4.9  1977   0.2   -0.2      0.0
  MONTH TO DATE    1.4                       6.0   -4.6     10.7
  SINCE MAR 1      1.4                       6.0   -4.6     10.7
  SINCE JUL 1     79.2                      64.1   15.1    104.7
  SNOW DEPTH       0

DEGREE DAYS
 HEATING
  YESTERDAY       29                        25      4       29
  MONTH TO DATE  664                       644     20      800
  SINCE MAR 1    664                       644     20      800
  SINCE JUL 1   5761                      5333    428     5983

 COOLING
  YESTERDAY        0                         0      0        0
  MONTH TO DATE    0                         0      0        0
  SINCE MAR 1      0                         0      0        0
  SINCE JAN 1      0                         0      0        0
..................................................................


WIND (MPH)
  HIGHEST WIND SPEED    16   HIGHEST WIND DIRECTION     N (340)
  HIGHEST GUST SPEED    19   HIGHEST GUST DIRECTION     N (340)
  AVERAGE WIND SPEED     7.1


SKY COVER
  AVERAGE SKY COVER 0.5


WEATHER CONDITIONS
 THE FOLLOWING WEATHER WAS RECORDED YESTERDAY.
  NO SIGNIFICANT WEATHER WAS OBSERVED.


RELATIVE HUMIDITY (PERCENT)
 HIGHEST    75           100 AM
 LOWEST     27           400 PM
 AVERAGE    51

..........................................................


THE SOUTH BEND CLIMATE NORMALS FOR TODAY
                         NORMAL    RECORD    YEAR
 MAXIMUM TEMPERATURE (F)   50        78      1907
 MINIMUM TEMPERATURE (F)   31         9      1940
                                             1916


SUNRISE AND SUNSET
MARCH 23 2015.........SUNRISE   744 AM EDT   SUNSET   801 PM EDT
MARCH 24 2015.........SUNRISE   742 AM EDT   SUNSET   802 PM EDT


-  INDICATES NEGATIVE NUMBERS.
R  INDICATES RECORD WAS SET OR TIED.
MM INDICATES DATA IS MISSING.
T  INDICATES TRACE AMOUNT.




$$
