000
CDUS43 KIWX 170523
CLISBN


CLIMATE REPORT
NATIONAL WEATHER SERVICE NORTHERN INDIANA
122 AM EDT MON JUL 17 2017


...................................

...THE SOUTH BEND CLIMATE SUMMARY FOR JULY 16 2017...

CLIMATE NORMAL PERIOD 1981 TO 2010
CLIMATE RECORD PERIOD 1893 TO 2017


WEATHER ITEM   OBSERVED TIME   RECORD YEAR NORMAL DEPARTURE LAST
                VALUE   (LST)  VALUE       VALUE  FROM      YEAR
                                                  NORMAL
..................................................................
TEMPERATURE (F)
 YESTERDAY
  MAXIMUM         78    137 PM  99    1936  83     -5       78
  MINIMUM         59   1118 PM  48    1945  63     -4       56
                                      1896
  AVERAGE         69                        73     -4       67

PRECIPITATION (IN)
  YESTERDAY        0.00          2.86 1995   0.14  -0.14     0.00
  MONTH TO DATE    1.91                      2.01  -0.10     0.81
  SINCE JUN 1      4.33                      5.80  -1.47     4.06
  SINCE JAN 1     23.56                     19.52   4.04    19.17

DEGREE DAYS
 HEATING
  YESTERDAY        0                         0      0        0
  MONTH TO DATE    1                         0      1        8
  SINCE JUN 1     26                        44    -18       43
  SINCE JUL 1      1                         0      1        8

 COOLING
  YESTERDAY        4                         8     -4        2
  MONTH TO DATE  106                       128    -22      110
  SINCE JUN 1    279                       293    -14      286
  SINCE JAN 1    319                       349    -30      355
..................................................................


WIND (MPH)
  HIGHEST WIND SPEED    18   HIGHEST WIND DIRECTION     W (270)
  HIGHEST GUST SPEED    22   HIGHEST GUST DIRECTION    NW (330)
  AVERAGE WIND SPEED     9.2


SKY COVER
  AVERAGE SKY COVER 0.2


WEATHER CONDITIONS
 THE FOLLOWING WEATHER WAS RECORDED YESTERDAY.
  NO SIGNIFICANT WEATHER WAS OBSERVED.


RELATIVE HUMIDITY (PERCENT)
 HIGHEST   100          1100 PM
 LOWEST     67           100 PM
 AVERAGE    84

..........................................................


THE SOUTH BEND CLIMATE NORMALS FOR TODAY
                         NORMAL    RECORD    YEAR
 MAXIMUM TEMPERATURE (F)   83       100      1901
 MINIMUM TEMPERATURE (F)   63        46      1896


SUNRISE AND SUNSET
JULY 17 2017..........SUNRISE   626 AM EDT   SUNSET   917 PM EDT
JULY 18 2017..........SUNRISE   627 AM EDT   SUNSET   916 PM EDT


-  INDICATES NEGATIVE NUMBERS.
R  INDICATES RECORD WAS SET OR TIED.
MM INDICATES DATA IS MISSING.
T  INDICATES TRACE AMOUNT.




$$
