000
CDUS43 KIWX 160527
CLISBN


CLIMATE REPORT
NATIONAL WEATHER SERVICE NORTHERN INDIANA
126 AM EDT SUN APR 16 2017


...................................

...THE SOUTH BEND CLIMATE SUMMARY FOR APRIL 15 2017...

CLIMATE NORMAL PERIOD 1981 TO 2010
CLIMATE RECORD PERIOD 1893 TO 2017


WEATHER ITEM   OBSERVED TIME   RECORD YEAR NORMAL DEPARTURE LAST
                VALUE   (LST)  VALUE       VALUE  FROM      YEAR
                                                  NORMAL
..................................................................
TEMPERATURE (F)
 YESTERDAY
  MAXIMUM         80    313 PM  87    2002  59     21       71
  MINIMUM         57    634 AM  19    1928  39     18       37
                                      1926
  AVERAGE         69                        49     20       54

PRECIPITATION (IN)
  YESTERDAY        0.12          2.24 1937   0.11   0.01     0.00
  MONTH TO DATE    1.36                      1.57  -0.21     2.23
  SINCE MAR 1      5.59                      3.99   1.60     6.40
  SINCE JAN 1     12.58                      8.23   4.35    10.18

SNOWFALL (IN)
  YESTERDAY        0.0           0.5  1961   0.1   -0.1      0.0
  MONTH TO DATE    0.6                       1.1   -0.5      4.1
  SINCE MAR 1      8.5                       8.2    0.3     10.9
  SINCE JUL 1     42.2                      66.3  -24.1     70.2
  SNOW DEPTH       0

DEGREE DAYS
 HEATING
  YESTERDAY        0                        16    -16       11
  MONTH TO DATE  247                       284    -37      390
  SINCE MAR 1   1109                      1139    -30     1080
  SINCE JUL 1   5086                      5828   -742     5210

 COOLING
  YESTERDAY        4                         0      4        0
  MONTH TO DATE    4                         0      4        0
  SINCE MAR 1      4                         1      3        0
  SINCE JAN 1      4                         1      3        0
..................................................................


WIND (MPH)
  HIGHEST WIND SPEED    32   HIGHEST WIND DIRECTION    SW (220)
  HIGHEST GUST SPEED    41   HIGHEST GUST DIRECTION    SW (220)
  AVERAGE WIND SPEED    15.7


SKY COVER
  AVERAGE SKY COVER 0.4


WEATHER CONDITIONS
 THE FOLLOWING WEATHER WAS RECORDED YESTERDAY.
  RAIN
  LIGHT RAIN
  FOG


RELATIVE HUMIDITY (PERCENT)
 HIGHEST   100          1200 AM
 LOWEST     39           400 PM
 AVERAGE    70

..........................................................


THE SOUTH BEND CLIMATE NORMALS FOR TODAY
                         NORMAL    RECORD    YEAR
 MAXIMUM TEMPERATURE (F)   60        86      1976
                                             1896
 MINIMUM TEMPERATURE (F)   39        22      1935


SUNRISE AND SUNSET
APRIL 16 2017.........SUNRISE   703 AM EDT   SUNSET   827 PM EDT
APRIL 17 2017.........SUNRISE   702 AM EDT   SUNSET   828 PM EDT


-  INDICATES NEGATIVE NUMBERS.
R  INDICATES RECORD WAS SET OR TIED.
MM INDICATES DATA IS MISSING.
T  INDICATES TRACE AMOUNT.




$$
