000
CDUS43 KIWX 130527
CLISBN


CLIMATE REPORT
NATIONAL WEATHER SERVICE NORTHERN INDIANA
126 AM EDT SAT SEP 13 2014


...................................

...THE SOUTH BEND CLIMATE SUMMARY FOR SEPTEMBER 12 2014...

CLIMATE NORMAL PERIOD 1981 TO 2010
CLIMATE RECORD PERIOD 1893 TO 2014


WEATHER ITEM   OBSERVED TIME   RECORD YEAR NORMAL DEPARTURE LAST
                VALUE   (LST)  VALUE       VALUE  FROM      YEAR
                                                  NORMAL
..................................................................
TEMPERATURE (F)
 YESTERDAY
  MAXIMUM         59    245 PM  96    1897  76    -17       83
  MINIMUM         48    625 AM  40    1964  55     -7       58
  AVERAGE         54                        66    -12       71

PRECIPITATION (IN)
  YESTERDAY        0.03          1.32 1936   0.12  -0.09     0.01
  MONTH TO DATE    2.24                      1.42   0.82     0.26
  SINCE SEP 1      2.24                      1.42   0.82     0.26
  SINCE JAN 1     30.45                     26.69   3.76    27.18

DEGREE DAYS
 HEATING
  YESTERDAY       11                         3      8        0
  MONTH TO DATE   21                        20      1        0
  SINCE SEP 1     21                        20      1        0
  SINCE JUL 1     49                        38     11       29

 COOLING
  YESTERDAY        0                         3     -3        6
  MONTH TO DATE   64                        49     15      103
  SINCE SEP 1     64                        49     15      103
  SINCE JAN 1    757                       731     26      783
..................................................................


WIND (MPH)
  HIGHEST WIND SPEED    13   HIGHEST WIND DIRECTION     N (20)
  HIGHEST GUST SPEED    17   HIGHEST GUST DIRECTION    SW (210)
  AVERAGE WIND SPEED     6.0


SKY COVER
  AVERAGE SKY COVER 0.7


WEATHER CONDITIONS
 THE FOLLOWING WEATHER WAS RECORDED YESTERDAY.
  LIGHT RAIN


RELATIVE HUMIDITY (PERCENT)
 HIGHEST    93           300 AM
 LOWEST     62           300 PM
 AVERAGE    78

..........................................................


THE SOUTH BEND CLIMATE NORMALS FOR TODAY
                         NORMAL    RECORD    YEAR
 MAXIMUM TEMPERATURE (F)   75        97      1897
 MINIMUM TEMPERATURE (F)   55        33      1964


SUNRISE AND SUNSET
SEPTEMBER 13 2014.....SUNRISE   723 AM EDT   SUNSET   758 PM EDT
SEPTEMBER 14 2014.....SUNRISE   724 AM EDT   SUNSET   756 PM EDT


-  INDICATES NEGATIVE NUMBERS.
R  INDICATES RECORD WAS SET OR TIED.
MM INDICATES DATA IS MISSING.
T  INDICATES TRACE AMOUNT.




$$
