000
CDUS43 KIWX 180522
CLISBN


CLIMATE REPORT
NATIONAL WEATHER SERVICE NORTHERN INDIANA
122 AM EDT MON AUG 18 2014


...................................

...THE SOUTH BEND CLIMATE SUMMARY FOR AUGUST 17 2014...

CLIMATE NORMAL PERIOD 1981 TO 2010
CLIMATE RECORD PERIOD 1893 TO 2014


WEATHER ITEM   OBSERVED TIME   RECORD YEAR NORMAL DEPARTURE LAST
                VALUE   (LST)  VALUE       VALUE  FROM      YEAR
                                                  NORMAL
..................................................................
TEMPERATURE (F)
 YESTERDAY
  MAXIMUM         84   1222 PM  96    1988  81      3       80
                                      1908
  MINIMUM         66    429 AM  47    1981  62      4       52
  AVERAGE         75                        72      3       66

PRECIPITATION (IN)
  YESTERDAY        0.05          2.70 2009   0.12  -0.07     0.00
  MONTH TO DATE    0.92                      2.11  -1.19     2.64
  SINCE JUN 1     11.85                      9.90   1.95     9.23
  SINCE JAN 1     26.93                     23.62   3.31    26.53

DEGREE DAYS
 HEATING
  YESTERDAY        0                         0      0        0
  MONTH TO DATE   10                         0     10       15
  SINCE JUN 1     45                        49     -4       66
  SINCE JUL 1     28                         5     23       29

 COOLING
  YESTERDAY       10                         7      3        1
  MONTH TO DATE  100                       121    -21       58
  SINCE JUN 1    456                       539    -83      452
  SINCE JAN 1    541                       595    -54      548
..................................................................


WIND (MPH)
  HIGHEST WIND SPEED    15   HIGHEST WIND DIRECTION    NW (310)
  HIGHEST GUST SPEED    17   HIGHEST GUST DIRECTION    NW (310)
  AVERAGE WIND SPEED     5.1


SKY COVER
  AVERAGE SKY COVER 0.7


WEATHER CONDITIONS
 THE FOLLOWING WEATHER WAS RECORDED YESTERDAY.
  RAIN
  LIGHT RAIN
  FOG


RELATIVE HUMIDITY (PERCENT)
 HIGHEST    93           300 AM
 LOWEST     55           200 PM
 AVERAGE    74

..........................................................


THE SOUTH BEND CLIMATE NORMALS FOR TODAY
                         NORMAL    RECORD    YEAR
 MAXIMUM TEMPERATURE (F)   81        98      1947
 MINIMUM TEMPERATURE (F)   62        41      1963


SUNRISE AND SUNSET
AUGUST 18 2014........SUNRISE   657 AM EDT   SUNSET   841 PM EDT
AUGUST 19 2014........SUNRISE   658 AM EDT   SUNSET   839 PM EDT


-  INDICATES NEGATIVE NUMBERS.
R  INDICATES RECORD WAS SET OR TIED.
MM INDICATES DATA IS MISSING.
T  INDICATES TRACE AMOUNT.




$$
