000
CDUS43 KIWX 230525
CLISBN


CLIMATE REPORT
NATIONAL WEATHER SERVICE NORTHERN INDIANA
123 AM EDT SAT MAY 23 2015


...................................

...THE SOUTH BEND CLIMATE SUMMARY FOR MAY 22 2015...

CLIMATE NORMAL PERIOD 1981 TO 2010
CLIMATE RECORD PERIOD 1893 TO 2015


WEATHER ITEM   OBSERVED TIME   RECORD YEAR NORMAL DEPARTURE LAST
                VALUE   (LST)  VALUE       VALUE  FROM      YEAR
                                                  NORMAL
..................................................................
TEMPERATURE (F)
 YESTERDAY
  MAXIMUM         71    157 PM  92    1925  72     -1       69
  MINIMUM         44    507 AM  32    1997  51     -7       50
  AVERAGE         58                        61     -3       60

PRECIPITATION (IN)
  YESTERDAY        0.00          2.79 1982   0.12  -0.12     0.00
  MONTH TO DATE    3.05                      2.65   0.40     3.79
  SINCE MAR 1      6.23                      8.30  -2.07     7.83
  SINCE JAN 1     10.13                     12.54  -2.41    13.77

SNOWFALL (IN)
  YESTERDAY        0.0           0.0  2002   0.0    0.0      0.0
                                      2001
  MONTH TO DATE    0.0                       0.0    0.0      0.0
  SINCE MAR 1      6.1                       8.5   -2.4     12.9
  SINCE JUL 1     83.9                      66.6   17.3    106.9
  SNOW DEPTH       0

DEGREE DAYS
 HEATING
  YESTERDAY        7                         6      1        5
  MONTH TO DATE  119                       182    -63      195
  SINCE MAR 1   1494                      1524    -30     1740
  SINCE JUL 1   6591                      6213    378     6923

 COOLING
  YESTERDAY        0                         2     -2        0
  MONTH TO DATE   47                        26     21       39
  SINCE MAR 1     49                        36     13       41
  SINCE JAN 1     49                        36     13       41
..................................................................


WIND (MPH)
  HIGHEST WIND SPEED    18   HIGHEST WIND DIRECTION    NW (320)
  HIGHEST GUST SPEED    24   HIGHEST GUST DIRECTION    NW (320)
  AVERAGE WIND SPEED     6.6


SKY COVER
  AVERAGE SKY COVER 0.1


WEATHER CONDITIONS
 THE FOLLOWING WEATHER WAS RECORDED YESTERDAY.
  NO SIGNIFICANT WEATHER WAS OBSERVED.


RELATIVE HUMIDITY (PERCENT)
 HIGHEST    83           500 AM
 LOWEST     23           400 PM
 AVERAGE    53

..........................................................


THE SOUTH BEND CLIMATE NORMALS FOR TODAY
                         NORMAL    RECORD    YEAR
 MAXIMUM TEMPERATURE (F)   72        92      1921
 MINIMUM TEMPERATURE (F)   51        31      1963


SUNRISE AND SUNSET
MAY 23 2015...........SUNRISE   619 AM EDT   SUNSET   906 PM EDT
MAY 24 2015...........SUNRISE   618 AM EDT   SUNSET   907 PM EDT


-  INDICATES NEGATIVE NUMBERS.
R  INDICATES RECORD WAS SET OR TIED.
MM INDICATES DATA IS MISSING.
T  INDICATES TRACE AMOUNT.




$$
