000
CDUS43 KIWX 120527
CLISBN


CLIMATE REPORT
NATIONAL WEATHER SERVICE NORTHERN INDIANA
1226 AM EST FRI FEB 12 2016


...................................

...THE SOUTH BEND CLIMATE SUMMARY FOR FEBRUARY 11 2016...

CLIMATE NORMAL PERIOD 1981 TO 2010
CLIMATE RECORD PERIOD 1893 TO 2016


WEATHER ITEM   OBSERVED TIME   RECORD YEAR NORMAL DEPARTURE LAST
                VALUE   (LST)  VALUE       VALUE  FROM      YEAR
                                                  NORMAL
..................................................................
TEMPERATURE (F)
 YESTERDAY
  MAXIMUM         22    150 PM  72    1999  34    -12       35
  MINIMUM          1   1146 PM -12    1899  20    -19       22
  AVERAGE         12                        27    -15       29

PRECIPITATION (IN)
  YESTERDAY        T             1.01 2009   0.07  -0.07      T
  MONTH TO DATE    0.79                      0.70   0.09     1.30
  SINCE DEC 1      6.51                      5.60   0.91     4.69
  SINCE JAN 1      2.39                      2.99  -0.60     3.22

SNOWFALL (IN)
  YESTERDAY        0.1           7.6  1985   0.6   -0.5       T
  MONTH TO DATE   11.6                       6.7    4.9     18.8
  SINCE DEC 1     31.7                      44.6  -12.9     41.1
  SINCE JUL 1     40.8                      49.8   -9.0     60.4
  SNOW DEPTH       7

DEGREE DAYS
 HEATING
  YESTERDAY       53                        38     15       36
  MONTH TO DATE  410                       433    -23      468
  SINCE DEC 1   2436                      2812   -376     2754
  SINCE JUL 1   3503                      4081   -578     4196

 COOLING
  YESTERDAY        0                         0      0        0
  MONTH TO DATE    0                         0      0        0
  SINCE DEC 1      0                         0      0        0
  SINCE JAN 1      0                         0      0        0
..................................................................


WIND (MPH)
  HIGHEST WIND SPEED    17   HIGHEST WIND DIRECTION     W (280)
  HIGHEST GUST SPEED    21   HIGHEST GUST DIRECTION    NW (320)
  AVERAGE WIND SPEED     6.7


SKY COVER
  AVERAGE SKY COVER 0.7


WEATHER CONDITIONS
 THE FOLLOWING WEATHER WAS RECORDED YESTERDAY.
  SNOW
  LIGHT SNOW
  FOG
  HAZE


RELATIVE HUMIDITY (PERCENT)
 HIGHEST    92          1200 AM
 LOWEST     62           100 PM
 AVERAGE    77

..........................................................


THE SOUTH BEND CLIMATE NORMALS FOR TODAY
                         NORMAL    RECORD    YEAR
 MAXIMUM TEMPERATURE (F)   34        59      1984
 MINIMUM TEMPERATURE (F)   20       -14      1899


SUNRISE AND SUNSET
FEBRUARY 12 2016......SUNRISE   745 AM EST   SUNSET   614 PM EST
FEBRUARY 13 2016......SUNRISE   744 AM EST   SUNSET   616 PM EST


-  INDICATES NEGATIVE NUMBERS.
R  INDICATES RECORD WAS SET OR TIED.
MM INDICATES DATA IS MISSING.
T  INDICATES TRACE AMOUNT.




$$
