000
CDUS43 KIWX 150524
CLISBN


CLIMATE REPORT
NATIONAL WEATHER SERVICE NORTHERN INDIANA
1222 AM EST MON DEC 15 2014


...................................

...THE SOUTH BEND CLIMATE SUMMARY FOR DECEMBER 14 2014...

CLIMATE NORMAL PERIOD 1981 TO 2010
CLIMATE RECORD PERIOD 1893 TO 2014


WEATHER ITEM   OBSERVED TIME   RECORD YEAR NORMAL DEPARTURE LAST
                VALUE   (LST)  VALUE       VALUE  FROM      YEAR
                                                  NORMAL
..................................................................
TEMPERATURE (F)
 YESTERDAY
  MAXIMUM         55    244 PM  67    1975  35     20       27
  MINIMUM         45    850 AM -10    1903  23     22       21
  AVERAGE         50                        29     21       24

PRECIPITATION (IN)
  YESTERDAY        0.00          1.30 2011   0.08  -0.08     0.43
  MONTH TO DATE    0.19                      1.24  -1.05     0.79
  SINCE DEC 1      0.19                      1.24  -1.05     0.79
  SINCE JAN 1     40.16                     36.63   3.53    38.81

SNOWFALL (IN)
  YESTERDAY        0.0           5.6  1951   0.6   -0.6      4.4
  MONTH TO DATE    T                         6.6   -6.6      6.3
  SINCE DEC 1      T                         6.6   -6.6      6.3
  SINCE JUL 1     19.3                      11.8    7.5     15.5
  SNOW DEPTH       0

DEGREE DAYS
 HEATING
  YESTERDAY       15                        36    -21       41
  MONTH TO DATE  447                       473    -26      535
  SINCE DEC 1    447                       473    -26      535
  SINCE JUL 1   1889                      1742    147     1824

 COOLING
  YESTERDAY        0                         0      0        0
  MONTH TO DATE    0                         0      0        0
  SINCE DEC 1      0                         0      0        0
  SINCE JAN 1    771                       773     -2      828
..................................................................


WIND (MPH)
  HIGHEST WIND SPEED    18   HIGHEST WIND DIRECTION    SW (240)
  HIGHEST GUST SPEED    21   HIGHEST GUST DIRECTION    SW (240)
  AVERAGE WIND SPEED     9.0


SKY COVER
  AVERAGE SKY COVER 1.0


WEATHER CONDITIONS
 THE FOLLOWING WEATHER WAS RECORDED YESTERDAY.
  FOG
  HAZE


RELATIVE HUMIDITY (PERCENT)
 HIGHEST    93           900 PM
 LOWEST     71           200 PM
 AVERAGE    82

..........................................................


THE SOUTH BEND CLIMATE NORMALS FOR TODAY
                         NORMAL    RECORD    YEAR
 MAXIMUM TEMPERATURE (F)   35        62      1971
 MINIMUM TEMPERATURE (F)   22       -12      1901


SUNRISE AND SUNSET
DECEMBER 15 2014......SUNRISE   805 AM EST   SUNSET   516 PM EST
DECEMBER 16 2014......SUNRISE   806 AM EST   SUNSET   516 PM EST


-  INDICATES NEGATIVE NUMBERS.
R  INDICATES RECORD WAS SET OR TIED.
MM INDICATES DATA IS MISSING.
T  INDICATES TRACE AMOUNT.




$$
