000
CDUS43 KIWX 230522
CLISBN


CLIMATE REPORT
NATIONAL WEATHER SERVICE NORTHERN INDIANA
122 AM EDT FRI SEP 23 2016


...................................

...THE SOUTH BEND CLIMATE SUMMARY FOR SEPTEMBER 22 2016...

CLIMATE NORMAL PERIOD 1981 TO 2010
CLIMATE RECORD PERIOD 1893 TO 2016


WEATHER ITEM   OBSERVED TIME   RECORD YEAR NORMAL DEPARTURE LAST
                VALUE   (LST)  VALUE       VALUE  FROM      YEAR
                                                  NORMAL
..................................................................
TEMPERATURE (F)
 YESTERDAY
  MAXIMUM         82   1209 PM  95    1908  72     10       78
  MINIMUM         62    422 AM  34    1947  51     11       46
                                      1904
  AVERAGE         72                        61     11       62

PRECIPITATION (IN)
  YESTERDAY        0.00          1.35 1965   0.12  -0.12     0.00
  MONTH TO DATE    3.05                      2.60   0.45     4.05
  SINCE SEP 1      3.05                      2.60   0.45     4.05
  SINCE JAN 1     37.46                     27.87   9.59    28.32

SNOWFALL (IN)
  YESTERDAY        0.0           0.0  2002   0.0    0.0      0.0
                                      2001
  MONTH TO DATE    0.0                       0.0    0.0      0.0
  SINCE SEP 1      0.0                       0.0    0.0      0.0
  SINCE JUL 1      0.0                       0.0    0.0      0.0
  SNOW DEPTH       0

DEGREE DAYS
 HEATING
  YESTERDAY        0                         5     -5        3
  MONTH TO DATE    4                        60    -56       51
  SINCE SEP 1      4                        60    -56       51
  SINCE JUL 1     12                        78    -66       76

 COOLING
  YESTERDAY        7                         2      5        0
  MONTH TO DATE  109                        72     37      124
  SINCE SEP 1    109                        72     37      124
  SINCE JAN 1    918                       754    164      769
..................................................................


WIND (MPH)
  HIGHEST WIND SPEED    10   HIGHEST WIND DIRECTION    SW (230)
  HIGHEST GUST SPEED    13   HIGHEST GUST DIRECTION    SW (210)
  AVERAGE WIND SPEED     2.9


SKY COVER
  AVERAGE SKY COVER 0.0


WEATHER CONDITIONS
 THE FOLLOWING WEATHER WAS RECORDED YESTERDAY.
  NO SIGNIFICANT WEATHER WAS OBSERVED.


RELATIVE HUMIDITY (PERCENT)
 HIGHEST   100           400 AM
 LOWEST     54           100 PM
 AVERAGE    77

..........................................................


THE SOUTH BEND CLIMATE NORMALS FOR TODAY
                         NORMAL    RECORD    YEAR
 MAXIMUM TEMPERATURE (F)   71        95      1922
 MINIMUM TEMPERATURE (F)   51        30      1896


SUNRISE AND SUNSET
SEPTEMBER 23 2016.....SUNRISE   734 AM EDT   SUNSET   740 PM EDT
SEPTEMBER 24 2016.....SUNRISE   735 AM EDT   SUNSET   738 PM EDT


-  INDICATES NEGATIVE NUMBERS.
R  INDICATES RECORD WAS SET OR TIED.
MM INDICATES DATA IS MISSING.
T  INDICATES TRACE AMOUNT.




$$
