000
CDUS43 KIWX 120539
CLISBN


CLIMATE REPORT
NATIONAL WEATHER SERVICE NORTHERN INDIANA
1223 AM EST FRI JAN 12 2018


...................................

...THE SOUTH BEND CLIMATE SUMMARY FOR JANUARY 11 2018...

CLIMATE NORMAL PERIOD 1981 TO 2010
CLIMATE RECORD PERIOD 1893 TO 2018


WEATHER ITEM   OBSERVED TIME   RECORD YEAR NORMAL DEPARTURE LAST
                VALUE   (LST)  VALUE       VALUE  FROM      YEAR
                                                  NORMAL
..................................................................
TEMPERATURE (F)
 YESTERDAY
  MAXIMUM         58R   135 PM  56    1980  31     27       54
  MINIMUM         34   1159 PM  -8    1962  18     16       26
  AVERAGE         46                        24     22       40

PRECIPITATION (IN)
  YESTERDAY        0.31          0.70 1895   0.08   0.23     0.53
  MONTH TO DATE    0.87                      0.91  -0.04     1.67
  SINCE DEC 1      2.23                      3.52  -1.29     3.66
  SINCE JAN 1      0.87                      0.91  -0.04     1.67

SNOWFALL (IN)
  YESTERDAY        0.0           6.6  1981   0.7   -0.7      0.0
  MONTH TO DATE   14.0                       7.0    7.0      3.8
  SINCE DEC 1     46.4                      24.3   22.1     27.5
  SINCE JUL 1     46.4                      29.5   16.9     28.0
  SNOW DEPTH       0

DEGREE DAYS
 HEATING
  YESTERDAY       19                        41    -22       25
  MONTH TO DATE  516                       443     73      453
  SINCE DEC 1   1737                      1565    172     1674
  SINCE JUL 1   2920                      2834     86     2575

 COOLING
  YESTERDAY        0                         0      0        0
  MONTH TO DATE    0                         0      0        0
  SINCE DEC 1      0                         0      0        0
  SINCE JAN 1      0                         0      0        0
..................................................................


WIND (MPH)
  HIGHEST WIND SPEED    26   HIGHEST WIND DIRECTION     S (190)
  HIGHEST GUST SPEED    35   HIGHEST GUST DIRECTION     S (190)
  AVERAGE WIND SPEED    17.5


SKY COVER
  AVERAGE SKY COVER 1.0


WEATHER CONDITIONS
 THE FOLLOWING WEATHER WAS RECORDED YESTERDAY.
  HEAVY RAIN
  RAIN
  LIGHT RAIN
  FOG


RELATIVE HUMIDITY (PERCENT)
 HIGHEST   100           500 PM
 LOWEST     86          1000 AM
 AVERAGE    93

..........................................................


THE SOUTH BEND CLIMATE NORMALS FOR TODAY
                         NORMAL    RECORD    YEAR
 MAXIMUM TEMPERATURE (F)   31        62      2005
 MINIMUM TEMPERATURE (F)   17       -19      1918


SUNRISE AND SUNSET
JANUARY 12 2018.......SUNRISE   811 AM EST   SUNSET   537 PM EST
JANUARY 13 2018.......SUNRISE   811 AM EST   SUNSET   538 PM EST


-  INDICATES NEGATIVE NUMBERS.
R  INDICATES RECORD WAS SET OR TIED.
MM INDICATES DATA IS MISSING.
T  INDICATES TRACE AMOUNT.




$$
