569
CDUS43 KIWX 250523
CLISBN


CLIMATE REPORT
NATIONAL WEATHER SERVICE NORTHERN INDIANA
122 AM EDT MON APR 25 2016


...................................

...THE SOUTH BEND CLIMATE SUMMARY FOR APRIL 24 2016...

CLIMATE NORMAL PERIOD 1981 TO 2010
CLIMATE RECORD PERIOD 1893 TO 2016


WEATHER ITEM   OBSERVED TIME   RECORD YEAR NORMAL DEPARTURE LAST
                VALUE   (LST)  VALUE       VALUE  FROM      YEAR
                                                  NORMAL
..................................................................
TEMPERATURE (F)
 YESTERDAY
  MAXIMUM         73    518 PM  85    2009  63     10       61
                                      1994
                                      1990
  MINIMUM         43    554 AM  25    1930  42      1       29
  AVERAGE         58                        52      6       45

PRECIPITATION (IN)
  YESTERDAY        0.00          1.64 1976   0.11  -0.11     0.07
  MONTH TO DATE    3.45                      2.55   0.90     2.14
  SINCE MAR 1      7.62                      4.97   2.65     2.92
  SINCE JAN 1     11.40                      9.21   2.19     6.82

SNOWFALL (IN)
  YESTERDAY        0.0           1.4  1968   0.0    0.0      0.0
  MONTH TO DATE    4.1                       1.3    2.8       T
  SINCE MAR 1     10.9                       8.4    2.5      6.1
  SINCE JUL 1     70.2                      66.5    3.7     83.9
  SNOW DEPTH       0

DEGREE DAYS
 HEATING
  YESTERDAY        7                        13     -6       20
  MONTH TO DATE  445                       416     29      322
  SINCE MAR 1   1135                      1271   -136     1264
  SINCE JUL 1   5265                      5960   -695     6361

 COOLING
  YESTERDAY        0                         0      0        0
  MONTH TO DATE    0                         0      0        2
  SINCE MAR 1      0                         1     -1        2
  SINCE JAN 1      0                         1     -1        2
..................................................................


WIND (MPH)
  HIGHEST WIND SPEED    16   HIGHEST WIND DIRECTION     S (200)
  HIGHEST GUST SPEED    21   HIGHEST GUST DIRECTION     S (200)
  AVERAGE WIND SPEED     9.0


SKY COVER
  AVERAGE SKY COVER 0.1


WEATHER CONDITIONS
 THE FOLLOWING WEATHER WAS RECORDED YESTERDAY.
  NO SIGNIFICANT WEATHER WAS OBSERVED.


RELATIVE HUMIDITY (PERCENT)
 HIGHEST    76           600 AM
 LOWEST     44           300 PM
 AVERAGE    60

..........................................................


THE SOUTH BEND CLIMATE NORMALS FOR TODAY
                         NORMAL    RECORD    YEAR
 MAXIMUM TEMPERATURE (F)   63        87      1990
 MINIMUM TEMPERATURE (F)   42        23      1919


SUNRISE AND SUNSET
APRIL 25 2016.........SUNRISE   649 AM EDT   SUNSET   837 PM EDT
APRIL 26 2016.........SUNRISE   648 AM EDT   SUNSET   839 PM EDT


-  INDICATES NEGATIVE NUMBERS.
R  INDICATES RECORD WAS SET OR TIED.
MM INDICATES DATA IS MISSING.
T  INDICATES TRACE AMOUNT.




$$
