000
CDUS43 KIWX 170533
CLISBN


CLIMATE REPORT
NATIONAL WEATHER SERVICE NORTHERN INDIANA
131 AM EDT TUE MAY 17 2016


...................................

...THE SOUTH BEND CLIMATE SUMMARY FOR MAY 16 2016...

CLIMATE NORMAL PERIOD 1981 TO 2010
CLIMATE RECORD PERIOD 1893 TO 2016


WEATHER ITEM   OBSERVED TIME   RECORD YEAR NORMAL DEPARTURE LAST
                VALUE   (LST)  VALUE       VALUE  FROM      YEAR
                                                  NORMAL
..................................................................
TEMPERATURE (F)
 YESTERDAY
  MAXIMUM         68    138 PM  89    1962  70     -2       78
                                      1900
  MINIMUM         38    539 AM  30    1904  49    -11       64
  AVERAGE         53                        59     -6       71

PRECIPITATION (IN)
  YESTERDAY        0.00          1.90 1996   0.12  -0.12     0.13
  MONTH TO DATE    2.37                      1.89   0.48     3.02
  SINCE MAR 1     11.21                      7.54   3.67     6.20
  SINCE JAN 1     14.99                     11.78   3.21    10.10

SNOWFALL (IN)
  YESTERDAY        0.0           0.0  2002   0.0    0.0      0.0
                                      2001
  MONTH TO DATE    0.0                       0.0    0.0      0.0
  SINCE MAR 1     10.9                       8.5    2.4      6.1
  SINCE JUL 1     70.2                      66.6    3.6     83.9
  SNOW DEPTH       0

DEGREE DAYS
 HEATING
  YESTERDAY       12                         7      5        0
  MONTH TO DATE  204                       144     60       65
  SINCE MAR 1   1418                      1486    -68     1440
  SINCE JUL 1   5548                      6175   -627     6537

 COOLING
  YESTERDAY        0                         1     -1        6
  MONTH TO DATE    0                        14    -14       36
  SINCE MAR 1      4                        24    -20       38
  SINCE JAN 1      4                        24    -20       38
..................................................................


WIND (MPH)
  HIGHEST WIND SPEED    23   HIGHEST WIND DIRECTION     W (260)
  HIGHEST GUST SPEED    30   HIGHEST GUST DIRECTION     W (250)
  AVERAGE WIND SPEED    13.1


SKY COVER
  AVERAGE SKY COVER 0.2


WEATHER CONDITIONS
 THE FOLLOWING WEATHER WAS RECORDED YESTERDAY.
  NO SIGNIFICANT WEATHER WAS OBSERVED.


RELATIVE HUMIDITY (PERCENT)
 HIGHEST    76           500 AM
 LOWEST     37           300 PM
 AVERAGE    57

..........................................................


THE SOUTH BEND CLIMATE NORMALS FOR TODAY
                         NORMAL    RECORD    YEAR
 MAXIMUM TEMPERATURE (F)   70        92      1962
 MINIMUM TEMPERATURE (F)   49        30      1973


SUNRISE AND SUNSET
MAY 17 2016...........SUNRISE   623 AM EDT   SUNSET   901 PM EDT
MAY 18 2016...........SUNRISE   622 AM EDT   SUNSET   902 PM EDT


-  INDICATES NEGATIVE NUMBERS.
R  INDICATES RECORD WAS SET OR TIED.
MM INDICATES DATA IS MISSING.
T  INDICATES TRACE AMOUNT.




$$
