000
CDUS43 KIWX 170524
CLISBN


CLIMATE REPORT
NATIONAL WEATHER SERVICE NORTHERN INDIANA
122 AM EDT SUN SEP 17 2017


...................................

...THE SOUTH BEND CLIMATE SUMMARY FOR SEPTEMBER 16 2017...

CLIMATE NORMAL PERIOD 1981 TO 2010
CLIMATE RECORD PERIOD 1893 TO 2017


WEATHER ITEM   OBSERVED TIME   RECORD YEAR NORMAL DEPARTURE LAST
                VALUE   (LST)  VALUE       VALUE  FROM      YEAR
                                                  NORMAL
..................................................................
TEMPERATURE (F)
 YESTERDAY
  MAXIMUM         84    401 PM  93    1927  74     10       83
  MINIMUM         62    635 AM  34    1916  54      8       57
  AVERAGE         73                        64      9       70

PRECIPITATION (IN)
  YESTERDAY        0.00          1.49 1980   0.11  -0.11     0.00
                                      1931
  MONTH TO DATE    1.11                      1.87  -0.76     1.16
  SINCE SEP 1      1.11                      1.87  -0.76     1.16
  SINCE JAN 1     28.70                     27.14   1.56    35.57

DEGREE DAYS
 HEATING
  YESTERDAY        0                         4     -4        0
  MONTH TO DATE   67                        33     34        4
  SINCE SEP 1     67                        33     34        4
  SINCE JUL 1     88                        51     37       12

 COOLING
  YESTERDAY        8                         2      6        5
  MONTH TO DATE   18                        60    -42       76
  SINCE SEP 1     18                        60    -42       76
  SINCE JAN 1    570                       742   -172      885
..................................................................


WIND (MPH)
  HIGHEST WIND SPEED    13   HIGHEST WIND DIRECTION     S (170)
  HIGHEST GUST SPEED    15   HIGHEST GUST DIRECTION     S (170)
  AVERAGE WIND SPEED     6.8


SKY COVER
  AVERAGE SKY COVER 0.1


WEATHER CONDITIONS
 THE FOLLOWING WEATHER WAS RECORDED YESTERDAY.
  NO SIGNIFICANT WEATHER WAS OBSERVED.


RELATIVE HUMIDITY (PERCENT)
 HIGHEST    93           600 AM
 LOWEST     51           300 PM
 AVERAGE    72

..........................................................


THE SOUTH BEND CLIMATE NORMALS FOR TODAY
                         NORMAL    RECORD    YEAR
 MAXIMUM TEMPERATURE (F)   74        94      1927
 MINIMUM TEMPERATURE (F)   53        35      1959


SUNRISE AND SUNSET
SEPTEMBER 17 2017.....SUNRISE   728 AM EDT   SUNSET   751 PM EDT
SEPTEMBER 18 2017.....SUNRISE   729 AM EDT   SUNSET   749 PM EDT


-  INDICATES NEGATIVE NUMBERS.
R  INDICATES RECORD WAS SET OR TIED.
MM INDICATES DATA IS MISSING.
T  INDICATES TRACE AMOUNT.




$$
