000
CDUS43 KIWX 080024
CLISBN


CLIMATE REPORT
NATIONAL WEATHER SERVICE NORTHERN INDIANA
723 PM EST SUN JAN 7 2018


...................................

...THE SOUTH BEND CLIMATE SUMMARY FOR JANUARY 7 2018...
VALID AS OF 0700 PM LOCAL TIME.

CLIMATE NORMAL PERIOD 1981 TO 2010
CLIMATE RECORD PERIOD 1893 TO 2018


WEATHER ITEM   OBSERVED TIME   RECORD YEAR NORMAL DEPARTURE LAST
                VALUE   (LST)  VALUE       VALUE  FROM      YEAR
                                                  NORMAL
..................................................................
TEMPERATURE (F)
 TODAY
  MAXIMUM         29    659 PM  65    2008  31     -2       16
  MINIMUM          4    124 AM -16    1912  18    -14       -4
  AVERAGE         17                        25     -8        6

PRECIPITATION (IN)
  TODAY            T             1.42 2008   0.08  -0.08     0.03
  MONTH TO DATE    0.40                      0.59  -0.19     0.77
  SINCE DEC 1      1.76                      3.20  -1.44     2.76
  SINCE JAN 1      0.40                      0.59  -0.19     0.77

SNOWFALL (IN)
  TODAY            T            10.6  2011   0.6   -0.6      0.5
  MONTH TO DATE   13.0                       4.4    8.6      2.7
  SINCE DEC 1     45.4                      21.7   23.7     26.4
  SINCE JUL 1     45.4                      26.9   18.5     26.9
  SNOW DEPTH       9

DEGREE DAYS
 HEATING
  TODAY           48                        40      8       59
  MONTH TO DATE  400                       280    120      309
  SINCE DEC 1   1621                      1402    219     1530
  SINCE JUL 1   2804                      2671    133     2431

 COOLING
  TODAY            0                         0      0        0
  MONTH TO DATE    0                         0      0        0
  SINCE DEC 1      0                         0      0        0
  SINCE JAN 1      0                         0      0        0
..................................................................


WIND (MPH)
  RESULTANT WIND SPEED  12   RESULTANT WIND DIRECTION   S (180)
  HIGHEST WIND SPEED    21   HIGHEST WIND DIRECTION     S (190)
  HIGHEST GUST SPEED    28   HIGHEST GUST DIRECTION     S (190)
  AVERAGE WIND SPEED    12.6


SKY COVER
  POSSIBLE SUNSHINE  MM
  AVERAGE SKY COVER 0.8


WEATHER CONDITIONS
 THE FOLLOWING WEATHER WAS RECORDED TODAY.
  LIGHT SNOW
  FOG
  HAZE


RELATIVE HUMIDITY (PERCENT)
 HIGHEST    80           900 AM
 LOWEST     60           300 PM
 AVERAGE    70

..........................................................


THE SOUTH BEND CLIMATE NORMALS FOR TOMORROW
                         NORMAL    RECORD    YEAR
 MAXIMUM TEMPERATURE (F)   31        61      1965
 MINIMUM TEMPERATURE (F)   18       -16      1912


SUNRISE AND SUNSET
JANUARY  7 2018.......SUNRISE   812 AM EST   SUNSET   531 PM EST
JANUARY  8 2018.......SUNRISE   812 AM EST   SUNSET   532 PM EST


-  INDICATES NEGATIVE NUMBERS.
R  INDICATES RECORD WAS SET OR TIED.
MM INDICATES DATA IS MISSING.
T  INDICATES TRACE AMOUNT.




$$
