000
CDUS43 KIWX 200022
CLISBN


CLIMATE REPORT
NATIONAL WEATHER SERVICE NORTHERN INDIANA
822 PM EDT MON SEP 19 2016


...................................

...THE SOUTH BEND CLIMATE SUMMARY FOR SEPTEMBER 19 2016...
VALID AS OF 0800 PM LOCAL TIME.

CLIMATE NORMAL PERIOD 1981 TO 2010
CLIMATE RECORD PERIOD 1893 TO 2016


WEATHER ITEM   OBSERVED TIME   RECORD YEAR NORMAL DEPARTURE LAST
                VALUE   (LST)  VALUE       VALUE  FROM      YEAR
                                                  NORMAL
..................................................................
TEMPERATURE (F)
 TODAY
  MAXIMUM         83    401 PM  95    1906  73     10       69
  MINIMUM         53    624 AM  34    1929  52      1       49
  AVERAGE         68                        63      5       59

PRECIPITATION (IN)
  TODAY            0.00          3.44 2013   0.12  -0.12     1.29
  MONTH TO DATE    3.05                      2.22   0.83     4.05
  SINCE SEP 1      3.05                      2.22   0.83     4.05
  SINCE JAN 1     37.46                     27.49   9.97    28.32

SNOWFALL (IN)
  TODAY            0.0           0.0  2002   0.0    0.0      0.0
                                      2001
  MONTH TO DATE    0.0                       0.0    0.0      0.0
  SINCE SEP 1      0.0                       0.0    0.0      0.0
  SINCE JUL 1      0.0                       0.0    0.0      0.0
  SNOW DEPTH       0

DEGREE DAYS
 HEATING
  TODAY            0                         4     -4        6
  MONTH TO DATE    4                        45    -41       34
  SINCE SEP 1      4                        45    -41       34
  SINCE JUL 1     12                        63    -51       59

 COOLING
  TODAY            3                         2      1        0
  MONTH TO DATE   87                        66     21      124
  SINCE SEP 1     87                        66     21      124
  SINCE JAN 1    896                       748    148      769
..................................................................


WIND (MPH)
  RESULTANT WIND SPEED   5   RESULTANT WIND DIRECTION   S (200)
  HIGHEST WIND SPEED    16   HIGHEST WIND DIRECTION     S (180)
  HIGHEST GUST SPEED    19   HIGHEST GUST DIRECTION    SW (230)
  AVERAGE WIND SPEED     4.9


SKY COVER
  POSSIBLE SUNSHINE  MM
  AVERAGE SKY COVER 0.0


WEATHER CONDITIONS
 THE FOLLOWING WEATHER WAS RECORDED TODAY.
  FOG


RELATIVE HUMIDITY (PERCENT)
 HIGHEST   100           200 AM
 LOWEST     40           500 PM
 AVERAGE    70

..........................................................


THE SOUTH BEND CLIMATE NORMALS FOR TOMORROW
                         NORMAL    RECORD    YEAR
 MAXIMUM TEMPERATURE (F)   72        95      1908
 MINIMUM TEMPERATURE (F)   52        34      1937
                                             1897


SUNRISE AND SUNSET
SEPTEMBER 19 2016.....SUNRISE   730 AM EDT   SUNSET   747 PM EDT
SEPTEMBER 20 2016.....SUNRISE   731 AM EDT   SUNSET   745 PM EDT


-  INDICATES NEGATIVE NUMBERS.
R  INDICATES RECORD WAS SET OR TIED.
MM INDICATES DATA IS MISSING.
T  INDICATES TRACE AMOUNT.




$$
