000
CDUS43 KIWX 190531
CLISBN


CLIMATE REPORT
NATIONAL WEATHER SERVICE NORTHERN INDIANA
130 AM EDT TUE APR 19 2016


...................................

...THE SOUTH BEND CLIMATE SUMMARY FOR APRIL 18 2016...

CLIMATE NORMAL PERIOD 1981 TO 2010
CLIMATE RECORD PERIOD 1893 TO 2016


WEATHER ITEM   OBSERVED TIME   RECORD YEAR NORMAL DEPARTURE LAST
                VALUE   (LST)  VALUE       VALUE  FROM      YEAR
                                                  NORMAL
..................................................................
TEMPERATURE (F)
 YESTERDAY
  MAXIMUM         82    300 PM  87    2004  61     21       80
  MINIMUM         46    604 AM  23    1926  40      6       53
  AVERAGE         64                        50     14       67

PRECIPITATION (IN)
  YESTERDAY        0.00          1.95 1975   0.11  -0.11     0.00
  MONTH TO DATE    2.23                      1.90   0.33     1.29
  SINCE MAR 1      6.40                      4.32   2.08     2.07
  SINCE JAN 1     10.18                      8.56   1.62     5.97

SNOWFALL (IN)
  YESTERDAY        0.0           1.5  1989   0.1   -0.1      0.0
  MONTH TO DATE    4.1                       1.2    2.9      0.0
  SINCE MAR 1     10.9                       8.3    2.6      6.1
  SINCE JUL 1     70.2                      66.4    3.8     83.9
  SNOW DEPTH       0

DEGREE DAYS
 HEATING
  YESTERDAY        1                        15    -14        0
  MONTH TO DATE  397                       331     66      213
  SINCE MAR 1   1087                      1186    -99     1155
  SINCE JUL 1   5217                      5875   -658     6252

 COOLING
  YESTERDAY        0                         0      0        2
  MONTH TO DATE    0                         0      0        2
  SINCE MAR 1      0                         1     -1        2
  SINCE JAN 1      0                         1     -1        2
..................................................................


WIND (MPH)
  HIGHEST WIND SPEED    14   HIGHEST WIND DIRECTION    NW (310)
  HIGHEST GUST SPEED    17   HIGHEST GUST DIRECTION    NW (320)
  AVERAGE WIND SPEED     2.9


SKY COVER
  AVERAGE SKY COVER 0.0


WEATHER CONDITIONS
 THE FOLLOWING WEATHER WAS RECORDED YESTERDAY.
  NO SIGNIFICANT WEATHER WAS OBSERVED.


RELATIVE HUMIDITY (PERCENT)
 HIGHEST    76           600 AM
 LOWEST     24           300 PM
 AVERAGE    50

..........................................................


THE SOUTH BEND CLIMATE NORMALS FOR TODAY
                         NORMAL    RECORD    YEAR
 MAXIMUM TEMPERATURE (F)   61        84      1985
 MINIMUM TEMPERATURE (F)   40        20      1926


SUNRISE AND SUNSET
APRIL 19 2016.........SUNRISE   658 AM EDT   SUNSET   831 PM EDT
APRIL 20 2016.........SUNRISE   657 AM EDT   SUNSET   832 PM EDT


-  INDICATES NEGATIVE NUMBERS.
R  INDICATES RECORD WAS SET OR TIED.
MM INDICATES DATA IS MISSING.
T  INDICATES TRACE AMOUNT.




$$
