368
CDUS43 KIWX 180523
CLISBN


CLIMATE REPORT
NATIONAL WEATHER SERVICE NORTHERN INDIANA
122 AM EDT TUE JUL 18 2017


...................................

...THE SOUTH BEND CLIMATE SUMMARY FOR JULY 17 2017...

CLIMATE NORMAL PERIOD 1981 TO 2010
CLIMATE RECORD PERIOD 1893 TO 2017


WEATHER ITEM   OBSERVED TIME   RECORD YEAR NORMAL DEPARTURE LAST
                VALUE   (LST)  VALUE       VALUE  FROM      YEAR
                                                  NORMAL
..................................................................
TEMPERATURE (F)
 YESTERDAY
  MAXIMUM         82    454 PM 100    1901  83     -1       83
  MINIMUM         54    417 AM  46    1896  63     -9       54
  AVERAGE         68                        73     -5       69

PRECIPITATION (IN)
  YESTERDAY        0.00          1.85 2015   0.13  -0.13     0.03
  MONTH TO DATE    1.91                      2.14  -0.23     0.84
  SINCE JUN 1      4.33                      5.93  -1.60     4.09
  SINCE JAN 1     23.56                     19.65   3.91    19.20

DEGREE DAYS
 HEATING
  YESTERDAY        0                         0      0        0
  MONTH TO DATE    1                         0      1        8
  SINCE JUN 1     26                        44    -18       43
  SINCE JUL 1      1                         0      1        8

 COOLING
  YESTERDAY        3                         8     -5        4
  MONTH TO DATE  109                       136    -27      114
  SINCE JUN 1    282                       301    -19      290
  SINCE JAN 1    322                       357    -35      359
..................................................................


WIND (MPH)
  HIGHEST WIND SPEED    14   HIGHEST WIND DIRECTION    NW (310)
  HIGHEST GUST SPEED    16   HIGHEST GUST DIRECTION    NW (310)
  AVERAGE WIND SPEED     3.3


SKY COVER
  AVERAGE SKY COVER 0.1


WEATHER CONDITIONS
 THE FOLLOWING WEATHER WAS RECORDED YESTERDAY.
  FOG


RELATIVE HUMIDITY (PERCENT)
 HIGHEST   100           100 AM
 LOWEST     51           400 PM
 AVERAGE    76

..........................................................


THE SOUTH BEND CLIMATE NORMALS FOR TODAY
                         NORMAL    RECORD    YEAR
 MAXIMUM TEMPERATURE (F)   83       100      1930
 MINIMUM TEMPERATURE (F)   63        49      1937
                                             1925


SUNRISE AND SUNSET
JULY 18 2017..........SUNRISE   627 AM EDT   SUNSET   916 PM EDT
JULY 19 2017..........SUNRISE   628 AM EDT   SUNSET   915 PM EDT


-  INDICATES NEGATIVE NUMBERS.
R  INDICATES RECORD WAS SET OR TIED.
MM INDICATES DATA IS MISSING.
T  INDICATES TRACE AMOUNT.




$$
