000
CDUS43 KIWX 040525
CLISBN


CLIMATE REPORT
NATIONAL WEATHER SERVICE NORTHERN INDIANA
1225 AM EST SUN DEC 4 2016


...................................

...THE SOUTH BEND CLIMATE SUMMARY FOR DECEMBER 3 2016...

CLIMATE NORMAL PERIOD 1981 TO 2010
CLIMATE RECORD PERIOD 1893 TO 2016


WEATHER ITEM   OBSERVED TIME   RECORD YEAR NORMAL DEPARTURE LAST
                VALUE   (LST)  VALUE       VALUE  FROM      YEAR
                                                  NORMAL
..................................................................
TEMPERATURE (F)
 YESTERDAY
  MAXIMUM         36    351 PM  67    1998  39     -3       38
  MINIMUM         32   1159 PM  -5    1942  27      5       31
  AVERAGE         34                        33      1       35

PRECIPITATION (IN)
  YESTERDAY        0.00          1.01 1982   0.09  -0.09      T
  MONTH TO DATE    0.02                      0.28  -0.26     0.13
  SINCE DEC 1      0.02                      0.28  -0.26     0.13
  SINCE JAN 1     44.63                     35.67   8.96    32.31

SNOWFALL (IN)
  YESTERDAY        0.0           8.6  1989   0.4   -0.4       T
  MONTH TO DATE    T                         1.1   -1.1      0.1
  SINCE DEC 1      T                         1.1   -1.1      0.1
  SINCE JUL 1      0.5                       6.3   -5.8      9.2
  SNOW DEPTH       0

DEGREE DAYS
 HEATING
  YESTERDAY       31                        32     -1       30
  MONTH TO DATE   88                        95     -7       90
  SINCE DEC 1     88                        95     -7       90
  SINCE JUL 1    989                      1364   -375     1157

 COOLING
  YESTERDAY        0                         0      0        0
  MONTH TO DATE    0                         0      0        0
  SINCE DEC 1      0                         0      0        0
  SINCE JAN 1    950                       773    177      784
..................................................................


WIND (MPH)
  HIGHEST WIND SPEED    10   HIGHEST WIND DIRECTION     W (290)
  HIGHEST GUST SPEED    12   HIGHEST GUST DIRECTION     W (290)
  AVERAGE WIND SPEED     5.1


SKY COVER
  AVERAGE SKY COVER 1.0


WEATHER CONDITIONS
 THE FOLLOWING WEATHER WAS RECORDED YESTERDAY.
  NO SIGNIFICANT WEATHER WAS OBSERVED.


RELATIVE HUMIDITY (PERCENT)
 HIGHEST    82           300 AM
 LOWEST     64          1200 PM
 AVERAGE    73

..........................................................


THE SOUTH BEND CLIMATE NORMALS FOR TODAY
                         NORMAL    RECORD    YEAR
 MAXIMUM TEMPERATURE (F)   39        64      2012
                                             1998
 MINIMUM TEMPERATURE (F)   26         1      1893


SUNRISE AND SUNSET
DECEMBER  4 2016......SUNRISE   756 AM EST   SUNSET   515 PM EST
DECEMBER  5 2016......SUNRISE   757 AM EST   SUNSET   515 PM EST


-  INDICATES NEGATIVE NUMBERS.
R  INDICATES RECORD WAS SET OR TIED.
MM INDICATES DATA IS MISSING.
T  INDICATES TRACE AMOUNT.




$$
