000
CDUS43 KIWX 142123
CLISBN


CLIMATE REPORT
NATIONAL WEATHER SERVICE NORTHERN INDIANA
422 PM EST SUN JAN 14 2018


...................................

...THE SOUTH BEND CLIMATE SUMMARY FOR JANUARY 14 2018...
VALID TODAY AS OF 0400 PM LOCAL TIME.

CLIMATE NORMAL PERIOD 1981 TO 2010
CLIMATE RECORD PERIOD 1893 TO 2018


WEATHER ITEM   OBSERVED TIME   RECORD YEAR NORMAL DEPARTURE LAST
                VALUE   (LST)  VALUE       VALUE  FROM      YEAR
                                                  NORMAL
..................................................................
TEMPERATURE (F)
 TODAY
  MAXIMUM         16    359 PM  60    1928  31    -15       31
  MINIMUM         -1    330 AM -10    1929  17    -18       18
                                      1917
  AVERAGE          8                        24    -16       25

PRECIPITATION (IN)
  TODAY            0.00          0.80 1911   0.08  -0.08     0.00
  MONTH TO DATE    1.08                      1.14  -0.06     1.82
  SINCE DEC 1      2.44                      3.75  -1.31     3.81
  SINCE JAN 1      1.08                      1.14  -0.06     1.82

SNOWFALL (IN)
  TODAY            0.0           6.0         0.7   -0.7      0.0
  MONTH TO DATE   15.7                       9.0    6.7      3.8
  SINCE DEC 1     48.1                      26.3   21.8     27.5
  SINCE JUL 1     48.1                      31.5   16.6     28.0
  SNOW DEPTH       0

DEGREE DAYS
 HEATING
  TODAY           57                        41     16       40
  MONTH TO DATE  664                       566     98      569
  SINCE DEC 1   1885                      1688    197     1790
  SINCE JUL 1   3068                      2957    111     2691

 COOLING
  TODAY            0                         0      0        0
  MONTH TO DATE    0                         0      0        0
  SINCE DEC 1      0                         0      0        0
  SINCE JAN 1      0                         0      0        0
..................................................................


WIND (MPH)
  HIGHEST WIND SPEED    16   HIGHEST WIND DIRECTION     S (200)
  HIGHEST GUST SPEED    21   HIGHEST GUST DIRECTION     S (200)
  AVERAGE WIND SPEED     5.4


SKY COVER
  POSSIBLE SUNSHINE  MM
  AVERAGE SKY COVER 0.1


WEATHER CONDITIONS
 THE FOLLOWING WEATHER WAS RECORDED TODAY.
  FOG
  HAZE


RELATIVE HUMIDITY (PERCENT)
 HIGHEST    87           400 AM
 LOWEST     53           200 PM
 AVERAGE    70

..........................................................


THE SOUTH BEND CLIMATE NORMALS FOR TOMORROW
                         NORMAL    RECORD    YEAR
 MAXIMUM TEMPERATURE (F)   31        61      1932
 MINIMUM TEMPERATURE (F)   17       -15      2009
                                             1994


SUNRISE AND SUNSET
JANUARY 14 2018.......SUNRISE   810 AM EST   SUNSET   539 PM EST
JANUARY 15 2018.......SUNRISE   810 AM EST   SUNSET   540 PM EST


-  INDICATES NEGATIVE NUMBERS.
R  INDICATES RECORD WAS SET OR TIED.
MM INDICATES DATA IS MISSING.
T  INDICATES TRACE AMOUNT.




$$
