000
CDUS43 KIWX 220523
CLISBN


CLIMATE REPORT
NATIONAL WEATHER SERVICE NORTHERN INDIANA
123 AM EDT SUN MAR 22 2015


...................................

...THE SOUTH BEND CLIMATE SUMMARY FOR MARCH 21 2015...

CLIMATE NORMAL PERIOD 1981 TO 2010
CLIMATE RECORD PERIOD 1893 TO 2015


WEATHER ITEM   OBSERVED TIME   RECORD YEAR NORMAL DEPARTURE LAST
                VALUE   (LST)  VALUE       VALUE  FROM      YEAR
                                                  NORMAL
..................................................................
TEMPERATURE (F)
 YESTERDAY
  MAXIMUM         50   1236 PM  85    2012  49      1       53
  MINIMUM         27   1115 PM  10    1965  30     -3       28
  AVERAGE         39                        39      0       41

PRECIPITATION (IN)
  YESTERDAY        0.00          1.37 1948   0.08  -0.08     0.07
  MONTH TO DATE    0.14                      1.60  -1.46     1.47
  SINCE MAR 1      0.14                      1.60  -1.46     1.47
  SINCE JAN 1      4.04                      5.84  -1.80     7.41

SNOWFALL (IN)
  YESTERDAY        0.0           5.5  1924   0.2   -0.2      1.0
  MONTH TO DATE    1.4                       5.8   -4.4     10.7
  SINCE MAR 1      1.4                       5.8   -4.4     10.7
  SINCE JUL 1     79.2                      63.9   15.3    104.7
  SNOW DEPTH       0

DEGREE DAYS
 HEATING
  YESTERDAY       26                        26      0       24
  MONTH TO DATE  635                       619     16      771
  SINCE MAR 1    635                       619     16      771
  SINCE JUL 1   5732                      5308    424     5954

 COOLING
  YESTERDAY        0                         0      0        0
  MONTH TO DATE    0                         0      0        0
  SINCE MAR 1      0                         0      0        0
  SINCE JAN 1      0                         0      0        0
..................................................................


WIND (MPH)
  HIGHEST WIND SPEED    23   HIGHEST WIND DIRECTION     N (340)
  HIGHEST GUST SPEED    29   HIGHEST GUST DIRECTION     N (340)
  AVERAGE WIND SPEED    12.1


SKY COVER
  AVERAGE SKY COVER 0.5


WEATHER CONDITIONS
 THE FOLLOWING WEATHER WAS RECORDED YESTERDAY.
  FOG
  HAZE


RELATIVE HUMIDITY (PERCENT)
 HIGHEST    92           400 AM
 LOWEST     43           600 PM
 AVERAGE    68

..........................................................


THE SOUTH BEND CLIMATE NORMALS FOR TODAY
                         NORMAL    RECORD    YEAR
 MAXIMUM TEMPERATURE (F)   49        83      2012
 MINIMUM TEMPERATURE (F)   30         9      1906


SUNRISE AND SUNSET
MARCH 22 2015.........SUNRISE   746 AM EDT   SUNSET   759 PM EDT
MARCH 23 2015.........SUNRISE   744 AM EDT   SUNSET   801 PM EDT


-  INDICATES NEGATIVE NUMBERS.
R  INDICATES RECORD WAS SET OR TIED.
MM INDICATES DATA IS MISSING.
T  INDICATES TRACE AMOUNT.




$$
