000
CDUS43 KIWX 170022
CLISBN


CLIMATE REPORT
NATIONAL WEATHER SERVICE NORTHERN INDIANA
722 PM EST THU FEB 16 2017


...................................

...THE SOUTH BEND CLIMATE SUMMARY FOR FEBRUARY 16 2017...
VALID AS OF 0700 PM LOCAL TIME.

CLIMATE NORMAL PERIOD 1981 TO 2010
CLIMATE RECORD PERIOD 1893 TO 2017


WEATHER ITEM   OBSERVED TIME   RECORD YEAR NORMAL DEPARTURE LAST
                VALUE   (LST)  VALUE       VALUE  FROM      YEAR
                                                  NORMAL
..................................................................
TEMPERATURE (F)
 TODAY
  MAXIMUM         36    444 PM  60    1921  35      1       31
  MINIMUM         24    513 AM -10    1905  21      3       26
  AVERAGE         30                        28      2       29

PRECIPITATION (IN)
  TODAY            0.00          1.14 1954   0.06  -0.06     0.03
  MONTH TO DATE    1.46                      1.04   0.42     1.13
  SINCE DEC 1      6.79                      5.94   0.85     6.85
  SINCE JAN 1      4.80                      3.33   1.47     2.73

SNOWFALL (IN)
  TODAY            0.0           4.5  1997   0.5   -0.5      0.6
                                      1993
  MONTH TO DATE    0.3                       9.3   -9.0     19.2
  SINCE DEC 1     33.1                      47.2  -14.1     39.3
  SINCE JUL 1     33.6                      52.4  -18.8     48.4
  SNOW DEPTH       0

DEGREE DAYS
 HEATING
  TODAY           35                        37     -2       36
  MONTH TO DATE  540                       621    -81      656
  SINCE DEC 1   2847                      3000   -153     2682
  SINCE JUL 1   3748                      4269   -521     3749

 COOLING
  TODAY            0                         0      0        0
  MONTH TO DATE    0                         0      0        0
  SINCE DEC 1      0                         0      0        0
  SINCE JAN 1      0                         0      0        0
..................................................................


WIND (MPH)
  RESULTANT WIND SPEED   2   RESULTANT WIND DIRECTION   S (180)
  HIGHEST WIND SPEED    15   HIGHEST WIND DIRECTION    SE (150)
  HIGHEST GUST SPEED    17   HIGHEST GUST DIRECTION    NW (330)
  AVERAGE WIND SPEED     6.4


SKY COVER
  POSSIBLE SUNSHINE  MM
  AVERAGE SKY COVER 0.6


WEATHER CONDITIONS
 THE FOLLOWING WEATHER WAS RECORDED TODAY.
  NO SIGNIFICANT WEATHER WAS OBSERVED.


RELATIVE HUMIDITY (PERCENT)
 HIGHEST    81           600 AM
 LOWEST     56           300 PM
 AVERAGE    69

..........................................................


THE SOUTH BEND CLIMATE NORMALS FOR TOMORROW
                         NORMAL    RECORD    YEAR
 MAXIMUM TEMPERATURE (F)   36        59      1911
 MINIMUM TEMPERATURE (F)   21        -8      1903


SUNRISE AND SUNSET
FEBRUARY 16 2017......SUNRISE   739 AM EST   SUNSET   620 PM EST
FEBRUARY 17 2017......SUNRISE   738 AM EST   SUNSET   621 PM EST


-  INDICATES NEGATIVE NUMBERS.
R  INDICATES RECORD WAS SET OR TIED.
MM INDICATES DATA IS MISSING.
T  INDICATES TRACE AMOUNT.




$$
