000
CDUS43 KIWX 190522
CLISBN


CLIMATE REPORT
NATIONAL WEATHER SERVICE NORTHERN INDIANA
1222 AM EST MON JAN 19 2015


...................................

...THE SOUTH BEND CLIMATE SUMMARY FOR JANUARY 18 2015...

CLIMATE NORMAL PERIOD 1981 TO 2010
CLIMATE RECORD PERIOD 1893 TO 2015


WEATHER ITEM   OBSERVED TIME   RECORD YEAR NORMAL DEPARTURE LAST
                VALUE   (LST)  VALUE       VALUE  FROM      YEAR
                                                  NORMAL
..................................................................
TEMPERATURE (F)
 YESTERDAY
  MAXIMUM         38    305 PM  62    1996  31      7       20
  MINIMUM         31    928 PM -20    1930  17     14        9
  AVERAGE         35                        24     11       15

PRECIPITATION (IN)
  YESTERDAY        0.01          1.70 1949   0.08  -0.07     0.12
  MONTH TO DATE    1.71                      1.44   0.27     2.35
  SINCE DEC 1      3.18                      4.05  -0.87     4.68
  SINCE JAN 1      1.71                      1.44   0.27     2.35

SNOWFALL (IN)
  YESTERDAY        T             4.1  1977   0.7   -0.7      1.7
  MONTH TO DATE   20.4                      11.7    8.7     23.7
  SINCE DEC 1     20.6                      29.0   -8.4     42.2
  SINCE JUL 1     39.9                      34.2    5.7     51.4
  SNOW DEPTH       4

DEGREE DAYS
 HEATING
  YESTERDAY       30                        41    -11       50
  MONTH TO DATE  835                       730    105      747
  SINCE DEC 1   1813                      1852    -39     1944
  SINCE JUL 1   3255                      3121    134     3233

 COOLING
  YESTERDAY        0                         0      0        0
  MONTH TO DATE    0                         0      0        0
  SINCE DEC 1      0                         0      0        0
  SINCE JAN 1      0                         0      0        0
..................................................................


WIND (MPH)
  HIGHEST WIND SPEED    17   HIGHEST WIND DIRECTION     W (280)
  HIGHEST GUST SPEED    23   HIGHEST GUST DIRECTION     W (270)
  AVERAGE WIND SPEED    11.3


SKY COVER
  AVERAGE SKY COVER 0.9


WEATHER CONDITIONS
 THE FOLLOWING WEATHER WAS RECORDED YESTERDAY.
  LIGHT SNOW
  FOG
  HAZE


RELATIVE HUMIDITY (PERCENT)
 HIGHEST    92           500 AM
 LOWEST     70           400 PM
 AVERAGE    81

..........................................................


THE SOUTH BEND CLIMATE NORMALS FOR TODAY
                         NORMAL    RECORD    YEAR
 MAXIMUM TEMPERATURE (F)   31        60      1907
 MINIMUM TEMPERATURE (F)   17       -21      1994


SUNRISE AND SUNSET
JANUARY 19 2015.......SUNRISE   808 AM EST   SUNSET   544 PM EST
JANUARY 20 2015.......SUNRISE   807 AM EST   SUNSET   545 PM EST


-  INDICATES NEGATIVE NUMBERS.
R  INDICATES RECORD WAS SET OR TIED.
MM INDICATES DATA IS MISSING.
T  INDICATES TRACE AMOUNT.




$$
