000
CDUS43 KIWX 130538
CLISBN


CLIMATE REPORT
NATIONAL WEATHER SERVICE NORTHERN INDIANA
137 AM EDT SAT MAY 13 2017


...................................

...THE SOUTH BEND CLIMATE SUMMARY FOR MAY 12 2017...

CLIMATE NORMAL PERIOD 1981 TO 2010
CLIMATE RECORD PERIOD 1893 TO 2017


WEATHER ITEM   OBSERVED TIME   RECORD YEAR NORMAL DEPARTURE LAST
                VALUE   (LST)  VALUE       VALUE  FROM      YEAR
                                                  NORMAL
..................................................................
TEMPERATURE (F)
 YESTERDAY
  MAXIMUM         70    242 PM  88    1985  69      1       70
  MINIMUM         41    527 AM  29    1928  47     -6       54
                                      1907
  AVERAGE         56                        58     -2       62

PRECIPITATION (IN)
  YESTERDAY        0.00          2.30 1905   0.12  -0.12     0.03
  MONTH TO DATE    2.78                      1.41   1.37     1.79
  SINCE MAR 1     10.10                      7.06   3.04    10.63
  SINCE JAN 1     17.09                     11.30   5.79    14.41

SNOWFALL (IN)
  YESTERDAY        0.0           0.0  2002   0.0    0.0      0.0
                                      2001
  MONTH TO DATE    0.0                       0.0    0.0      0.0
  SINCE MAR 1      8.5                       8.5    0.0     10.9
  SINCE JUL 1     42.2                      66.6  -24.4     70.2
  SNOW DEPTH       0

DEGREE DAYS
 HEATING
  YESTERDAY        9                         8      1        3
  MONTH TO DATE  192                       114     78      143
  SINCE MAR 1   1444                      1456    -12     1357
  SINCE JUL 1   5421                      6145   -724     5487

 COOLING
  YESTERDAY        0                         1     -1        0
  MONTH TO DATE    0                        10    -10        0
  SINCE MAR 1     11                        20     -9        4
  SINCE JAN 1     11                        20     -9        4
..................................................................


WIND (MPH)
  HIGHEST WIND SPEED    18   HIGHEST WIND DIRECTION    NW (330)
  HIGHEST GUST SPEED    23   HIGHEST GUST DIRECTION    NW (330)
  AVERAGE WIND SPEED     6.5


SKY COVER
  AVERAGE SKY COVER 0.2


WEATHER CONDITIONS
 THE FOLLOWING WEATHER WAS RECORDED YESTERDAY.
  NO SIGNIFICANT WEATHER WAS OBSERVED.


RELATIVE HUMIDITY (PERCENT)
 HIGHEST    96           400 AM
 LOWEST     45           300 PM
 AVERAGE    71

..........................................................


THE SOUTH BEND CLIMATE NORMALS FOR TODAY
                         NORMAL    RECORD    YEAR
 MAXIMUM TEMPERATURE (F)   69        88      1991
 MINIMUM TEMPERATURE (F)   48        30      2013
                                             1996
                                             1928


SUNRISE AND SUNSET
MAY 13 2017...........SUNRISE   627 AM EDT   SUNSET   856 PM EDT
MAY 14 2017...........SUNRISE   626 AM EDT   SUNSET   857 PM EDT


-  INDICATES NEGATIVE NUMBERS.
R  INDICATES RECORD WAS SET OR TIED.
MM INDICATES DATA IS MISSING.
T  INDICATES TRACE AMOUNT.




$$
