000
CDUS43 KIWX 170523
CLISBN


CLIMATE REPORT
NATIONAL WEATHER SERVICE NORTHERN INDIANA
123 AM EDT FRI OCT 17 2014


...................................

...THE SOUTH BEND CLIMATE SUMMARY FOR OCTOBER 16 2014...

CLIMATE NORMAL PERIOD 1981 TO 2010
CLIMATE RECORD PERIOD 1893 TO 2014


WEATHER ITEM   OBSERVED TIME   RECORD YEAR NORMAL DEPARTURE LAST
                VALUE   (LST)  VALUE       VALUE  FROM      YEAR
                                                  NORMAL
..................................................................
TEMPERATURE (F)
 YESTERDAY
  MAXIMUM         62   1110 AM  85    1963  62      0       60
  MINIMUM         48    302 AM  28    1944  42      6       45
  AVERAGE         55                        52      3       53

PRECIPITATION (IN)
  YESTERDAY        T             2.50 1993   0.11  -0.11     0.00
  MONTH TO DATE    4.87                      1.76   3.11     1.32
  SINCE SEP 1      7.58                      5.29   2.29     5.44
  SINCE JAN 1     35.79                     30.56   5.23    32.36

SNOWFALL (IN)
  YESTERDAY        0.0           0.3  1977   0.0    0.0      0.0
  MONTH TO DATE    0.0                       0.1   -0.1      0.0
  SINCE SEP 1      0.0                       0.1   -0.1      0.0
  SINCE JUL 1      0.0                       0.1   -0.1      0.0
  SNOW DEPTH       0

DEGREE DAYS
 HEATING
  YESTERDAY       10                        13     -3       12
  MONTH TO DATE  167                       173     -6       90
  SINCE SEP 1    287                       289     -2      181
  SINCE JUL 1    315                       307      8      210

 COOLING
  YESTERDAY        0                         0      0        0
  MONTH TO DATE    4                         8     -4       30
  SINCE SEP 1     78                        90    -12      148
  SINCE JAN 1    771                       772     -1      828
..................................................................


WIND (MPH)
  HIGHEST WIND SPEED    16   HIGHEST WIND DIRECTION    NW (300)
  HIGHEST GUST SPEED    20   HIGHEST GUST DIRECTION    NW (300)
  AVERAGE WIND SPEED     8.3


SKY COVER
  AVERAGE SKY COVER 0.9


WEATHER CONDITIONS
 THE FOLLOWING WEATHER WAS RECORDED YESTERDAY.
  FOG
  FOG W/VISIBILITY <= 1/4 MILE


RELATIVE HUMIDITY (PERCENT)
 HIGHEST   100          1200 AM
 LOWEST     72          1200 PM
 AVERAGE    86

..........................................................


THE SOUTH BEND CLIMATE NORMALS FOR TODAY
                         NORMAL    RECORD    YEAR
 MAXIMUM TEMPERATURE (F)   61        86      1950
 MINIMUM TEMPERATURE (F)   42        28      1952


SUNRISE AND SUNSET
OCTOBER 17 2014.......SUNRISE   800 AM EDT   SUNSET   701 PM EDT
OCTOBER 18 2014.......SUNRISE   801 AM EDT   SUNSET   659 PM EDT


-  INDICATES NEGATIVE NUMBERS.
R  INDICATES RECORD WAS SET OR TIED.
MM INDICATES DATA IS MISSING.
T  INDICATES TRACE AMOUNT.




$$
