000
CDUS43 KIWX 090020
CLISBN


CLIMATE REPORT
NATIONAL WEATHER SERVICE NORTHERN INDIANA
820 PM EDT SUN OCT 8 2017


...................................

...THE SOUTH BEND CLIMATE SUMMARY FOR OCTOBER 8 2017...
VALID AS OF 0800 PM LOCAL TIME.

CLIMATE NORMAL PERIOD 1981 TO 2010
CLIMATE RECORD PERIOD 1893 TO 2017


WEATHER ITEM   OBSERVED TIME   RECORD YEAR NORMAL DEPARTURE LAST
                VALUE   (LST)  VALUE       VALUE  FROM      YEAR
                                                  NORMAL
..................................................................
TEMPERATURE (F)
 TODAY
  MAXIMUM         77    328 PM  88    2007  65     12       59
  MINIMUM         52    645 AM  28    1952  45      7       43
                                      1896
  AVERAGE         65                        55     10       51

PRECIPITATION (IN)
  TODAY            0.00          1.03 1994   0.11  -0.11     0.00
  MONTH TO DATE    0.67                      0.89  -0.22     1.01
  SINCE SEP 1      2.71                      4.42  -1.71     4.75
  SINCE JAN 1     30.30                     29.69   0.61    39.16

DEGREE DAYS
 HEATING
  TODAY            0                        11    -11       14
  MONTH TO DATE   10                        76    -66       33
  SINCE SEP 1    101                       192    -91       63
  SINCE JUL 1    122                       210    -88       71

 COOLING
  TODAY            0                         1     -1        0
  MONTH TO DATE   20                         8     12       10
  SINCE SEP 1    138                        90     48      133
  SINCE JAN 1    690                       772    -82      942
..................................................................


WIND (MPH)
  RESULTANT WIND SPEED   7   RESULTANT WIND DIRECTION   S (200)
  HIGHEST WIND SPEED    23   HIGHEST WIND DIRECTION     W (270)
  HIGHEST GUST SPEED    30   HIGHEST GUST DIRECTION     W (270)
  AVERAGE WIND SPEED     9.9


SKY COVER
  POSSIBLE SUNSHINE  MM
  AVERAGE SKY COVER 0.1


WEATHER CONDITIONS
 THE FOLLOWING WEATHER WAS RECORDED TODAY.
  NO SIGNIFICANT WEATHER WAS OBSERVED.


RELATIVE HUMIDITY (PERCENT)
 HIGHEST   100           500 AM
 LOWEST     41           300 PM
 AVERAGE    71

..........................................................


THE SOUTH BEND CLIMATE NORMALS FOR TOMORROW
                         NORMAL    RECORD    YEAR
 MAXIMUM TEMPERATURE (F)   64        86      1949
 MINIMUM TEMPERATURE (F)   44        27      1989


SUNRISE AND SUNSET
OCTOBER  8 2017.......SUNRISE   750 AM EDT   SUNSET   715 PM EDT
OCTOBER  9 2017.......SUNRISE   751 AM EDT   SUNSET   713 PM EDT


-  INDICATES NEGATIVE NUMBERS.
R  INDICATES RECORD WAS SET OR TIED.
MM INDICATES DATA IS MISSING.
T  INDICATES TRACE AMOUNT.




$$
