000
CDUS43 KIWX 170531
CLISBN


CLIMATE REPORT
NATIONAL WEATHER SERVICE NORTHERN INDIANA
131 AM EDT WED AUG 17 2016


...................................

...THE SOUTH BEND CLIMATE SUMMARY FOR AUGUST 16 2016...

CLIMATE NORMAL PERIOD 1981 TO 2010
CLIMATE RECORD PERIOD 1893 TO 2016


WEATHER ITEM   OBSERVED TIME   RECORD YEAR NORMAL DEPARTURE LAST
                VALUE   (LST)  VALUE       VALUE  FROM      YEAR
                                                  NORMAL
..................................................................
TEMPERATURE (F)
 YESTERDAY
  MAXIMUM         82    445 PM  98    1988  81      1       89
  MINIMUM         69   1159 PM  44    1929  62      7       69
  AVERAGE         76                        72      4       79

PRECIPITATION (IN)
  YESTERDAY        0.80          1.80 1978   0.13   0.67     0.00
  MONTH TO DATE   10.67                      1.99   8.68     0.90
  SINCE JUN 1     17.16                      9.78   7.38     9.76
  SINCE JAN 1     32.27                     23.50   8.77    22.85

SNOWFALL (IN)
  YESTERDAY        0.0           0.0  2002   0.0    0.0      0.0
                                      2001
  MONTH TO DATE    0.0                       0.0    0.0      0.0
  SINCE JUN 1      0.0                       0.0    0.0      0.0
  SINCE JUL 1      0.0                       0.0    0.0      0.0
  SNOW DEPTH       0

DEGREE DAYS
 HEATING
  YESTERDAY        0                         0      0        0
  MONTH TO DATE    0                         0      0        0
  SINCE JUN 1     43                        49     -6       29
  SINCE JUL 1      8                         5      3       10

 COOLING
  YESTERDAY       11                         7      4       14
  MONTH TO DATE  177                       114     63      137
  SINCE JUN 1    623                       532     91      502
  SINCE JAN 1    692                       588    104      588
..................................................................


WIND (MPH)
  HIGHEST WIND SPEED    15   HIGHEST WIND DIRECTION     S (200)
  HIGHEST GUST SPEED    20   HIGHEST GUST DIRECTION    SW (220)
  AVERAGE WIND SPEED     7.3


SKY COVER
  AVERAGE SKY COVER 0.4


WEATHER CONDITIONS
 THE FOLLOWING WEATHER WAS RECORDED YESTERDAY.
  HEAVY RAIN
  RAIN
  LIGHT RAIN
  FOG


RELATIVE HUMIDITY (PERCENT)
 HIGHEST   100           400 AM
 LOWEST     58           300 PM
 AVERAGE    79

..........................................................


THE SOUTH BEND CLIMATE NORMALS FOR TODAY
                         NORMAL    RECORD    YEAR
 MAXIMUM TEMPERATURE (F)   81        96      1988
                                             1908
 MINIMUM TEMPERATURE (F)   62        47      1981


SUNRISE AND SUNSET
AUGUST 17 2016........SUNRISE   656 AM EDT   SUNSET   841 PM EDT
AUGUST 18 2016........SUNRISE   657 AM EDT   SUNSET   840 PM EDT


-  INDICATES NEGATIVE NUMBERS.
R  INDICATES RECORD WAS SET OR TIED.
MM INDICATES DATA IS MISSING.
T  INDICATES TRACE AMOUNT.




$$
