000
CDUS43 KIWX 220534
CLISBN


CLIMATE REPORT
NATIONAL WEATHER SERVICE NORTHERN INDIANA
131 AM EDT SUN MAY 22 2016


...................................

...THE SOUTH BEND CLIMATE SUMMARY FOR MAY 21 2016...

CLIMATE NORMAL PERIOD 1981 TO 2010
CLIMATE RECORD PERIOD 1893 TO 2016


WEATHER ITEM   OBSERVED TIME   RECORD YEAR NORMAL DEPARTURE LAST
                VALUE   (LST)  VALUE       VALUE  FROM      YEAR
                                                  NORMAL
..................................................................
TEMPERATURE (F)
 YESTERDAY
  MAXIMUM         73    301 PM  93    1934  72      1       65
  MINIMUM         45    609 AM  30    2002  50     -5       44
                                      1895
  AVERAGE         59                        61     -2       55

PRECIPITATION (IN)
  YESTERDAY        0.00          1.02 2010   0.13  -0.13      T
  MONTH TO DATE    2.39                      2.53  -0.14     3.05
  SINCE MAR 1     11.23                      8.18   3.05     6.23
  SINCE JAN 1     15.01                     12.42   2.59    10.13

SNOWFALL (IN)
  YESTERDAY        0.0           0.0  2002   0.0    0.0      0.0
                                      2001
  MONTH TO DATE    0.0                       0.0    0.0      0.0
  SINCE MAR 1     10.9                       8.5    2.4      6.1
  SINCE JUL 1     70.2                      66.6    3.6     83.9
  SNOW DEPTH       0

DEGREE DAYS
 HEATING
  YESTERDAY        6                         6      0       10
  MONTH TO DATE  253                       176     77      112
  SINCE MAR 1   1467                      1518    -51     1487
  SINCE JUL 1   5597                      6207   -610     6584

 COOLING
  YESTERDAY        0                         2     -2        0
  MONTH TO DATE    0                        24    -24       47
  SINCE MAR 1      4                        34    -30       49
  SINCE JAN 1      4                        34    -30       49
..................................................................


WIND (MPH)
  HIGHEST WIND SPEED    21   HIGHEST WIND DIRECTION     N (350)
  HIGHEST GUST SPEED    26   HIGHEST GUST DIRECTION    NW (320)
  AVERAGE WIND SPEED     7.5


SKY COVER
  AVERAGE SKY COVER 0.1


WEATHER CONDITIONS
 THE FOLLOWING WEATHER WAS RECORDED YESTERDAY.
  NO SIGNIFICANT WEATHER WAS OBSERVED.


RELATIVE HUMIDITY (PERCENT)
 HIGHEST    89           600 AM
 LOWEST     37           500 PM
 AVERAGE    63

..........................................................


THE SOUTH BEND CLIMATE NORMALS FOR TODAY
                         NORMAL    RECORD    YEAR
 MAXIMUM TEMPERATURE (F)   72        92      1925
 MINIMUM TEMPERATURE (F)   51        32      1997


SUNRISE AND SUNSET
MAY 22 2016...........SUNRISE   619 AM EDT   SUNSET   905 PM EDT
MAY 23 2016...........SUNRISE   618 AM EDT   SUNSET   906 PM EDT


-  INDICATES NEGATIVE NUMBERS.
R  INDICATES RECORD WAS SET OR TIED.
MM INDICATES DATA IS MISSING.
T  INDICATES TRACE AMOUNT.




$$
