000
CDUS43 KIWX 210525
CLISBN


CLIMATE REPORT
NATIONAL WEATHER SERVICE NORTHERN INDIANA
1225 AM EST FRI NOV 21 2014


...................................

...THE SOUTH BEND CLIMATE SUMMARY FOR NOVEMBER 20 2014...

CLIMATE NORMAL PERIOD 1981 TO 2010
CLIMATE RECORD PERIOD 1893 TO 2014


WEATHER ITEM   OBSERVED TIME   RECORD YEAR NORMAL DEPARTURE LAST
                VALUE   (LST)  VALUE       VALUE  FROM      YEAR
                                                  NORMAL
..................................................................
TEMPERATURE (F)
 YESTERDAY
  MAXIMUM         27    416 PM  71    1930  46    -19       44
  MINIMUM         19    903 AM  10    1914  32    -13       29
  AVERAGE         23                        39    -16       37

PRECIPITATION (IN)
  YESTERDAY        T             0.81 1975   0.11  -0.11     0.05
  MONTH TO DATE    1.35                      2.18  -0.83     1.98
  SINCE SEP 1      9.74                      9.03   0.71    10.45
  SINCE JAN 1     37.95                     34.30   3.65    37.37

SNOWFALL (IN)
  YESTERDAY        T             5.8  2000   0.2   -0.2      0.0
  MONTH TO DATE   16.9                       2.3   14.6      1.8
  SINCE SEP 1     17.1                       2.7   14.4      2.1
  SINCE JUL 1     17.1                       2.7   14.4      2.1
  SNOW DEPTH       2

DEGREE DAYS
 HEATING
  YESTERDAY       42                        26     16       28
  MONTH TO DATE  609                       440    169      443
  SINCE SEP 1   1114                       963    151      913
  SINCE JUL 1   1142                       981    161      942

 COOLING
  YESTERDAY        0                         0      0        0
  MONTH TO DATE    0                         0      0        0
  SINCE SEP 1     78                        91    -13      148
  SINCE JAN 1    771                       773     -2      828
..................................................................


WIND (MPH)
  HIGHEST WIND SPEED    28   HIGHEST WIND DIRECTION     W (270)
  HIGHEST GUST SPEED    34   HIGHEST GUST DIRECTION     W (260)
  AVERAGE WIND SPEED    16.0


SKY COVER
  AVERAGE SKY COVER 0.9


WEATHER CONDITIONS
 THE FOLLOWING WEATHER WAS RECORDED YESTERDAY.
  NO SIGNIFICANT WEATHER WAS OBSERVED.


RELATIVE HUMIDITY (PERCENT)
 HIGHEST    73           600 AM
 LOWEST     42           500 PM
 AVERAGE    58

..........................................................


THE SOUTH BEND CLIMATE NORMALS FOR TODAY
                         NORMAL    RECORD    YEAR
 MAXIMUM TEMPERATURE (F)   45        70      1913
 MINIMUM TEMPERATURE (F)   31         9      1964


SUNRISE AND SUNSET
NOVEMBER 21 2014......SUNRISE   742 AM EST   SUNSET   520 PM EST
NOVEMBER 22 2014......SUNRISE   743 AM EST   SUNSET   520 PM EST


-  INDICATES NEGATIVE NUMBERS.
R  INDICATES RECORD WAS SET OR TIED.
MM INDICATES DATA IS MISSING.
T  INDICATES TRACE AMOUNT.




$$
