000
CDUS43 KIWX 192040
CLISBN


CLIMATE REPORT
NATIONAL WEATHER SERVICE NORTHERN INDIANA
440 PM EDT FRI AUG 19 2016


...................................

...THE SOUTH BEND CLIMATE SUMMARY FOR AUGUST 19 2016...
VALID TODAY AS OF 0400 PM LOCAL TIME.

CLIMATE NORMAL PERIOD 1981 TO 2010
CLIMATE RECORD PERIOD 1893 TO 2016


WEATHER ITEM   OBSERVED TIME   RECORD YEAR NORMAL DEPARTURE LAST
                VALUE   (LST)  VALUE       VALUE  FROM      YEAR
                                                  NORMAL
..................................................................
TEMPERATURE (F)
 TODAY
  MAXIMUM         78    259 PM  98    1983  81     -3       81
                                      1916
  MINIMUM         66    638 AM  44    1933  62      4       65
                                      1896
  AVERAGE         72                        71      1       73

PRECIPITATION (IN)
  TODAY            0.05          1.18 1900   0.12  -0.07     0.05
  MONTH TO DATE   10.79                      2.35   8.44     1.54
  SINCE JUN 1     17.28                     10.14   7.14    10.40
  SINCE JAN 1     32.39                     23.86   8.53    23.49

DEGREE DAYS
 HEATING
  TODAY            0                         0      0        0
  MONTH TO DATE    0                         0      0        0
  SINCE JUN 1     43                        49     -6       29
  SINCE JUL 1      8                         5      3       10

 COOLING
  TODAY            7                         7      0        8
  MONTH TO DATE  204                       135     69      168
  SINCE JUN 1    650                       553     97      533
  SINCE JAN 1    719                       609    110      619
..................................................................


WIND (MPH)
  HIGHEST WIND SPEED    18   HIGHEST WIND DIRECTION     N (340)
  HIGHEST GUST SPEED    24   HIGHEST GUST DIRECTION     N (350)
  AVERAGE WIND SPEED     6.4


SKY COVER
  POSSIBLE SUNSHINE  MM
  AVERAGE SKY COVER 0.3


WEATHER CONDITIONS
 THE FOLLOWING WEATHER WAS RECORDED TODAY.
  THUNDERSTORM
  HEAVY RAIN
  RAIN
  LIGHT RAIN
  FOG


RELATIVE HUMIDITY (PERCENT)
 HIGHEST    97          1200 AM
 LOWEST     76           300 PM
 AVERAGE    87

..........................................................


THE SOUTH BEND CLIMATE NORMALS FOR TOMORROW
                         NORMAL    RECORD    YEAR
 MAXIMUM TEMPERATURE (F)   81        98      1947
                                             1916
 MINIMUM TEMPERATURE (F)   62        44      1908
                                             1897


SUNRISE AND SUNSET
AUGUST 19 2016........SUNRISE   658 AM EDT   SUNSET   838 PM EDT
AUGUST 20 2016........SUNRISE   659 AM EDT   SUNSET   837 PM EDT


-  INDICATES NEGATIVE NUMBERS.
R  INDICATES RECORD WAS SET OR TIED.
MM INDICATES DATA IS MISSING.
T  INDICATES TRACE AMOUNT.




$$
