000
CDUS43 KIWX 140025
CLISBN


CLIMATE REPORT
NATIONAL WEATHER SERVICE NORTHERN INDIANA
824 PM EDT TUE SEP 13 2016


...................................

...THE SOUTH BEND CLIMATE SUMMARY FOR SEPTEMBER 13 2016...
VALID TODAY AS OF 0400 PM LOCAL TIME.

CLIMATE NORMAL PERIOD 1981 TO 2010
CLIMATE RECORD PERIOD 1893 TO 2016


WEATHER ITEM   OBSERVED TIME   RECORD YEAR NORMAL DEPARTURE LAST
                VALUE   (LST)  VALUE       VALUE  FROM      YEAR
                                                  NORMAL
..................................................................
TEMPERATURE (F)
 TODAY
  MAXIMUM         83    359 PM  97    1897  75      8       68
  MINIMUM         56    543 AM  33    1964  55      1       42
  AVERAGE         70                        65      5       55

PRECIPITATION (IN)
  TODAY            0.00          6.58 2008   0.11  -0.11     0.00
  MONTH TO DATE    1.16                      1.53  -0.37     1.67
  SINCE SEP 1      1.16                      1.53  -0.37     1.67
  SINCE JAN 1     35.57                     26.80   8.77    25.94

DEGREE DAYS
 HEATING
  TODAY            0                         3     -3       10
  MONTH TO DATE    4                        23    -19       26
  SINCE SEP 1      4                        23    -19       26
  SINCE JUL 1     12                        41    -29       51

 COOLING
  TODAY            5                         3      2        0
  MONTH TO DATE   69                        52     17      104
  SINCE SEP 1     69                        52     17      104
  SINCE JAN 1    878                       734    144      749
..................................................................


WIND (MPH)
  HIGHEST WIND SPEED    15   HIGHEST WIND DIRECTION     S (200)
  HIGHEST GUST SPEED    26   HIGHEST GUST DIRECTION     W (270)
  AVERAGE WIND SPEED     4.9


SKY COVER
  POSSIBLE SUNSHINE  MM
  AVERAGE SKY COVER 0.0


WEATHER CONDITIONS
 THE FOLLOWING WEATHER WAS RECORDED TODAY.
  NO SIGNIFICANT WEATHER WAS OBSERVED.


RELATIVE HUMIDITY (PERCENT)
 HIGHEST    93           200 AM
 LOWEST     55           200 PM
 AVERAGE    74

..........................................................


THE SOUTH BEND CLIMATE NORMALS FOR TOMORROW
                         NORMAL    RECORD    YEAR
 MAXIMUM TEMPERATURE (F)   75        98      1897
 MINIMUM TEMPERATURE (F)   55        36      1899


SUNRISE AND SUNSET
SEPTEMBER 13 2016.....SUNRISE   724 AM EDT   SUNSET   757 PM EDT
SEPTEMBER 14 2016.....SUNRISE   725 AM EDT   SUNSET   755 PM EDT


-  INDICATES NEGATIVE NUMBERS.
R  INDICATES RECORD WAS SET OR TIED.
MM INDICATES DATA IS MISSING.
T  INDICATES TRACE AMOUNT.




$$
