000
CDUS43 KIWX 160523
CLISBN


CLIMATE REPORT
NATIONAL WEATHER SERVICE NORTHERN INDIANA
122 AM EDT SAT MAY 16 2015


...................................

...THE SOUTH BEND CLIMATE SUMMARY FOR MAY 15 2015...

CLIMATE NORMAL PERIOD 1981 TO 2010
CLIMATE RECORD PERIOD 1893 TO 2015


WEATHER ITEM   OBSERVED TIME   RECORD YEAR NORMAL DEPARTURE LAST
                VALUE   (LST)  VALUE       VALUE  FROM      YEAR
                                                  NORMAL
..................................................................
TEMPERATURE (F)
 YESTERDAY
  MAXIMUM         81    453 PM  90    1991  70     11       51
  MINIMUM         56   1213 AM  32    1920  48      8       36
  AVERAGE         69                        59     10       44

PRECIPITATION (IN)
  YESTERDAY        0.07          1.44 1916   0.12  -0.05     0.17
  MONTH TO DATE    2.89                      1.77   1.12     2.75
  SINCE MAR 1      6.07                      7.42  -1.35     6.79
  SINCE JAN 1      9.97                     11.66  -1.69    12.73

SNOWFALL (IN)
  YESTERDAY        0.0           0.0  2002   0.0    0.0     MM
                                      2001
  MONTH TO DATE    0.0                       0.0    0.0      0.0
  SINCE MAR 1      6.1                       8.5   -2.4     12.9
  SINCE JUL 1     83.9                      66.6   17.3    106.9
  SNOW DEPTH       0

DEGREE DAYS
 HEATING
  YESTERDAY        0                         7     -7       21
  MONTH TO DATE   65                       137    -72      125
  SINCE MAR 1   1440                      1479    -39     1670
  SINCE JUL 1   6537                      6168    369     6853

 COOLING
  YESTERDAY        4                         1      3        0
  MONTH TO DATE   30                        13     17       23
  SINCE MAR 1     32                        23      9       25
  SINCE JAN 1     32                        23      9       25
..................................................................


WIND (MPH)
  HIGHEST WIND SPEED    20   HIGHEST WIND DIRECTION    SW (240)
  HIGHEST GUST SPEED    25   HIGHEST GUST DIRECTION    SW (210)
  AVERAGE WIND SPEED    10.0


SKY COVER
  AVERAGE SKY COVER 0.7


WEATHER CONDITIONS
 THE FOLLOWING WEATHER WAS RECORDED YESTERDAY.
  LIGHT RAIN


RELATIVE HUMIDITY (PERCENT)
 HIGHEST    87          1100 PM
 LOWEST     54           500 PM
 AVERAGE    71

..........................................................


THE SOUTH BEND CLIMATE NORMALS FOR TODAY
                         NORMAL    RECORD    YEAR
 MAXIMUM TEMPERATURE (F)   70        89      1962
                                             1900
 MINIMUM TEMPERATURE (F)   49        30      1904


SUNRISE AND SUNSET
MAY 16 2015...........SUNRISE   625 AM EDT   SUNSET   859 PM EDT
MAY 17 2015...........SUNRISE   624 AM EDT   SUNSET   900 PM EDT


-  INDICATES NEGATIVE NUMBERS.
R  INDICATES RECORD WAS SET OR TIED.
MM INDICATES DATA IS MISSING.
T  INDICATES TRACE AMOUNT.




$$
