000
CDUS43 KIWX 250538
CLISBN


CLIMATE REPORT
NATIONAL WEATHER SERVICE NORTHERN INDIANA
138 AM EDT FRI JUL 25 2014


...................................

...THE SOUTH BEND CLIMATE SUMMARY FOR JULY 24 2014...

CLIMATE NORMAL PERIOD 1981 TO 2010
CLIMATE RECORD PERIOD 1893 TO 2014


WEATHER ITEM   OBSERVED TIME   RECORD YEAR NORMAL DEPARTURE LAST
                VALUE   (LST)  VALUE       VALUE  FROM      YEAR
                                                  NORMAL
..................................................................
TEMPERATURE (F)
 YESTERDAY
  MAXIMUM         77    235 PM 109    1934  83     -6       74
  MINIMUM         54    425 AM  50    2013  63     -9       50
                                      1953
                                      1932
  AVERAGE         66                        73     -7       62

PRECIPITATION (IN)
  YESTERDAY        0.00          2.63 2010   0.13  -0.13     0.00
  MONTH TO DATE    1.75                      3.08  -1.33     3.00
  SINCE JUN 1     10.89                      6.87   4.02     6.43
  SINCE JAN 1     25.97                     20.59   5.38    23.73

DEGREE DAYS
 HEATING
  YESTERDAY        0                         0      0        3
  MONTH TO DATE    9                         0      9        6
  SINCE JUN 1     26                        44    -18       43
  SINCE JUL 1      9                         0      9        6

 COOLING
  YESTERDAY        1                         8     -7        0
  MONTH TO DATE  115                       192    -77      223
  SINCE JUN 1    331                       357    -26      388
  SINCE JAN 1    416                       413      3      484
..................................................................


WIND (MPH)
  HIGHEST WIND SPEED    14   HIGHEST WIND DIRECTION    NW (320)
  HIGHEST GUST SPEED    18   HIGHEST GUST DIRECTION     N (350)
  AVERAGE WIND SPEED     6.7


SKY COVER
  AVERAGE SKY COVER 0.3


WEATHER CONDITIONS
 THE FOLLOWING WEATHER WAS RECORDED YESTERDAY.
  NO SIGNIFICANT WEATHER WAS OBSERVED.


RELATIVE HUMIDITY (PERCENT)
 HIGHEST    86           200 AM
 LOWEST     44           200 PM
 AVERAGE    65

..........................................................


THE SOUTH BEND CLIMATE NORMALS FOR TODAY
                         NORMAL    RECORD    YEAR
 MAXIMUM TEMPERATURE (F)   83       105      1934
 MINIMUM TEMPERATURE (F)   63        48      1911


SUNRISE AND SUNSET
JULY 25 2014..........SUNRISE   633 AM EDT   SUNSET   910 PM EDT
JULY 26 2014..........SUNRISE   634 AM EDT   SUNSET   909 PM EDT


-  INDICATES NEGATIVE NUMBERS.
R  INDICATES RECORD WAS SET OR TIED.
MM INDICATES DATA IS MISSING.
T  INDICATES TRACE AMOUNT.




$$
