000
CDUS43 KIWX 180522
CLISBN


CLIMATE REPORT
NATIONAL WEATHER SERVICE NORTHERN INDIANA
1221 AM EST SAT FEB 18 2017


...................................

...THE SOUTH BEND CLIMATE SUMMARY FOR FEBRUARY 17 2017...

CLIMATE NORMAL PERIOD 1981 TO 2010
CLIMATE RECORD PERIOD 1893 TO 2017


WEATHER ITEM   OBSERVED TIME   RECORD YEAR NORMAL DEPARTURE LAST
                VALUE   (LST)  VALUE       VALUE  FROM      YEAR
                                                  NORMAL
..................................................................
TEMPERATURE (F)
 YESTERDAY
  MAXIMUM         64R   405 PM  59    1911  36     28       33
  MINIMUM         28    624 AM  -8    1903  21      7       16
  AVERAGE         46                        28     18       25

PRECIPITATION (IN)
  YESTERDAY        0.00          0.60 2008   0.07  -0.07     0.00
  MONTH TO DATE    1.46                      1.11   0.35     1.13
  SINCE DEC 1      6.79                      6.01   0.78     6.85
  SINCE JAN 1      4.80                      3.40   1.40     2.73

SNOWFALL (IN)
  YESTERDAY        0.0           4.4  2014   0.6   -0.6      0.0
  MONTH TO DATE    0.3                       9.9   -9.6     19.2
  SINCE DEC 1     33.1                      47.8  -14.7     39.3
  SINCE JUL 1     33.6                      53.0  -19.4     48.4
  SNOW DEPTH       0

DEGREE DAYS
 HEATING
  YESTERDAY       19                        37    -18       40
  MONTH TO DATE  559                       658    -99      696
  SINCE DEC 1   2866                      3037   -171     2722
  SINCE JUL 1   3767                      4306   -539     3789

 COOLING
  YESTERDAY        0                         0      0        0
  MONTH TO DATE    0                         0      0        0
  SINCE DEC 1      0                         0      0        0
  SINCE JAN 1      0                         0      0        0
..................................................................


WIND (MPH)
  HIGHEST WIND SPEED    23   HIGHEST WIND DIRECTION    SW (220)
  HIGHEST GUST SPEED    30   HIGHEST GUST DIRECTION    SW (230)
  AVERAGE WIND SPEED    10.3


SKY COVER
  AVERAGE SKY COVER 0.0


WEATHER CONDITIONS
 THE FOLLOWING WEATHER WAS RECORDED YESTERDAY.
  NO SIGNIFICANT WEATHER WAS OBSERVED.


RELATIVE HUMIDITY (PERCENT)
 HIGHEST    78           500 AM
 LOWEST     37           400 PM
 AVERAGE    58

..........................................................


THE SOUTH BEND CLIMATE NORMALS FOR TODAY
                         NORMAL    RECORD    YEAR
 MAXIMUM TEMPERATURE (F)   36        63      1961
 MINIMUM TEMPERATURE (F)   21       -15      1936


SUNRISE AND SUNSET
FEBRUARY 18 2017......SUNRISE   736 AM EST   SUNSET   623 PM EST
FEBRUARY 19 2017......SUNRISE   735 AM EST   SUNSET   624 PM EST


-  INDICATES NEGATIVE NUMBERS.
R  INDICATES RECORD WAS SET OR TIED.
MM INDICATES DATA IS MISSING.
T  INDICATES TRACE AMOUNT.




$$
