000
CDUS43 KIWX 220533
CLISBN


CLIMATE REPORT
NATIONAL WEATHER SERVICE NORTHERN INDIANA
1231 AM EST MON DEC 22 2014


...................................

...THE SOUTH BEND CLIMATE SUMMARY FOR DECEMBER 21 2014...

CLIMATE NORMAL PERIOD 1981 TO 2010
CLIMATE RECORD PERIOD 1893 TO 2014


WEATHER ITEM   OBSERVED TIME   RECORD YEAR NORMAL DEPARTURE LAST
                VALUE   (LST)  VALUE       VALUE  FROM      YEAR
                                                  NORMAL
..................................................................
TEMPERATURE (F)
 YESTERDAY
  MAXIMUM         39    344 PM  60    1967  34      5       37
  MINIMUM         31   1159 PM -15    1901  21     10       34
  AVERAGE         35                        27      8       36

PRECIPITATION (IN)
  YESTERDAY        0.00          1.91 1949   0.08  -0.08     0.57
  MONTH TO DATE    0.56                      1.80  -1.24     1.85
  SINCE DEC 1      0.56                      1.80  -1.24     1.85
  SINCE JAN 1     40.53                     37.19   3.34    39.87

SNOWFALL (IN)
  YESTERDAY        0.0           8.0  1983   0.6   -0.6     MM
  MONTH TO DATE    T                        10.9  -10.9      6.7
  SINCE DEC 1      T                        10.9  -10.9      6.7
  SINCE JUL 1     19.3                      16.1    3.2     15.9
  SNOW DEPTH       0

DEGREE DAYS
 HEATING
  YESTERDAY       30                        38     -8       29
  MONTH TO DATE  659                       733    -74      797
  SINCE DEC 1    659                       733    -74      797
  SINCE JUL 1   2101                      2002     99     2086

 COOLING
  YESTERDAY        0                         0      0        0
  MONTH TO DATE    0                         0      0        0
  SINCE DEC 1      0                         0      0        0
  SINCE JAN 1    771                       773     -2      828
..................................................................


WIND (MPH)
  HIGHEST WIND SPEED    15   HIGHEST WIND DIRECTION    SE (140)
  HIGHEST GUST SPEED    18   HIGHEST GUST DIRECTION    SE (140)
  AVERAGE WIND SPEED     9.0


SKY COVER
  AVERAGE SKY COVER 0.8


WEATHER CONDITIONS
 THE FOLLOWING WEATHER WAS RECORDED YESTERDAY.
  FOG
  HAZE


RELATIVE HUMIDITY (PERCENT)
 HIGHEST    85          1200 AM
 LOWEST     70           100 PM
 AVERAGE    78

..........................................................


THE SOUTH BEND CLIMATE NORMALS FOR TODAY
                         NORMAL    RECORD    YEAR
 MAXIMUM TEMPERATURE (F)   33        57      1957
 MINIMUM TEMPERATURE (F)   21       -13      1989
                                             1983


SUNRISE AND SUNSET
DECEMBER 22 2014......SUNRISE   809 AM EST   SUNSET   518 PM EST
DECEMBER 23 2014......SUNRISE   810 AM EST   SUNSET   519 PM EST


-  INDICATES NEGATIVE NUMBERS.
R  INDICATES RECORD WAS SET OR TIED.
MM INDICATES DATA IS MISSING.
T  INDICATES TRACE AMOUNT.




$$
