000
CDUS43 KIWX 080522
CLISBN


CLIMATE REPORT
NATIONAL WEATHER SERVICE NORTHERN INDIANA
122 AM EDT MON SEP 8 2014


...................................

...THE SOUTH BEND CLIMATE SUMMARY FOR SEPTEMBER 7 2014...

CLIMATE NORMAL PERIOD 1981 TO 2010
CLIMATE RECORD PERIOD 1893 TO 2014


WEATHER ITEM   OBSERVED TIME   RECORD YEAR NORMAL DEPARTURE LAST
                VALUE   (LST)  VALUE       VALUE  FROM      YEAR
                                                  NORMAL
..................................................................
TEMPERATURE (F)
 YESTERDAY
  MAXIMUM         78    431 PM  99    1933  77      1       89
                                      1922
  MINIMUM         53    615 AM  40    1986  57     -4       63
  AVERAGE         66                        67     -1       76

PRECIPITATION (IN)
  YESTERDAY        0.00          1.14 1923   0.12  -0.12     0.02
  MONTH TO DATE    1.24                      0.84   0.40     0.07
  SINCE SEP 1      1.24                      0.84   0.40     0.07
  SINCE JAN 1     29.45                     26.11   3.34    26.99

DEGREE DAYS
 HEATING
  YESTERDAY        0                         2     -2        0
  MONTH TO DATE    2                         9     -7        0
  SINCE SEP 1      2                         9     -7        0
  SINCE JUL 1     30                        27      3       29

 COOLING
  YESTERDAY        1                         4     -3       11
  MONTH TO DATE   55                        32     23       37
  SINCE SEP 1     55                        32     23       37
  SINCE JAN 1    748                       714     34      717
..................................................................


WIND (MPH)
  HIGHEST WIND SPEED    13   HIGHEST WIND DIRECTION    NW (330)
  HIGHEST GUST SPEED    16   HIGHEST GUST DIRECTION     N (340)
  AVERAGE WIND SPEED     3.2


SKY COVER
  AVERAGE SKY COVER 0.1


WEATHER CONDITIONS
 THE FOLLOWING WEATHER WAS RECORDED YESTERDAY.
  NO SIGNIFICANT WEATHER WAS OBSERVED.


RELATIVE HUMIDITY (PERCENT)
 HIGHEST    93           100 AM
 LOWEST     37           400 PM
 AVERAGE    65

..........................................................


THE SOUTH BEND CLIMATE NORMALS FOR TODAY
                         NORMAL    RECORD    YEAR
 MAXIMUM TEMPERATURE (F)   77        99      1933
 MINIMUM TEMPERATURE (F)   57        40      1986
                                             1951
                                             1932


SUNRISE AND SUNSET
SEPTEMBER  8 2014.....SUNRISE   718 AM EDT   SUNSET   807 PM EDT
SEPTEMBER  9 2014.....SUNRISE   719 AM EDT   SUNSET   805 PM EDT


-  INDICATES NEGATIVE NUMBERS.
R  INDICATES RECORD WAS SET OR TIED.
MM INDICATES DATA IS MISSING.
T  INDICATES TRACE AMOUNT.




$$
