000
CDUS43 KIWX 080527
CLISBN


CLIMATE REPORT
NATIONAL WEATHER SERVICE NORTHERN INDIANA
126 AM EDT TUE APR 8 2014


...................................

...THE SOUTH BEND CLIMATE SUMMARY FOR APRIL 7 2014...

CLIMATE NORMAL PERIOD 1981 TO 2010
CLIMATE RECORD PERIOD 1893 TO 2014


WEATHER ITEM   OBSERVED TIME   RECORD YEAR NORMAL DEPARTURE LAST
                VALUE   (LST)  VALUE       VALUE  FROM      YEAR
                                                  NORMAL
..................................................................
TEMPERATURE (F)
 YESTERDAY
  MAXIMUM         53    204 PM  80    1991  56     -3       63
  MINIMUM         37    447 AM  13    1982  36      1       42
  AVERAGE         45                        46     -1       53

PRECIPITATION (IN)
  YESTERDAY        0.08          0.84 1951   0.10  -0.02     0.01
  MONTH TO DATE    1.26                      0.69   0.57     0.02
  SINCE MAR 1      2.95                      3.11  -0.16     1.28
  SINCE JAN 1      8.89                      7.35   1.54     8.77

DEGREE DAYS
 HEATING
  YESTERDAY       20                        19      1       12
  MONTH TO DATE  152                       143      9      178
  SINCE MAR 1   1228                       998    230     1192
  SINCE JUL 1   6411                      5687    724     5589

 COOLING
  YESTERDAY        0                         0      0        0
  MONTH TO DATE    0                         0      0        0
  SINCE MAR 1      0                         1     -1        0
  SINCE JAN 1      0                         1     -1        0
..................................................................


WIND (MPH)
  HIGHEST WIND SPEED    16   HIGHEST WIND DIRECTION    NE (30)
  HIGHEST GUST SPEED    21   HIGHEST GUST DIRECTION    NE (30)
  AVERAGE WIND SPEED     6.4


SKY COVER
  AVERAGE SKY COVER 0.6


WEATHER CONDITIONS
 THE FOLLOWING WEATHER WAS RECORDED YESTERDAY.
  LIGHT RAIN
  FOG


RELATIVE HUMIDITY (PERCENT)
 HIGHEST    86           900 PM
 LOWEST     35          1200 PM
 AVERAGE    61

..........................................................


THE SOUTH BEND CLIMATE NORMALS FOR TODAY
                         NORMAL    RECORD    YEAR
 MAXIMUM TEMPERATURE (F)   57        79      1931
 MINIMUM TEMPERATURE (F)   36        11      1972


SUNRISE AND SUNSET
APRIL  8 2014.........SUNRISE   717 AM EDT   SUNSET   818 PM EDT
APRIL  9 2014.........SUNRISE   715 AM EDT   SUNSET   819 PM EDT


-  INDICATES NEGATIVE NUMBERS.
R  INDICATES RECORD WAS SET OR TIED.
MM INDICATES DATA IS MISSING.
T  INDICATES TRACE AMOUNT.




$$
