000
CDUS43 KIWX 110555
CLISBN


CLIMATE REPORT
NATIONAL WEATHER SERVICE NORTHERN INDIANA
154 AM EDT THU MAY 11 2017


...................................

...THE SOUTH BEND CLIMATE SUMMARY FOR MAY 10 2017...

CLIMATE NORMAL PERIOD 1981 TO 2010
CLIMATE RECORD PERIOD 1893 TO 2017


WEATHER ITEM   OBSERVED TIME   RECORD YEAR NORMAL DEPARTURE LAST
                VALUE   (LST)  VALUE       VALUE  FROM      YEAR
                                                  NORMAL
..................................................................
TEMPERATURE (F)
 YESTERDAY
  MAXIMUM         71    256 PM  90    1895  68      3       61
  MINIMUM         48   1159 PM  25    1947  47      1       50
  AVERAGE         60                        57      3       56

PRECIPITATION (IN)
  YESTERDAY        1.54          2.17 1981   0.12   1.42     0.63
  MONTH TO DATE    2.73                      1.17   1.56     1.76
  SINCE MAR 1     10.05                      6.82   3.23    10.60
  SINCE JAN 1     17.04                     11.06   5.98    14.38

SNOWFALL (IN)
  YESTERDAY        0.0           0.0  2002   0.0    0.0      0.0
                                      2001
  MONTH TO DATE    0.0                       0.0    0.0      0.0
  SINCE MAR 1      8.5                       8.5    0.0     10.9
  SINCE JUL 1     42.2                      66.6  -24.4     70.2
  SNOW DEPTH       0

DEGREE DAYS
 HEATING
  YESTERDAY        5                         9     -4        9
  MONTH TO DATE  174                        98     76      137
  SINCE MAR 1   1426                      1440    -14     1351
  SINCE JUL 1   5403                      6129   -726     5481

 COOLING
  YESTERDAY        0                         1     -1        0
  MONTH TO DATE    0                         8     -8        0
  SINCE MAR 1     11                        18     -7        4
  SINCE JAN 1     11                        18     -7        4
..................................................................


WIND (MPH)
  HIGHEST WIND SPEED    22   HIGHEST WIND DIRECTION    SE (120)
  HIGHEST GUST SPEED    27   HIGHEST GUST DIRECTION     E (110)
  AVERAGE WIND SPEED     7.0


SKY COVER
  AVERAGE SKY COVER 0.9


WEATHER CONDITIONS
 THE FOLLOWING WEATHER WAS RECORDED YESTERDAY.
  THUNDERSTORM
  HEAVY RAIN
  RAIN
  LIGHT RAIN
  FOG


RELATIVE HUMIDITY (PERCENT)
 HIGHEST   100          1000 PM
 LOWEST     50           200 AM
 AVERAGE    75

..........................................................


THE SOUTH BEND CLIMATE NORMALS FOR TODAY
                         NORMAL    RECORD    YEAR
 MAXIMUM TEMPERATURE (F)   69        88      1896
 MINIMUM TEMPERATURE (F)   47        26      1907


SUNRISE AND SUNSET
MAY 11 2017...........SUNRISE   629 AM EDT   SUNSET   854 PM EDT
MAY 12 2017...........SUNRISE   628 AM EDT   SUNSET   855 PM EDT


-  INDICATES NEGATIVE NUMBERS.
R  INDICATES RECORD WAS SET OR TIED.
MM INDICATES DATA IS MISSING.
T  INDICATES TRACE AMOUNT.




$$
