000
CDUS43 KIWX 150022
CLISBN


CLIMATE REPORT
NATIONAL WEATHER SERVICE NORTHERN INDIANA
822 PM EDT SUN MAY 14 2017


...................................

...THE SOUTH BEND CLIMATE SUMMARY FOR MAY 14 2017...
VALID AS OF 0800 PM LOCAL TIME.

CLIMATE NORMAL PERIOD 1981 TO 2010
CLIMATE RECORD PERIOD 1893 TO 2017


WEATHER ITEM   OBSERVED TIME   RECORD YEAR NORMAL DEPARTURE LAST
                VALUE   (LST)  VALUE       VALUE  FROM      YEAR
                                                  NORMAL
..................................................................
TEMPERATURE (F)
 TODAY
  MAXIMUM         72    120 PM  89    2007  69      3       54
                                      1982
                                      1962
  MINIMUM         47    301 AM  31    1936  48     -1       39
                                      1920
                                      1910
  AVERAGE         60                        59      1       47

PRECIPITATION (IN)
  TODAY            0.00          1.92 1908   0.12  -0.12     0.36
  MONTH TO DATE    2.78                      1.65   1.13     2.37
  SINCE MAR 1     10.10                      7.30   2.80    11.21
  SINCE JAN 1     17.09                     11.54   5.55    14.99

SNOWFALL (IN)
  TODAY            0.0           0.0  2002   0.0    0.0      0.0
                                      2001
  MONTH TO DATE    0.0                       0.0    0.0      0.0
  SINCE MAR 1      8.5                       8.5    0.0     10.9
  SINCE JUL 1     42.2                      66.6  -24.4     70.2
  SNOW DEPTH       0

DEGREE DAYS
 HEATING
  TODAY            5                         8     -3       18
  MONTH TO DATE  205                       130     75      168
  SINCE MAR 1   1457                      1472    -15     1382
  SINCE JUL 1   5434                      6161   -727     5512

 COOLING
  TODAY            0                         1     -1        0
  MONTH TO DATE    0                        12    -12        0
  SINCE MAR 1     11                        22    -11        4
  SINCE JAN 1     11                        22    -11        4
..................................................................


WIND (MPH)
  RESULTANT WIND SPEED   7   RESULTANT WIND DIRECTION   N (340)
  HIGHEST WIND SPEED    16   HIGHEST WIND DIRECTION     N (350)
  HIGHEST GUST SPEED    19   HIGHEST GUST DIRECTION     N (350)
  AVERAGE WIND SPEED     7.7


SKY COVER
  POSSIBLE SUNSHINE  MM
  AVERAGE SKY COVER 0.0


WEATHER CONDITIONS
 THE FOLLOWING WEATHER WAS RECORDED TODAY.
  NO SIGNIFICANT WEATHER WAS OBSERVED.


RELATIVE HUMIDITY (PERCENT)
 HIGHEST    93           600 AM
 LOWEST     47          1200 PM
 AVERAGE    70

..........................................................


THE SOUTH BEND CLIMATE NORMALS FOR TOMORROW
                         NORMAL    RECORD    YEAR
 MAXIMUM TEMPERATURE (F)   70        90      1991
 MINIMUM TEMPERATURE (F)   48        31      2016


SUNRISE AND SUNSET
MAY 14 2017...........SUNRISE   626 AM EDT   SUNSET   857 PM EDT
MAY 15 2017...........SUNRISE   625 AM EDT   SUNSET   858 PM EDT


-  INDICATES NEGATIVE NUMBERS.
R  INDICATES RECORD WAS SET OR TIED.
MM INDICATES DATA IS MISSING.
T  INDICATES TRACE AMOUNT.




$$
