000
CDUS43 KIWX 130524
CLISBN


CLIMATE REPORT
NATIONAL WEATHER SERVICE NORTHERN INDIANA
124 AM EDT THU APR 13 2017


...................................

...THE SOUTH BEND CLIMATE SUMMARY FOR APRIL 12 2017...

CLIMATE NORMAL PERIOD 1981 TO 2010
CLIMATE RECORD PERIOD 1893 TO 2017


WEATHER ITEM   OBSERVED TIME   RECORD YEAR NORMAL DEPARTURE LAST
                VALUE   (LST)  VALUE       VALUE  FROM      YEAR
                                                  NORMAL
..................................................................
TEMPERATURE (F)
 YESTERDAY
  MAXIMUM         58    530 PM  84    1977  58      0       46
  MINIMUM         30    618 AM  21    1950  37     -7       24
                                      1940
  AVERAGE         44                        48     -4       35

PRECIPITATION (IN)
  YESTERDAY        0.00          0.90 1962   0.11  -0.11     0.00
  MONTH TO DATE    1.13                      1.24  -0.11     2.23
  SINCE MAR 1      5.36                      3.66   1.70     6.40
  SINCE JAN 1     12.35                      7.90   4.45    10.18

SNOWFALL (IN)
  YESTERDAY        0.0           1.4  1950   0.0    0.0      0.0
  MONTH TO DATE    0.6                       0.9   -0.3      4.1
  SINCE MAR 1      8.5                       8.0    0.5     10.9
  SINCE JUL 1     42.2                      66.1  -23.9     70.2
  SNOW DEPTH       0

DEGREE DAYS
 HEATING
  YESTERDAY       21                        17      4       30
  MONTH TO DATE  221                       234    -13      340
  SINCE MAR 1   1083                      1089     -6     1030
  SINCE JUL 1   5060                      5778   -718     5160

 COOLING
  YESTERDAY        0                         0      0        0
  MONTH TO DATE    0                         0      0        0
  SINCE MAR 1      0                         1     -1        0
  SINCE JAN 1      0                         1     -1        0
..................................................................


WIND (MPH)
  HIGHEST WIND SPEED    13   HIGHEST WIND DIRECTION    NW (310)
  HIGHEST GUST SPEED    17   HIGHEST GUST DIRECTION    NW (300)
  AVERAGE WIND SPEED     5.7


SKY COVER
  AVERAGE SKY COVER 0.0


WEATHER CONDITIONS
 THE FOLLOWING WEATHER WAS RECORDED YESTERDAY.
  FOG


RELATIVE HUMIDITY (PERCENT)
 HIGHEST   100           600 AM
 LOWEST     40           500 PM
 AVERAGE    70

..........................................................


THE SOUTH BEND CLIMATE NORMALS FOR TODAY
                         NORMAL    RECORD    YEAR
 MAXIMUM TEMPERATURE (F)   59        85      1941
 MINIMUM TEMPERATURE (F)   38        18      1950


SUNRISE AND SUNSET
APRIL 13 2017.........SUNRISE   708 AM EDT   SUNSET   824 PM EDT
APRIL 14 2017.........SUNRISE   706 AM EDT   SUNSET   825 PM EDT


-  INDICATES NEGATIVE NUMBERS.
R  INDICATES RECORD WAS SET OR TIED.
MM INDICATES DATA IS MISSING.
T  INDICATES TRACE AMOUNT.




$$
