000
CDUS43 KIWX 300522
CLISBN


CLIMATE REPORT
NATIONAL WEATHER SERVICE NORTHERN INDIANA
1222 AM EST THU NOV 30 2017


...................................

...THE SOUTH BEND CLIMATE SUMMARY FOR NOVEMBER 29 2017...

CLIMATE NORMAL PERIOD 1981 TO 2010
CLIMATE RECORD PERIOD 1893 TO 2017


WEATHER ITEM   OBSERVED TIME   RECORD YEAR NORMAL DEPARTURE LAST
                VALUE   (LST)  VALUE       VALUE  FROM      YEAR
                                                  NORMAL
..................................................................
TEMPERATURE (F)
 YESTERDAY
  MAXIMUM         48    352 PM  74    1905  41      7       57
  MINIMUM         30    759 AM   4    1929  28      2       44
  AVERAGE         39                        35      4       51

PRECIPITATION (IN)
  YESTERDAY        0.00          1.54 1919   0.10  -0.10     0.07
  MONTH TO DATE    3.38                      3.16   0.22     2.98
  SINCE SEP 1     14.55                     10.01   4.54    10.20
  SINCE JAN 1     42.14                     35.28   6.86    44.61

SNOWFALL (IN)
  YESTERDAY        0.0           5.9  1942   0.3   -0.3      0.0
  MONTH TO DATE    T                         4.5   -4.5      0.5
  SINCE SEP 1      T                         4.9   -4.9      0.5
  SINCE JUL 1      T                         4.9   -4.9      0.5
  SNOW DEPTH       0

DEGREE DAYS
 HEATING
  YESTERDAY       26                        30     -4       14
  MONTH TO DATE  749                       697     52      545
  SINCE SEP 1   1136                      1220    -84      869
  SINCE JUL 1   1157                      1238    -81      877

 COOLING
  YESTERDAY        0                         0      0        0
  MONTH TO DATE    0                         0      0        1
  SINCE SEP 1    140                        91     49      141
  SINCE JAN 1    692                       773    -81      950
..................................................................


WIND (MPH)
  HIGHEST WIND SPEED    15   HIGHEST WIND DIRECTION    SE (150)
  HIGHEST GUST SPEED    19   HIGHEST GUST DIRECTION    SE (140)
  AVERAGE WIND SPEED     8.1


SKY COVER
  AVERAGE SKY COVER 0.0


WEATHER CONDITIONS
 THE FOLLOWING WEATHER WAS RECORDED YESTERDAY.
  NO SIGNIFICANT WEATHER WAS OBSERVED.


RELATIVE HUMIDITY (PERCENT)
 HIGHEST    78           800 AM
 LOWEST     42           300 PM
 AVERAGE    60

..........................................................


THE SOUTH BEND CLIMATE NORMALS FOR TODAY
                         NORMAL    RECORD    YEAR
 MAXIMUM TEMPERATURE (F)   41        68      1933
 MINIMUM TEMPERATURE (F)   28        -4      1929


SUNRISE AND SUNSET
NOVEMBER 30 2017......SUNRISE   752 AM EST   SUNSET   516 PM EST
DECEMBER  1 2017......SUNRISE   753 AM EST   SUNSET   516 PM EST


-  INDICATES NEGATIVE NUMBERS.
R  INDICATES RECORD WAS SET OR TIED.
MM INDICATES DATA IS MISSING.
T  INDICATES TRACE AMOUNT.




$$
