000
CDUS43 KIWX 090524
CLISBN


CLIMATE REPORT
NATIONAL WEATHER SERVICE NORTHERN INDIANA
1224 AM EST MON JAN 9 2017


...................................

...THE SOUTH BEND CLIMATE SUMMARY FOR JANUARY 8 2017...

CLIMATE NORMAL PERIOD 1981 TO 2010
CLIMATE RECORD PERIOD 1893 TO 2017


WEATHER ITEM   OBSERVED TIME   RECORD YEAR NORMAL DEPARTURE LAST
                VALUE   (LST)  VALUE       VALUE  FROM      YEAR
                                                  NORMAL
..................................................................
TEMPERATURE (F)
 YESTERDAY
  MAXIMUM         17    334 PM  61    1965  31    -14       45
  MINIMUM         12   1114 PM -16    1912  18     -6       34
  AVERAGE         15                        25    -10       40

PRECIPITATION (IN)
  YESTERDAY        0.02          1.80 2008   0.08  -0.06     0.14
  MONTH TO DATE    0.79                      0.67   0.12     0.33
  SINCE DEC 1      2.78                      3.28  -0.50     4.45
  SINCE JAN 1      0.79                      0.67   0.12     0.33

SNOWFALL (IN)
  YESTERDAY        0.5          26.0  2011   0.7   -0.2      0.0
  MONTH TO DATE    3.2                       5.1   -1.9      5.4
  SINCE DEC 1     26.9                      22.4    4.5      6.8
  SINCE JUL 1     27.4                      27.6   -0.2     15.9
  SNOW DEPTH       2

DEGREE DAYS
 HEATING
  YESTERDAY       50                        40     10       25
  MONTH TO DATE  359                       320     39      304
  SINCE DEC 1   1580                      1442    138     1090
  SINCE JUL 1   2481                      2711   -230     2157

 COOLING
  YESTERDAY        0                         0      0        0
  MONTH TO DATE    0                         0      0        0
  SINCE DEC 1      0                         0      0        0
  SINCE JAN 1      0                         0      0        0
..................................................................


WIND (MPH)
  HIGHEST WIND SPEED    16   HIGHEST WIND DIRECTION     S (170)
  HIGHEST GUST SPEED    21   HIGHEST GUST DIRECTION    NW (330)
  AVERAGE WIND SPEED     9.8


SKY COVER
  AVERAGE SKY COVER 0.7


WEATHER CONDITIONS
 THE FOLLOWING WEATHER WAS RECORDED YESTERDAY.
  LIGHT SNOW
  FOG
  HAZE


RELATIVE HUMIDITY (PERCENT)
 HIGHEST    84           100 AM
 LOWEST     61           500 PM
 AVERAGE    73

..........................................................


THE SOUTH BEND CLIMATE NORMALS FOR TODAY
                         NORMAL    RECORD    YEAR
 MAXIMUM TEMPERATURE (F)   31        48      1950
                                             1946
                                             1935
 MINIMUM TEMPERATURE (F)   18        -9      1962


SUNRISE AND SUNSET
JANUARY  9 2017.......SUNRISE   812 AM EST   SUNSET   534 PM EST
JANUARY 10 2017.......SUNRISE   812 AM EST   SUNSET   535 PM EST


-  INDICATES NEGATIVE NUMBERS.
R  INDICATES RECORD WAS SET OR TIED.
MM INDICATES DATA IS MISSING.
T  INDICATES TRACE AMOUNT.




$$
