000
CDUS43 KIWX 290526
CLISBN


CLIMATE REPORT
NATIONAL WEATHER SERVICE NORTHERN INDIANA
125 AM EDT THU SEP 29 2016


...................................

...THE SOUTH BEND CLIMATE SUMMARY FOR SEPTEMBER 28 2016...

CLIMATE NORMAL PERIOD 1981 TO 2010
CLIMATE RECORD PERIOD 1893 TO 2016


WEATHER ITEM   OBSERVED TIME   RECORD YEAR NORMAL DEPARTURE LAST
                VALUE   (LST)  VALUE       VALUE  FROM      YEAR
                                                  NORMAL
..................................................................
TEMPERATURE (F)
 YESTERDAY
  MAXIMUM         61    402 PM  89    1908  69     -8       79
  MINIMUM         50    339 AM  29    1942  48      2       62
  AVERAGE         56                        59     -3       71

PRECIPITATION (IN)
  YESTERDAY        0.12          1.28 1927   0.11   0.01      T
  MONTH TO DATE    3.47                      3.32   0.15     4.05
  SINCE SEP 1      3.47                      3.32   0.15     4.05
  SINCE JAN 1     37.88                     28.59   9.29    28.32

SNOWFALL (IN)
  YESTERDAY        0.0           T    1993   0.0    0.0      0.0
  MONTH TO DATE    0.0                       0.0    0.0      0.0
  SINCE SEP 1      0.0                       0.0    0.0      0.0
  SINCE JUL 1      0.0                       0.0    0.0      0.0
  SNOW DEPTH       0

DEGREE DAYS
 HEATING
  YESTERDAY        9                         7      2        0
  MONTH TO DATE   25                        99    -74       51
  SINCE SEP 1     25                        99    -74       51
  SINCE JUL 1     33                       117    -84       76

 COOLING
  YESTERDAY        0                         1     -1        6
  MONTH TO DATE  123                        78     45      137
  SINCE SEP 1    123                        78     45      137
  SINCE JAN 1    932                       760    172      782
..................................................................


WIND (MPH)
  HIGHEST WIND SPEED    20   HIGHEST WIND DIRECTION    NE (40)
  HIGHEST GUST SPEED    29   HIGHEST GUST DIRECTION    NE (30)
  AVERAGE WIND SPEED     6.8


SKY COVER
  AVERAGE SKY COVER 0.8


WEATHER CONDITIONS
 THE FOLLOWING WEATHER WAS RECORDED YESTERDAY.
  LIGHT RAIN
  FOG


RELATIVE HUMIDITY (PERCENT)
 HIGHEST    93           700 PM
 LOWEST     67           300 PM
 AVERAGE    80

..........................................................


THE SOUTH BEND CLIMATE NORMALS FOR TODAY
                         NORMAL    RECORD    YEAR
 MAXIMUM TEMPERATURE (F)   69        94      1953
 MINIMUM TEMPERATURE (F)   48        30      1942


SUNRISE AND SUNSET
SEPTEMBER 29 2016.....SUNRISE   740 AM EDT   SUNSET   730 PM EDT
SEPTEMBER 30 2016.....SUNRISE   742 AM EDT   SUNSET   728 PM EDT


-  INDICATES NEGATIVE NUMBERS.
R  INDICATES RECORD WAS SET OR TIED.
MM INDICATES DATA IS MISSING.
T  INDICATES TRACE AMOUNT.




$$
