000
CDUS43 KIWX 300024
CLISBN


CLIMATE REPORT
NATIONAL WEATHER SERVICE NORTHERN INDIANA
723 PM EST THU JAN 29 2015


...................................

...THE SOUTH BEND CLIMATE SUMMARY FOR JANUARY 29 2015...
VALID AS OF 0700 PM LOCAL TIME.

CLIMATE NORMAL PERIOD 1981 TO 2010
CLIMATE RECORD PERIOD 1893 TO 2015


WEATHER ITEM   OBSERVED TIME   RECORD YEAR NORMAL DEPARTURE LAST
                VALUE   (LST)  VALUE       VALUE  FROM      YEAR
                                                  NORMAL
..................................................................
TEMPERATURE (F)
 TODAY
  MAXIMUM         37   1110 AM  59    2013  32      5       18
  MINIMUM         31   1242 AM -12    1899  18     13       -6
  AVERAGE         34                        25      9        6

PRECIPITATION (IN)
  TODAY            0.02          1.96 2013   0.06  -0.04     0.00
  MONTH TO DATE    1.85                      2.16  -0.31     3.05
  SINCE DEC 1      3.32                      4.77  -1.45     5.38
  SINCE JAN 1      1.85                      2.16  -0.31     3.05

SNOWFALL (IN)
  TODAY            T             8.2  1978   0.6   -0.6      0.0
  MONTH TO DATE   21.3                      19.2    2.1     45.9
  SINCE DEC 1     21.5                      36.5  -15.0     64.4
  SINCE JUL 1     40.8                      41.7   -0.9     73.6
  SNOW DEPTH       1

DEGREE DAYS
 HEATING
  TODAY           31                        40     -9       59
  MONTH TO DATE 1230                      1180     50     1327
  SINCE DEC 1   2208                      2302    -94     2524
  SINCE JUL 1   3650                      3571     79     3813

 COOLING
  TODAY            0                         0      0        0
  MONTH TO DATE    0                         0      0        0
  SINCE DEC 1      0                         0      0        0
  SINCE JAN 1      0                         0      0        0
..................................................................


WIND (MPH)
  RESULTANT WIND SPEED   4   RESULTANT WIND DIRECTION  NW (300)
  HIGHEST WIND SPEED    26   HIGHEST WIND DIRECTION    NW (320)
  HIGHEST GUST SPEED    37   HIGHEST GUST DIRECTION    NW (330)
  AVERAGE WIND SPEED    13.4


SKY COVER
  POSSIBLE SUNSHINE  MM
  AVERAGE SKY COVER 0.9


WEATHER CONDITIONS
 THE FOLLOWING WEATHER WAS RECORDED TODAY.
  LIGHT RAIN
  LT FREEZING RAIN
  LIGHT SNOW
  FOG
  HAZE


RELATIVE HUMIDITY (PERCENT)
 HIGHEST    82          1200 PM
 LOWEST     61           200 AM
 AVERAGE    72

..........................................................


THE SOUTH BEND CLIMATE NORMALS FOR TOMORROW
                         NORMAL    RECORD    YEAR
 MAXIMUM TEMPERATURE (F)   32        54      1974
 MINIMUM TEMPERATURE (F)   18       -13      1966


SUNRISE AND SUNSET
JANUARY 29 2015.......SUNRISE   800 AM EST   SUNSET   557 PM EST
JANUARY 30 2015.......SUNRISE   800 AM EST   SUNSET   558 PM EST


-  INDICATES NEGATIVE NUMBERS.
R  INDICATES RECORD WAS SET OR TIED.
MM INDICATES DATA IS MISSING.
T  INDICATES TRACE AMOUNT.




$$
