000
CDUS43 KIWX 180531
CLISBN


CLIMATE REPORT
NATIONAL WEATHER SERVICE NORTHERN INDIANA
128 AM EDT WED MAY 18 2016


...................................

...THE SOUTH BEND CLIMATE SUMMARY FOR MAY 17 2016...

CLIMATE NORMAL PERIOD 1981 TO 2010
CLIMATE RECORD PERIOD 1893 TO 2016


WEATHER ITEM   OBSERVED TIME   RECORD YEAR NORMAL DEPARTURE LAST
                VALUE   (LST)  VALUE       VALUE  FROM      YEAR
                                                  NORMAL
..................................................................
TEMPERATURE (F)
 YESTERDAY
  MAXIMUM         61    322 PM  92    1962  70     -9       79
  MINIMUM         46   1159 PM  30    1973  49     -3       67
  AVERAGE         54                        60     -6       73

PRECIPITATION (IN)
  YESTERDAY        0.02          1.32 1947   0.13  -0.11     0.00
  MONTH TO DATE    2.39                      2.02   0.37     3.02
  SINCE MAR 1     11.23                      7.67   3.56     6.20
  SINCE JAN 1     15.01                     11.91   3.10    10.10

SNOWFALL (IN)
  YESTERDAY        0.0           T    1999   0.0    0.0      0.0
  MONTH TO DATE    0.0                       0.0    0.0      0.0
  SINCE MAR 1     10.9                       8.5    2.4      6.1
  SINCE JUL 1     70.2                      66.6    3.6     83.9
  SNOW DEPTH       0

DEGREE DAYS
 HEATING
  YESTERDAY       11                         7      4        0
  MONTH TO DATE  215                       151     64       65
  SINCE MAR 1   1429                      1493    -64     1440
  SINCE JUL 1   5559                      6182   -623     6537

 COOLING
  YESTERDAY        0                         2     -2        8
  MONTH TO DATE    0                        16    -16       44
  SINCE MAR 1      4                        26    -22       46
  SINCE JAN 1      4                        26    -22       46
..................................................................


WIND (MPH)
  HIGHEST WIND SPEED    15   HIGHEST WIND DIRECTION     N (350)
  HIGHEST GUST SPEED    18   HIGHEST GUST DIRECTION     N (350)
  AVERAGE WIND SPEED     7.8


SKY COVER
  AVERAGE SKY COVER 0.8


WEATHER CONDITIONS
 THE FOLLOWING WEATHER WAS RECORDED YESTERDAY.
  LIGHT RAIN


RELATIVE HUMIDITY (PERCENT)
 HIGHEST    83           700 AM
 LOWEST     55           300 PM
 AVERAGE    69

..........................................................


THE SOUTH BEND CLIMATE NORMALS FOR TODAY
                         NORMAL    RECORD    YEAR
 MAXIMUM TEMPERATURE (F)   71        91      1962
                                             1934
                                             1911
 MINIMUM TEMPERATURE (F)   49        30      1925


SUNRISE AND SUNSET
MAY 18 2016...........SUNRISE   622 AM EDT   SUNSET   902 PM EDT
MAY 19 2016...........SUNRISE   621 AM EDT   SUNSET   903 PM EDT


-  INDICATES NEGATIVE NUMBERS.
R  INDICATES RECORD WAS SET OR TIED.
MM INDICATES DATA IS MISSING.
T  INDICATES TRACE AMOUNT.




$$
