000
CDUS43 KIWX 220532
CLISBN


CLIMATE REPORT
NATIONAL WEATHER SERVICE NORTHERN INDIANA
131 AM EDT FRI APR 22 2016


...................................

...THE SOUTH BEND CLIMATE SUMMARY FOR APRIL 21 2016...

CLIMATE NORMAL PERIOD 1981 TO 2010
CLIMATE RECORD PERIOD 1893 TO 2016


WEATHER ITEM   OBSERVED TIME   RECORD YEAR NORMAL DEPARTURE LAST
                VALUE   (LST)  VALUE       VALUE  FROM      YEAR
                                                  NORMAL
..................................................................
TEMPERATURE (F)
 YESTERDAY
  MAXIMUM         67    309 PM  84    1985  62      5       55
  MINIMUM         51    617 AM  22    1904  41     10       36
  AVERAGE         59                        51      8       46

PRECIPITATION (IN)
  YESTERDAY        1.16          1.91 1905   0.11   1.05      T
  MONTH TO DATE    3.45                      2.23   1.22     2.03
  SINCE MAR 1      7.62                      4.65   2.97     2.81
  SINCE JAN 1     11.40                      8.89   2.51     6.71

SNOWFALL (IN)
  YESTERDAY        0.0           0.5  1936   0.0    0.0      0.0
  MONTH TO DATE    4.1                       1.3    2.8      0.0
  SINCE MAR 1     10.9                       8.4    2.5      6.1
  SINCE JUL 1     70.2                      66.5    3.7     83.9
  SNOW DEPTH       0

DEGREE DAYS
 HEATING
  YESTERDAY        6                        14     -8       19
  MONTH TO DATE  408                       375     33      249
  SINCE MAR 1   1098                      1230   -132     1191
  SINCE JUL 1   5228                      5919   -691     6288

 COOLING
  YESTERDAY        0                         0      0        0
  MONTH TO DATE    0                         0      0        2
  SINCE MAR 1      0                         1     -1        2
  SINCE JAN 1      0                         1     -1        2
..................................................................


WIND (MPH)
  HIGHEST WIND SPEED    14   HIGHEST WIND DIRECTION     W (290)
  HIGHEST GUST SPEED    19   HIGHEST GUST DIRECTION     W (280)
  AVERAGE WIND SPEED     4.9


SKY COVER
  AVERAGE SKY COVER 0.8


WEATHER CONDITIONS
 THE FOLLOWING WEATHER WAS RECORDED YESTERDAY.
  HEAVY RAIN
  RAIN
  LIGHT RAIN
  FOG


RELATIVE HUMIDITY (PERCENT)
 HIGHEST   100           900 AM
 LOWEST     68           300 PM
 AVERAGE    84

..........................................................


THE SOUTH BEND CLIMATE NORMALS FOR TODAY
                         NORMAL    RECORD    YEAR
 MAXIMUM TEMPERATURE (F)   62        89      1980
 MINIMUM TEMPERATURE (F)   41        20      1936


SUNRISE AND SUNSET
APRIL 22 2016.........SUNRISE   654 AM EDT   SUNSET   834 PM EDT
APRIL 23 2016.........SUNRISE   652 AM EDT   SUNSET   835 PM EDT


-  INDICATES NEGATIVE NUMBERS.
R  INDICATES RECORD WAS SET OR TIED.
MM INDICATES DATA IS MISSING.
T  INDICATES TRACE AMOUNT.




$$
