000
CDUS43 KIWX 080608
CLISBN


CLIMATE REPORT
NATIONAL WEATHER SERVICE NORTHERN INDIANA
107 AM EST WED FEB 8 2017


...................................

...THE SOUTH BEND CLIMATE SUMMARY FOR FEBRUARY 7 2017...

CLIMATE NORMAL PERIOD 1981 TO 2010
CLIMATE RECORD PERIOD 1893 TO 2017


WEATHER ITEM   OBSERVED TIME   RECORD YEAR NORMAL DEPARTURE LAST
                VALUE   (LST)  VALUE       VALUE  FROM      YEAR
                                                  NORMAL
..................................................................
TEMPERATURE (F)
 YESTERDAY
  MAXIMUM         57    331 PM  63    1925  33     24       46
  MINIMUM         36   1159 PM -14    1978  19     17       29
  AVERAGE         47                        26     21       38

PRECIPITATION (IN)
  YESTERDAY        1.42R         0.90 1933   0.06   1.36     0.00
  MONTH TO DATE    1.43                      0.43   0.00     0.46
  SINCE DEC 1      6.76                      5.33   1.43     6.18
  SINCE JAN 1      4.77                      2.72   2.05     2.06

SNOWFALL (IN)
  YESTERDAY        0.0          10.0  1914   0.6   -0.6      0.0
  MONTH TO DATE    0.2                       4.4   -4.2       T
  SINCE DEC 1     33.0                      42.3   -9.3     20.1
  SINCE JUL 1     33.5                      47.5  -14.0     29.2
  SNOW DEPTH       0

DEGREE DAYS
 HEATING
  YESTERDAY       18                        39    -21       27
  MONTH TO DATE  247                       278    -31      228
  SINCE DEC 1   2554                      2657   -103     2254
  SINCE JUL 1   3455                      3926   -471     3321

 COOLING
  YESTERDAY        0                         0      0        0
  MONTH TO DATE    0                         0      0        0
  SINCE DEC 1      0                         0      0        0
  SINCE JAN 1      0                         0      0        0
..................................................................


WIND (MPH)
  HIGHEST WIND SPEED    24   HIGHEST WIND DIRECTION     W (290)
  HIGHEST GUST SPEED    34   HIGHEST GUST DIRECTION    NW (300)
  AVERAGE WIND SPEED    11.3


SKY COVER
  AVERAGE SKY COVER 1.0


WEATHER CONDITIONS
 THE FOLLOWING WEATHER WAS RECORDED YESTERDAY.
  THUNDERSTORM
  HEAVY RAIN
  RAIN
  LIGHT RAIN
  FOG


RELATIVE HUMIDITY (PERCENT)
 HIGHEST   100          1200 AM
 LOWEST     86           300 PM
 AVERAGE    93

..........................................................


THE SOUTH BEND CLIMATE NORMALS FOR TODAY
                         NORMAL    RECORD    YEAR
 MAXIMUM TEMPERATURE (F)   33        66      1925
 MINIMUM TEMPERATURE (F)   19       -14      1895


SUNRISE AND SUNSET
FEBRUARY  8 2017......SUNRISE   749 AM EST   SUNSET   610 PM EST
FEBRUARY  9 2017......SUNRISE   748 AM EST   SUNSET   611 PM EST


-  INDICATES NEGATIVE NUMBERS.
R  INDICATES RECORD WAS SET OR TIED.
MM INDICATES DATA IS MISSING.
T  INDICATES TRACE AMOUNT.




$$
