000
CDUS43 KIWX 150532
CLISBN


CLIMATE REPORT
NATIONAL WEATHER SERVICE NORTHERN INDIANA
132 AM EDT FRI AUG 15 2014


...................................

...THE SOUTH BEND CLIMATE SUMMARY FOR AUGUST 14 2014...

CLIMATE NORMAL PERIOD 1981 TO 2010
CLIMATE RECORD PERIOD 1893 TO 2014


WEATHER ITEM   OBSERVED TIME   RECORD YEAR NORMAL DEPARTURE LAST
                VALUE   (LST)  VALUE       VALUE  FROM      YEAR
                                                  NORMAL
..................................................................
TEMPERATURE (F)
 YESTERDAY
  MAXIMUM         72    230 PM  97    1944  81     -9       70
                                      1895
  MINIMUM         50   1159 PM  44    1964  62    -12       46
  AVERAGE         61                        72    -11       58

PRECIPITATION (IN)
  YESTERDAY        0.00          2.35 1951   0.12  -0.12     0.00
  MONTH TO DATE    0.87                      1.73  -0.86     2.64
  SINCE JUN 1     11.80                      9.52   2.28     9.23
  SINCE JAN 1     26.88                     23.24   3.64    26.53

DEGREE DAYS
 HEATING
  YESTERDAY        4                         0      4        7
  MONTH TO DATE    6                         0      6       12
  SINCE JUN 1     41                        49     -8       63
  SINCE JUL 1     24                         5     19       26

 COOLING
  YESTERDAY        0                         7     -7        0
  MONTH TO DATE   85                       100    -15       57
  SINCE JUN 1    441                       518    -77      451
  SINCE JAN 1    526                       574    -48      547
..................................................................


WIND (MPH)
  HIGHEST WIND SPEED    17   HIGHEST WIND DIRECTION     N (350)
  HIGHEST GUST SPEED    30   HIGHEST GUST DIRECTION     N (360)
  AVERAGE WIND SPEED     7.6


SKY COVER
  AVERAGE SKY COVER 0.1


WEATHER CONDITIONS
 THE FOLLOWING WEATHER WAS RECORDED YESTERDAY.
  NO SIGNIFICANT WEATHER WAS OBSERVED.


RELATIVE HUMIDITY (PERCENT)
 HIGHEST    86          1200 AM
 LOWEST     35           200 PM
 AVERAGE    61

..........................................................


THE SOUTH BEND CLIMATE NORMALS FOR TODAY
                         NORMAL    RECORD    YEAR
 MAXIMUM TEMPERATURE (F)   81        94      1944
 MINIMUM TEMPERATURE (F)   62        44      1964


SUNRISE AND SUNSET
AUGUST 15 2014........SUNRISE   654 AM EDT   SUNSET   845 PM EDT
AUGUST 16 2014........SUNRISE   655 AM EDT   SUNSET   844 PM EDT


-  INDICATES NEGATIVE NUMBERS.
R  INDICATES RECORD WAS SET OR TIED.
MM INDICATES DATA IS MISSING.
T  INDICATES TRACE AMOUNT.




$$
