000
CDUS43 KIWX 290021
CLISBN


CLIMATE REPORT
NATIONAL WEATHER SERVICE NORTHERN INDIANA
820 PM EDT SUN JUN 28 2015


...................................

...THE SOUTH BEND CLIMATE SUMMARY FOR JUNE 28 2015...
VALID AS OF 0800 PM LOCAL TIME.

CLIMATE NORMAL PERIOD 1981 TO 2010
CLIMATE RECORD PERIOD 1893 TO 2015


WEATHER ITEM   OBSERVED TIME   RECORD YEAR NORMAL DEPARTURE LAST
                VALUE   (LST)  VALUE       VALUE  FROM      YEAR
                                                  NORMAL
..................................................................
TEMPERATURE (F)
 TODAY
  MAXIMUM         78    257 PM 103    1934  83     -5       84
  MINIMUM         54    550 AM  42    1992  62     -8       72
  AVERAGE         66                        72     -6       78

PRECIPITATION (IN)
  TODAY            0.00          1.56 1993   0.11  -0.11      T
  MONTH TO DATE    3.72                      3.57   0.15     8.35
  SINCE JUN 1      3.72                      3.57   0.15     8.35
  SINCE JAN 1     16.81                     17.29  -0.48    23.43

SNOWFALL (IN)
  TODAY            0.0           0.0  2002   0.0    0.0      0.0
                                      2001
  MONTH TO DATE    0.0                       0.0    0.0      0.0
  SINCE JUN 1      0.0                       0.0    0.0      0.0
  SINCE JUL 1     83.9                      66.6   17.3    106.9
  SNOW DEPTH       0

DEGREE DAYS
 HEATING
  TODAY            0                         0      0        0
  MONTH TO DATE   19                        43    -24       17
  SINCE JUN 1     19                        43    -24       17
  SINCE JUL 1   6623                      6297    326     6953

 COOLING
  TODAY            1                         8     -7       13
  MONTH TO DATE  154                       149      5      189
  SINCE JUN 1    154                       149      5      189
  SINCE JAN 1    240                       205     35      274
..................................................................


WIND (MPH)
  RESULTANT WIND SPEED   4   RESULTANT WIND DIRECTION   W (250)
  HIGHEST WIND SPEED    16   HIGHEST WIND DIRECTION    SW (230)
  HIGHEST GUST SPEED    21   HIGHEST GUST DIRECTION    SW (220)
  AVERAGE WIND SPEED     5.6


SKY COVER
  POSSIBLE SUNSHINE  MM
  AVERAGE SKY COVER 0.1


WEATHER CONDITIONS
 THE FOLLOWING WEATHER WAS RECORDED TODAY.
  NO SIGNIFICANT WEATHER WAS OBSERVED.


RELATIVE HUMIDITY (PERCENT)
 HIGHEST    93           400 AM
 LOWEST     35           200 PM
 AVERAGE    64

..........................................................


THE SOUTH BEND CLIMATE NORMALS FOR TOMORROW
                         NORMAL    RECORD    YEAR
 MAXIMUM TEMPERATURE (F)   83       102      1934
 MINIMUM TEMPERATURE (F)   62        43      1923


SUNRISE AND SUNSET
JUNE 28 2015..........SUNRISE   613 AM EDT   SUNSET   924 PM EDT
JUNE 29 2015..........SUNRISE   613 AM EDT   SUNSET   924 PM EDT


-  INDICATES NEGATIVE NUMBERS.
R  INDICATES RECORD WAS SET OR TIED.
MM INDICATES DATA IS MISSING.
T  INDICATES TRACE AMOUNT.




$$
