000
CDUS43 KIWX 110523
CLISBN


CLIMATE REPORT
NATIONAL WEATHER SERVICE NORTHERN INDIANA
122 AM EDT THU AUG 11 2016


...................................

...THE SOUTH BEND CLIMATE SUMMARY FOR AUGUST 10 2016...

CLIMATE NORMAL PERIOD 1981 TO 2010
CLIMATE RECORD PERIOD 1893 TO 2016


WEATHER ITEM   OBSERVED TIME   RECORD YEAR NORMAL DEPARTURE LAST
                VALUE   (LST)  VALUE       VALUE  FROM      YEAR
                                                  NORMAL
..................................................................
TEMPERATURE (F)
 YESTERDAY
  MAXIMUM         92    402 PM  98    1944  81     11       84
  MINIMUM         65    610 AM  46    1972  62      3       67
  AVERAGE         79                        72      7       76

PRECIPITATION (IN)
  YESTERDAY        0.00          2.79 1979   0.12  -0.12      T
  MONTH TO DATE    0.00                      1.24  -1.24     0.54
  SINCE JUN 1      6.49                      9.03  -2.54     9.40
  SINCE JAN 1     21.60                     22.75  -1.15    22.49

SNOWFALL (IN)
  YESTERDAY        0.0           0.0  2002   0.0    0.0      0.0
                                      2001
  MONTH TO DATE    0.0                       0.0    0.0      0.0
  SINCE JUN 1      0.0                       0.0    0.0      0.0
  SINCE JUL 1      0.0                       0.0    0.0      0.0
  SNOW DEPTH       0

DEGREE DAYS
 HEATING
  YESTERDAY        0                         0      0        0
  MONTH TO DATE    0                         0      0        0
  SINCE JUN 1     43                        49     -6       29
  SINCE JUL 1      8                         5      3       10

 COOLING
  YESTERDAY       14                         7      7       11
  MONTH TO DATE  105                        72     33       82
  SINCE JUN 1    551                       490     61      447
  SINCE JAN 1    620                       546     74      533
..................................................................


WIND (MPH)
  HIGHEST WIND SPEED    10   HIGHEST WIND DIRECTION    NW (330)
  HIGHEST GUST SPEED    12   HIGHEST GUST DIRECTION    NW (310)
  AVERAGE WIND SPEED     2.5


SKY COVER
  AVERAGE SKY COVER 0.2


WEATHER CONDITIONS
 THE FOLLOWING WEATHER WAS RECORDED YESTERDAY.
  NO SIGNIFICANT WEATHER WAS OBSERVED.


RELATIVE HUMIDITY (PERCENT)
 HIGHEST    93           600 AM
 LOWEST     44           200 PM
 AVERAGE    69

..........................................................


THE SOUTH BEND CLIMATE NORMALS FOR TODAY
                         NORMAL    RECORD    YEAR
 MAXIMUM TEMPERATURE (F)   81        99      1941
 MINIMUM TEMPERATURE (F)   62        47      1968
                                             1967
                                             1946


SUNRISE AND SUNSET
AUGUST 11 2016........SUNRISE   650 AM EDT   SUNSET   850 PM EDT
AUGUST 12 2016........SUNRISE   651 AM EDT   SUNSET   849 PM EDT


-  INDICATES NEGATIVE NUMBERS.
R  INDICATES RECORD WAS SET OR TIED.
MM INDICATES DATA IS MISSING.
T  INDICATES TRACE AMOUNT.




$$
