000
CDUS43 KIWX 130025
CLISBN


CLIMATE REPORT
NATIONAL WEATHER SERVICE NORTHERN INDIANA
825 PM EDT THU MAY 12 2016


...................................

...THE SOUTH BEND CLIMATE SUMMARY FOR MAY 12 2016...
VALID AS OF 0800 PM LOCAL TIME.

CLIMATE NORMAL PERIOD 1981 TO 2010
CLIMATE RECORD PERIOD 1893 TO 2016


WEATHER ITEM   OBSERVED TIME   RECORD YEAR NORMAL DEPARTURE LAST
                VALUE   (LST)  VALUE       VALUE  FROM      YEAR
                                                  NORMAL
..................................................................
TEMPERATURE (F)
 TODAY
  MAXIMUM         70    942 AM  88    1985  69      1       55
  MINIMUM         58    556 AM  29    1928  47     11       48
                                      1907
  AVERAGE         64                        58      6       52

PRECIPITATION (IN)
  TODAY            0.03          2.30 1905   0.12  -0.09     0.00
  MONTH TO DATE    1.79                      1.41   0.38     2.80
  SINCE MAR 1     10.63                      7.06   3.57     5.98
  SINCE JAN 1     14.41                     11.30   3.11     9.88

SNOWFALL (IN)
  TODAY            0.0           0.0  2002   0.0    0.0      0.0
                                      2001
  MONTH TO DATE    0.0                       0.0    0.0      0.0
  SINCE MAR 1     10.9                       8.5    2.4      6.1
  SINCE JUL 1     70.2                      66.6    3.6     83.9
  SNOW DEPTH       0

DEGREE DAYS
 HEATING
  TODAY            1                         8     -7       13
  MONTH TO DATE  141                       114     27       40
  SINCE MAR 1   1355                      1456   -101     1415
  SINCE JUL 1   5485                      6145   -660     6512

 COOLING
  TODAY            0                         1     -1        0
  MONTH TO DATE    0                        10    -10       26
  SINCE MAR 1      4                        20    -16       28
  SINCE JAN 1      4                        20    -16       28
..................................................................


WIND (MPH)
  RESULTANT WIND SPEED   5   RESULTANT WIND DIRECTION  SW (220)
  HIGHEST WIND SPEED    18   HIGHEST WIND DIRECTION    SW (240)
  HIGHEST GUST SPEED    28   HIGHEST GUST DIRECTION     W (280)
  AVERAGE WIND SPEED     9.8


SKY COVER
  POSSIBLE SUNSHINE  MM
  AVERAGE SKY COVER 0.5


WEATHER CONDITIONS
 THE FOLLOWING WEATHER WAS RECORDED TODAY.
  RAIN
  LIGHT RAIN
  FOG


RELATIVE HUMIDITY (PERCENT)
 HIGHEST   100           400 AM
 LOWEST     73           900 AM
 AVERAGE    87

..........................................................


THE SOUTH BEND CLIMATE NORMALS FOR TOMORROW
                         NORMAL    RECORD    YEAR
 MAXIMUM TEMPERATURE (F)   69        88      1991
 MINIMUM TEMPERATURE (F)   48        30      2013
                                             1996
                                             1928


SUNRISE AND SUNSET
MAY 12 2016...........SUNRISE   628 AM EDT   SUNSET   856 PM EDT
MAY 13 2016...........SUNRISE   627 AM EDT   SUNSET   857 PM EDT


-  INDICATES NEGATIVE NUMBERS.
R  INDICATES RECORD WAS SET OR TIED.
MM INDICATES DATA IS MISSING.
T  INDICATES TRACE AMOUNT.




$$
