000
CDUS43 KIWX 110026
CLISBN


CLIMATE REPORT
NATIONAL WEATHER SERVICE NORTHERN INDIANA
726 PM EST TUE JAN 10 2017


...................................

...THE SOUTH BEND CLIMATE SUMMARY FOR JANUARY 10 2017...
VALID AS OF 0700 PM LOCAL TIME.

CLIMATE NORMAL PERIOD 1981 TO 2010
CLIMATE RECORD PERIOD 1893 TO 2017


WEATHER ITEM   OBSERVED TIME   RECORD YEAR NORMAL DEPARTURE LAST
                VALUE   (LST)  VALUE       VALUE  FROM      YEAR
                                                  NORMAL
..................................................................
TEMPERATURE (F)
 TODAY
  MAXIMUM         50    511 PM  61    1975  31     19       35
  MINIMUM         28    107 AM -15    1982  18     10        5
  AVERAGE         39                        24     15       20

PRECIPITATION (IN)
  TODAY            0.34          1.84 1975   0.08   0.26     0.10
  MONTH TO DATE    1.15                      0.83   0.32     0.90
  SINCE DEC 1      3.14                      3.44  -0.30     5.02
  SINCE JAN 1      1.15                      0.83   0.32     0.90

SNOWFALL (IN)
  TODAY            0.1           7.6  1977   0.6   -0.5      1.1
  MONTH TO DATE    3.8                       6.3   -2.5      6.5
  SINCE DEC 1     27.5                      23.6    3.9      7.9
  SINCE JUL 1     28.0                      28.8   -0.8     17.0
  SNOW DEPTH       2

DEGREE DAYS
 HEATING
  TODAY           26                        41    -15       45
  MONTH TO DATE  428                       402     26      375
  SINCE DEC 1   1649                      1524    125     1161
  SINCE JUL 1   2550                      2793   -243     2228

 COOLING
  TODAY            0                         0      0        0
  MONTH TO DATE    0                         0      0        0
  SINCE DEC 1      0                         0      0        0
  SINCE JAN 1      0                         0      0        0
..................................................................


WIND (MPH)
  RESULTANT WIND SPEED  16   RESULTANT WIND DIRECTION   S (180)
  HIGHEST WIND SPEED    35   HIGHEST WIND DIRECTION    SW (210)
  HIGHEST GUST SPEED    50   HIGHEST GUST DIRECTION     S (200)
  AVERAGE WIND SPEED    18.1


SKY COVER
  POSSIBLE SUNSHINE  MM
  AVERAGE SKY COVER 1.0


WEATHER CONDITIONS
 THE FOLLOWING WEATHER WAS RECORDED TODAY.
  RAIN
  LIGHT RAIN
  LIGHT SNOW
  FOG


RELATIVE HUMIDITY (PERCENT)
 HIGHEST    96           800 AM
 LOWEST     69           400 AM
 AVERAGE    83

..........................................................


THE SOUTH BEND CLIMATE NORMALS FOR TOMORROW
                         NORMAL    RECORD    YEAR
 MAXIMUM TEMPERATURE (F)   31        56      1980
 MINIMUM TEMPERATURE (F)   18        -8      1962


SUNRISE AND SUNSET
JANUARY 10 2017.......SUNRISE   812 AM EST   SUNSET   535 PM EST
JANUARY 11 2017.......SUNRISE   811 AM EST   SUNSET   536 PM EST


-  INDICATES NEGATIVE NUMBERS.
R  INDICATES RECORD WAS SET OR TIED.
MM INDICATES DATA IS MISSING.
T  INDICATES TRACE AMOUNT.




$$
