000
CDUS43 KIWX 162020
CLISBN


CLIMATE REPORT
NATIONAL WEATHER SERVICE NORTHERN INDIANA
420 PM EDT SAT MAY 16 2015


...................................

...THE SOUTH BEND CLIMATE SUMMARY FOR MAY 16 2015...
VALID TODAY AS OF 0400 PM LOCAL TIME.

CLIMATE NORMAL PERIOD 1981 TO 2010
CLIMATE RECORD PERIOD 1893 TO 2015


WEATHER ITEM   OBSERVED TIME   RECORD YEAR NORMAL DEPARTURE LAST
                VALUE   (LST)  VALUE       VALUE  FROM      YEAR
                                                  NORMAL
..................................................................
TEMPERATURE (F)
 TODAY
  MAXIMUM         78    130 PM  89    1962  70      8       45
                                      1900
  MINIMUM         64    632 AM  30    1904  49     15       32
  AVERAGE         71                        59     12       39

PRECIPITATION (IN)
  TODAY            0.13          1.90 1996   0.12   0.01     0.08
  MONTH TO DATE    3.02                      1.89   1.13     2.83
  SINCE MAR 1      6.20                      7.54  -1.34     6.87
  SINCE JAN 1     10.10                     11.78  -1.68    12.81

DEGREE DAYS
 HEATING
  TODAY            0                         7     -7       26
  MONTH TO DATE   65                       144    -79      151
  SINCE MAR 1   1440                      1486    -46     1696
  SINCE JUL 1   6537                      6175    362     6879

 COOLING
  TODAY            6                         1      5        0
  MONTH TO DATE   36                        14     22       23
  SINCE MAR 1     38                        24     14       25
  SINCE JAN 1     38                        24     14       25
..................................................................


WIND (MPH)
  HIGHEST WIND SPEED    15   HIGHEST WIND DIRECTION    SW (210)
  HIGHEST GUST SPEED    18   HIGHEST GUST DIRECTION    SW (210)
  AVERAGE WIND SPEED     6.9


SKY COVER
  POSSIBLE SUNSHINE  MM
  AVERAGE SKY COVER 0.9


WEATHER CONDITIONS
 THE FOLLOWING WEATHER WAS RECORDED TODAY.
  RAIN
  FOG


RELATIVE HUMIDITY (PERCENT)
 HIGHEST    93           700 AM
 LOWEST     69           100 PM
 AVERAGE    81

..........................................................


THE SOUTH BEND CLIMATE NORMALS FOR TOMORROW
                         NORMAL    RECORD    YEAR
 MAXIMUM TEMPERATURE (F)   70        92      1962
 MINIMUM TEMPERATURE (F)   49        30      1973


SUNRISE AND SUNSET
MAY 16 2015...........SUNRISE   625 AM EDT   SUNSET   859 PM EDT
MAY 17 2015...........SUNRISE   624 AM EDT   SUNSET   900 PM EDT


-  INDICATES NEGATIVE NUMBERS.
R  INDICATES RECORD WAS SET OR TIED.
MM INDICATES DATA IS MISSING.
T  INDICATES TRACE AMOUNT.




$$
