000
CDUS43 KIWX 100528
CLISBN


CLIMATE REPORT
NATIONAL WEATHER SERVICE NORTHERN INDIANA
1228 AM EST FRI MAR 10 2017


...................................

...THE SOUTH BEND CLIMATE SUMMARY FOR MARCH 9 2017...

CLIMATE NORMAL PERIOD 1981 TO 2010
CLIMATE RECORD PERIOD 1893 TO 2017


WEATHER ITEM   OBSERVED TIME   RECORD YEAR NORMAL DEPARTURE LAST
                VALUE   (LST)  VALUE       VALUE  FROM      YEAR
                                                  NORMAL
..................................................................
TEMPERATURE (F)
 YESTERDAY
  MAXIMUM         42   1253 PM  70    2000  43     -1       65
  MINIMUM         23    710 AM   0    1978  26     -3       57
  AVERAGE         33                        35     -2       61

PRECIPITATION (IN)
  YESTERDAY        T             0.79 2006   0.08  -0.08     0.29
  MONTH TO DATE    0.87                      0.70   0.17     0.95
  SINCE MAR 1      0.87                      0.70   0.17     0.95
  SINCE JAN 1      7.86                      4.94   2.92     4.73

SNOWFALL (IN)
  YESTERDAY        T            12.2  1998   0.3   -0.3      0.0
  MONTH TO DATE    2.0                       3.0   -1.0      6.8
  SINCE MAR 1      2.0                       3.0   -1.0      6.8
  SINCE JUL 1     35.7                      61.1  -25.4     66.1
  SNOW DEPTH       0

DEGREE DAYS
 HEATING
  YESTERDAY       32                        30      2        4
  MONTH TO DATE  238                       285    -47      241
  SINCE MAR 1    238                       285    -47      241
  SINCE JUL 1   4215                      4974   -759     4371

 COOLING
  YESTERDAY        0                         0      0        0
  MONTH TO DATE    0                         0      0        0
  SINCE MAR 1      0                         0      0        0
  SINCE JAN 1      0                         0      0        0
..................................................................


WIND (MPH)
  HIGHEST WIND SPEED    20   HIGHEST WIND DIRECTION    NW (330)
  HIGHEST GUST SPEED    25   HIGHEST GUST DIRECTION     N (350)
  AVERAGE WIND SPEED     7.6


SKY COVER
  AVERAGE SKY COVER 0.6


WEATHER CONDITIONS
 THE FOLLOWING WEATHER WAS RECORDED YESTERDAY.
  NO SIGNIFICANT WEATHER WAS OBSERVED.


RELATIVE HUMIDITY (PERCENT)
 HIGHEST    75           600 AM
 LOWEST     40          1200 PM
 AVERAGE    58

..........................................................


THE SOUTH BEND CLIMATE NORMALS FOR TODAY
                         NORMAL    RECORD    YEAR
 MAXIMUM TEMPERATURE (F)   44        67      1902
 MINIMUM TEMPERATURE (F)   27         5      1944


SUNRISE AND SUNSET
MARCH 10 2017.........SUNRISE   705 AM EST   SUNSET   646 PM EST
MARCH 11 2017.........SUNRISE   703 AM EST   SUNSET   648 PM EST


-  INDICATES NEGATIVE NUMBERS.
R  INDICATES RECORD WAS SET OR TIED.
MM INDICATES DATA IS MISSING.
T  INDICATES TRACE AMOUNT.




$$
