000
CDUS43 KIWX 200528
CLISBN


CLIMATE REPORT
NATIONAL WEATHER SERVICE NORTHERN INDIANA
127 AM EDT THU AUG 20 2015


...................................

...THE SOUTH BEND CLIMATE SUMMARY FOR AUGUST 19 2015...

CLIMATE NORMAL PERIOD 1981 TO 2010
CLIMATE RECORD PERIOD 1893 TO 2015


WEATHER ITEM   OBSERVED TIME   RECORD YEAR NORMAL DEPARTURE LAST
                VALUE   (LST)  VALUE       VALUE  FROM      YEAR
                                                  NORMAL
..................................................................
TEMPERATURE (F)
 YESTERDAY
  MAXIMUM         81   1112 AM  98    1983  81      0       87
                                      1916
  MINIMUM         65   1159 PM  44    1933  62      3       68
                                      1896
  AVERAGE         73                        71      2       78

PRECIPITATION (IN)
  YESTERDAY        0.05          1.18 1900   0.12  -0.07     0.31
  MONTH TO DATE    1.54                      2.35  -0.81     1.23
  SINCE JUN 1     10.40                     10.14   0.26    12.16
  SINCE JAN 1     23.49                     23.86  -0.37    27.24

SNOWFALL (IN)
  YESTERDAY        0.0           0.0  2002   0.0    0.0      0.0
                                      2001
  MONTH TO DATE    0.0                       0.0    0.0      0.0
  SINCE JUN 1      0.0                       0.0    0.0      0.0
  SINCE JUL 1      0.0                       0.0    0.0      0.0
  SNOW DEPTH       0

DEGREE DAYS
 HEATING
  YESTERDAY        0                         0      0        0
  MONTH TO DATE    0                         0      0       10
  SINCE JUN 1     29                        49    -20       45
  SINCE JUL 1     10                         5      5       28

 COOLING
  YESTERDAY        8                         7      1       13
  MONTH TO DATE  168                       135     33      122
  SINCE JUN 1    533                       553    -20      478
  SINCE JAN 1    619                       609     10      563
..................................................................


WIND (MPH)
  HIGHEST WIND SPEED    21   HIGHEST WIND DIRECTION     S (190)
  HIGHEST GUST SPEED    27   HIGHEST GUST DIRECTION     S (190)
  AVERAGE WIND SPEED    11.1


SKY COVER
  AVERAGE SKY COVER 0.6


WEATHER CONDITIONS
 THE FOLLOWING WEATHER WAS RECORDED YESTERDAY.
  RAIN


RELATIVE HUMIDITY (PERCENT)
 HIGHEST    93           300 AM
 LOWEST     58           500 PM
 AVERAGE    76

..........................................................


THE SOUTH BEND CLIMATE NORMALS FOR TODAY
                         NORMAL    RECORD    YEAR
 MAXIMUM TEMPERATURE (F)   81        98      1947
                                             1916
 MINIMUM TEMPERATURE (F)   62        44      1908
                                             1897


SUNRISE AND SUNSET
AUGUST 20 2015........SUNRISE   659 AM EDT   SUNSET   838 PM EDT
AUGUST 21 2015........SUNRISE   700 AM EDT   SUNSET   836 PM EDT


-  INDICATES NEGATIVE NUMBERS.
R  INDICATES RECORD WAS SET OR TIED.
MM INDICATES DATA IS MISSING.
T  INDICATES TRACE AMOUNT.




$$
