000
CDUS43 KIWX 250020
CLISBN


CLIMATE REPORT
NATIONAL WEATHER SERVICE NORTHERN INDIANA
820 PM EDT WED JUN 24 2015


...................................

...THE SOUTH BEND CLIMATE SUMMARY FOR JUNE 24 2015...
VALID AS OF 0800 PM LOCAL TIME.

CLIMATE NORMAL PERIOD 1981 TO 2010
CLIMATE RECORD PERIOD 1893 TO 2015


WEATHER ITEM   OBSERVED TIME   RECORD YEAR NORMAL DEPARTURE LAST
                VALUE   (LST)  VALUE       VALUE  FROM      YEAR
                                                  NORMAL
..................................................................
TEMPERATURE (F)
 TODAY
  MAXIMUM         78    421 PM  96    2005  82     -4       79
                                      1911
  MINIMUM         56    435 AM  41    1932  61     -5       69
  AVERAGE         67                        72     -5       74

PRECIPITATION (IN)
  TODAY            0.00          1.73 1976   0.12  -0.12     1.22
  MONTH TO DATE    2.31                      3.10  -0.79     8.35
  SINCE JUN 1      2.31                      3.10  -0.79     8.35
  SINCE JAN 1     15.40                     16.82  -1.42    23.43

SNOWFALL (IN)
  TODAY            0.0           0.0  2002   0.0    0.0      0.0
                                      2001
                                      2000
  MONTH TO DATE    0.0                       0.0    0.0      0.0
  SINCE JUN 1      0.0                       0.0    0.0      0.0
  SINCE JUL 1     83.9                      66.6   17.3    106.9
  SNOW DEPTH       0

DEGREE DAYS
 HEATING
  TODAY            0                         1     -1        0
  MONTH TO DATE   19                        41    -22       17
  SINCE JUN 1     19                        41    -22       17
  SINCE JUL 1   6623                      6295    328     6953

 COOLING
  TODAY            2                         7     -5        9
  MONTH TO DATE  140                       119     21      153
  SINCE JUN 1    140                       119     21      153
  SINCE JAN 1    226                       175     51      238
..................................................................


WIND (MPH)
  RESULTANT WIND SPEED   2   RESULTANT WIND DIRECTION   S (190)
  HIGHEST WIND SPEED    10   HIGHEST WIND DIRECTION    SE (140)
  HIGHEST GUST SPEED    14   HIGHEST GUST DIRECTION    SW (230)
  AVERAGE WIND SPEED     2.8


SKY COVER
  POSSIBLE SUNSHINE  MM
  AVERAGE SKY COVER 0.2


WEATHER CONDITIONS
 THE FOLLOWING WEATHER WAS RECORDED TODAY.
  NO SIGNIFICANT WEATHER WAS OBSERVED.


RELATIVE HUMIDITY (PERCENT)
 HIGHEST    93           100 AM
 LOWEST     45           200 PM
 AVERAGE    69

..........................................................


THE SOUTH BEND CLIMATE NORMALS FOR TOMORROW
                         NORMAL    RECORD    YEAR
 MAXIMUM TEMPERATURE (F)   82       104      1988
 MINIMUM TEMPERATURE (F)   62        43      1986


SUNRISE AND SUNSET
JUNE 24 2015..........SUNRISE   612 AM EDT   SUNSET   924 PM EDT
JUNE 25 2015..........SUNRISE   612 AM EDT   SUNSET   924 PM EDT


-  INDICATES NEGATIVE NUMBERS.
R  INDICATES RECORD WAS SET OR TIED.
MM INDICATES DATA IS MISSING.
T  INDICATES TRACE AMOUNT.




$$
