000
CDUS43 KIWX 092027
CLISBN


CLIMATE REPORT
NATIONAL WEATHER SERVICE NORTHERN INDIANA
426 PM EDT TUE MAY 9 2017


...................................

...THE SOUTH BEND CLIMATE SUMMARY FOR MAY 9 2017...
VALID TODAY AS OF 0400 PM LOCAL TIME.

CLIMATE NORMAL PERIOD 1981 TO 2010
CLIMATE RECORD PERIOD 1893 TO 2017


WEATHER ITEM   OBSERVED TIME   RECORD YEAR NORMAL DEPARTURE LAST
                VALUE   (LST)  VALUE       VALUE  FROM      YEAR
                                                  NORMAL
..................................................................
TEMPERATURE (F)
 TODAY
  MAXIMUM         56    259 PM  92    1895  68    -12       55
  MINIMUM         42   1203 AM  27    1947  46     -4       44
  AVERAGE         49                        57     -8       50

PRECIPITATION (IN)
  TODAY            0.01          2.27 1996   0.12  -0.11     0.18
  MONTH TO DATE    1.19                      1.05   0.14     1.13
  SINCE MAR 1      8.51                      6.70   1.81     9.97
  SINCE JAN 1     15.50                     10.94   4.56    13.75

DEGREE DAYS
 HEATING
  TODAY           16                         9      7       15
  MONTH TO DATE  170                        89     81      128
  SINCE MAR 1   1422                      1431     -9     1342
  SINCE JUL 1   5399                      6120   -721     5472

 COOLING
  TODAY            0                         1     -1        0
  MONTH TO DATE    0                         7     -7        0
  SINCE MAR 1     11                        17     -6        4
  SINCE JAN 1     11                        17     -6        4
..................................................................


WIND (MPH)
  HIGHEST WIND SPEED    10   HIGHEST WIND DIRECTION    SE (120)
  HIGHEST GUST SPEED    14   HIGHEST GUST DIRECTION    SE (130)
  AVERAGE WIND SPEED     5.3


SKY COVER
  POSSIBLE SUNSHINE  MM
  AVERAGE SKY COVER 0.9


WEATHER CONDITIONS
 THE FOLLOWING WEATHER WAS RECORDED TODAY.
  LIGHT RAIN


RELATIVE HUMIDITY (PERCENT)
 HIGHEST    53           100 AM
 LOWEST     37           300 AM
 AVERAGE    45

..........................................................


THE SOUTH BEND CLIMATE NORMALS FOR TOMORROW
                         NORMAL    RECORD    YEAR
 MAXIMUM TEMPERATURE (F)   68        90      1895
 MINIMUM TEMPERATURE (F)   47        25      1947


SUNRISE AND SUNSET
MAY  9 2017...........SUNRISE   632 AM EDT   SUNSET   852 PM EDT
MAY 10 2017...........SUNRISE   631 AM EDT   SUNSET   853 PM EDT


-  INDICATES NEGATIVE NUMBERS.
R  INDICATES RECORD WAS SET OR TIED.
MM INDICATES DATA IS MISSING.
T  INDICATES TRACE AMOUNT.




$$
