000
CDUS43 KIWX 160542
CLISBN


CLIMATE REPORT
NATIONAL WEATHER SERVICE NORTHERN INDIANA
142 AM EDT TUE MAY 16 2017


...................................

...THE SOUTH BEND CLIMATE SUMMARY FOR MAY 15 2017...

CLIMATE NORMAL PERIOD 1981 TO 2010
CLIMATE RECORD PERIOD 1893 TO 2017


WEATHER ITEM   OBSERVED TIME   RECORD YEAR NORMAL DEPARTURE LAST
                VALUE   (LST)  VALUE       VALUE  FROM      YEAR
                                                  NORMAL
..................................................................
TEMPERATURE (F)
 YESTERDAY
  MAXIMUM         78    551 PM  90    1991  70      8       50
  MINIMUM         48    212 AM  31    2016  48      0       31
  AVERAGE         63                        59      4       41

PRECIPITATION (IN)
  YESTERDAY        0.00          1.44 1916   0.12  -0.12     0.00
  MONTH TO DATE    2.78                      1.77   1.01     2.37
  SINCE MAR 1     10.10                      7.42   2.68    11.21
  SINCE JAN 1     17.09                     11.66   5.43    14.99

SNOWFALL (IN)
  YESTERDAY        0.0           0.0  2002   0.0    0.0      0.0
                                      2001
  MONTH TO DATE    0.0                       0.0    0.0      0.0
  SINCE MAR 1      8.5                       8.5    0.0     10.9
  SINCE JUL 1     42.2                      66.6  -24.4     70.2
  SNOW DEPTH       0

DEGREE DAYS
 HEATING
  YESTERDAY        2                         7     -5       24
  MONTH TO DATE  207                       137     70      192
  SINCE MAR 1   1459                      1479    -20     1406
  SINCE JUL 1   5436                      6168   -732     5536

 COOLING
  YESTERDAY        0                         1     -1        0
  MONTH TO DATE    0                        13    -13        0
  SINCE MAR 1     11                        23    -12        4
  SINCE JAN 1     11                        23    -12        4
..................................................................


WIND (MPH)
  HIGHEST WIND SPEED    18   HIGHEST WIND DIRECTION    SE (130)
  HIGHEST GUST SPEED    23   HIGHEST GUST DIRECTION    SE (130)
  AVERAGE WIND SPEED    11.2


SKY COVER
  AVERAGE SKY COVER 0.1


WEATHER CONDITIONS
 THE FOLLOWING WEATHER WAS RECORDED YESTERDAY.
  NO SIGNIFICANT WEATHER WAS OBSERVED.


RELATIVE HUMIDITY (PERCENT)
 HIGHEST    86           100 AM
 LOWEST     38           100 PM
 AVERAGE    62

..........................................................


THE SOUTH BEND CLIMATE NORMALS FOR TODAY
                         NORMAL    RECORD    YEAR
 MAXIMUM TEMPERATURE (F)   70        89      1962
                                             1900
 MINIMUM TEMPERATURE (F)   49        30      1904


SUNRISE AND SUNSET
MAY 16 2017...........SUNRISE   624 AM EDT   SUNSET   859 PM EDT
MAY 17 2017...........SUNRISE   623 AM EDT   SUNSET   900 PM EDT


-  INDICATES NEGATIVE NUMBERS.
R  INDICATES RECORD WAS SET OR TIED.
MM INDICATES DATA IS MISSING.
T  INDICATES TRACE AMOUNT.




$$
