000
CDUS43 KIWX 110528
CLISBN


CLIMATE REPORT
NATIONAL WEATHER SERVICE NORTHERN INDIANA
128 AM EDT MON SEP 11 2017


...................................

...THE SOUTH BEND CLIMATE SUMMARY FOR SEPTEMBER 10 2017...

CLIMATE NORMAL PERIOD 1981 TO 2010
CLIMATE RECORD PERIOD 1893 TO 2017


WEATHER ITEM   OBSERVED TIME   RECORD YEAR NORMAL DEPARTURE LAST
                VALUE   (LST)  VALUE       VALUE  FROM      YEAR
                                                  NORMAL
..................................................................
TEMPERATURE (F)
 YESTERDAY
  MAXIMUM         69    449 PM  97    2013  76     -7       71
  MINIMUM         43    633 AM  35    1917  56    -13       59
  AVERAGE         56                        66    -10       65

PRECIPITATION (IN)
  YESTERDAY        0.00          1.33 1947   0.12  -0.12     0.10
  MONTH TO DATE    1.11                      1.19  -0.08     1.16
  SINCE SEP 1      1.11                      1.19  -0.08     1.16
  SINCE JAN 1     28.70                     26.46   2.24    35.57

DEGREE DAYS
 HEATING
  YESTERDAY        9                         2      7        0
  MONTH TO DATE   54                        15     39        2
  SINCE SEP 1     54                        15     39        2
  SINCE JUL 1     75                        33     42       10

 COOLING
  YESTERDAY        0                         3     -3        0
  MONTH TO DATE    7                        43    -36       62
  SINCE SEP 1      7                        43    -36       62
  SINCE JAN 1    559                       725   -166      871
..................................................................


WIND (MPH)
  HIGHEST WIND SPEED    14   HIGHEST WIND DIRECTION    SE (140)
  HIGHEST GUST SPEED    28   HIGHEST GUST DIRECTION     N (10)
  AVERAGE WIND SPEED     5.2


SKY COVER
  AVERAGE SKY COVER 0.0


WEATHER CONDITIONS
 THE FOLLOWING WEATHER WAS RECORDED YESTERDAY.
  NO SIGNIFICANT WEATHER WAS OBSERVED.


RELATIVE HUMIDITY (PERCENT)
 HIGHEST   100           600 AM
 LOWEST     44           400 PM
 AVERAGE    72

..........................................................


THE SOUTH BEND CLIMATE NORMALS FOR TODAY
                         NORMAL    RECORD    YEAR
 MAXIMUM TEMPERATURE (F)   76        96      2013
                                             1931
 MINIMUM TEMPERATURE (F)   56        33      1917


SUNRISE AND SUNSET
SEPTEMBER 11 2017.....SUNRISE   722 AM EDT   SUNSET   801 PM EDT
SEPTEMBER 12 2017.....SUNRISE   723 AM EDT   SUNSET   759 PM EDT


-  INDICATES NEGATIVE NUMBERS.
R  INDICATES RECORD WAS SET OR TIED.
MM INDICATES DATA IS MISSING.
T  INDICATES TRACE AMOUNT.




$$
