000
CDUS43 KIWX 050545
CLISBN


CLIMATE REPORT
NATIONAL WEATHER SERVICE NORTHERN INDIANA
1243 AM EST THU JAN 5 2017


...................................

...THE SOUTH BEND CLIMATE SUMMARY FOR JANUARY 4 2017...

CLIMATE NORMAL PERIOD 1981 TO 2010
CLIMATE RECORD PERIOD 1893 TO 2017


WEATHER ITEM   OBSERVED TIME   RECORD YEAR NORMAL DEPARTURE LAST
                VALUE   (LST)  VALUE       VALUE  FROM      YEAR
                                                  NORMAL
..................................................................
TEMPERATURE (F)
 YESTERDAY
  MAXIMUM         33   1226 AM  63    1997  32      1       27
  MINIMUM         15   1159 PM -10    1904  18     -3        9
                                      1896
  AVERAGE         24                        25     -1       18

PRECIPITATION (IN)
  YESTERDAY        T             1.76 1993   0.08  -0.08     0.16
  MONTH TO DATE    0.64                      0.34   0.30     0.19
  SINCE DEC 1      2.63                      2.95  -0.32     4.31
  SINCE JAN 1      0.64                      0.34   0.30     0.19

SNOWFALL (IN)
  YESTERDAY        0.1           4.6  2016   0.6   -0.5      4.6
  MONTH TO DATE    0.1                       2.5   -2.4      5.4
  SINCE DEC 1     23.8                      19.8    4.0      6.8
  SINCE JUL 1     24.3                      25.0   -0.7     15.9
  SNOW DEPTH       0

DEGREE DAYS
 HEATING
  YESTERDAY       41                        40      1       47
  MONTH TO DATE  136                       160    -24      160
  SINCE DEC 1   1357                      1282     75      946
  SINCE JUL 1   2258                      2551   -293     2013

 COOLING
  YESTERDAY        0                         0      0        0
  MONTH TO DATE    0                         0      0        0
  SINCE DEC 1      0                         0      0        0
  SINCE JAN 1      0                         0      0        0
..................................................................


WIND (MPH)
  HIGHEST WIND SPEED    22   HIGHEST WIND DIRECTION     W (280)
  HIGHEST GUST SPEED    33   HIGHEST GUST DIRECTION    NW (300)
  AVERAGE WIND SPEED    17.8


SKY COVER
  AVERAGE SKY COVER 0.9


WEATHER CONDITIONS
 THE FOLLOWING WEATHER WAS RECORDED YESTERDAY.
  LIGHT SNOW


RELATIVE HUMIDITY (PERCENT)
 HIGHEST    92           100 AM
 LOWEST     56           400 PM
 AVERAGE    74

..........................................................


THE SOUTH BEND CLIMATE NORMALS FOR TODAY
                         NORMAL    RECORD    YEAR
 MAXIMUM TEMPERATURE (F)   32        56      1998
                                             1946
 MINIMUM TEMPERATURE (F)   18       -16      1999


SUNRISE AND SUNSET
JANUARY  5 2017.......SUNRISE   812 AM EST   SUNSET   529 PM EST
JANUARY  6 2017.......SUNRISE   812 AM EST   SUNSET   530 PM EST


-  INDICATES NEGATIVE NUMBERS.
R  INDICATES RECORD WAS SET OR TIED.
MM INDICATES DATA IS MISSING.
T  INDICATES TRACE AMOUNT.




$$
