000
CDUS43 KIWX 160526
CLISBN


CLIMATE REPORT
NATIONAL WEATHER SERVICE NORTHERN INDIANA
125 AM EDT THU OCT 16 2014


...................................

...THE SOUTH BEND CLIMATE SUMMARY FOR OCTOBER 15 2014...

CLIMATE NORMAL PERIOD 1981 TO 2010
CLIMATE RECORD PERIOD 1893 TO 2014


WEATHER ITEM   OBSERVED TIME   RECORD YEAR NORMAL DEPARTURE LAST
                VALUE   (LST)  VALUE       VALUE  FROM      YEAR
                                                  NORMAL
..................................................................
TEMPERATURE (F)
 YESTERDAY
  MAXIMUM         61   1217 PM  89    1897  62     -1       64
  MINIMUM         54   1155 PM  25    1909  43     11       48
  AVERAGE         58                        52      6       56

PRECIPITATION (IN)
  YESTERDAY        0.01          1.16 1967   0.11  -0.10     0.17
  MONTH TO DATE    4.87                      1.65   3.22     1.32
  SINCE SEP 1      7.58                      5.18   2.40     5.44
  SINCE JAN 1     35.79                     30.45   5.34    32.36

SNOWFALL (IN)
  YESTERDAY        0.0           T    2009   0.0    0.0      0.0
  MONTH TO DATE    0.0                       0.1   -0.1      0.0
  SINCE SEP 1      0.0                       0.1   -0.1      0.0
  SINCE JUL 1      0.0                       0.1   -0.1      0.0
  SNOW DEPTH       0

DEGREE DAYS
 HEATING
  YESTERDAY        7                        13     -6        9
  MONTH TO DATE  157                       160     -3       78
  SINCE SEP 1    277                       276      1      169
  SINCE JUL 1    305                       294     11      198

 COOLING
  YESTERDAY        0                         0      0        0
  MONTH TO DATE    4                         8     -4       30
  SINCE SEP 1     78                        90    -12      148
  SINCE JAN 1    771                       772     -1      828
..................................................................


WIND (MPH)
  HIGHEST WIND SPEED    14   HIGHEST WIND DIRECTION    SE (130)
  HIGHEST GUST SPEED    16   HIGHEST GUST DIRECTION     E (100)
  AVERAGE WIND SPEED     5.6


SKY COVER
  AVERAGE SKY COVER 1.0


WEATHER CONDITIONS
 THE FOLLOWING WEATHER WAS RECORDED YESTERDAY.
  LIGHT RAIN
  FOG


RELATIVE HUMIDITY (PERCENT)
 HIGHEST    93          1200 AM
 LOWEST     69           200 PM
 AVERAGE    81

..........................................................


THE SOUTH BEND CLIMATE NORMALS FOR TODAY
                         NORMAL    RECORD    YEAR
 MAXIMUM TEMPERATURE (F)   62        85      1963
 MINIMUM TEMPERATURE (F)   42        28      1944


SUNRISE AND SUNSET
OCTOBER 16 2014.......SUNRISE   759 AM EDT   SUNSET   702 PM EDT
OCTOBER 17 2014.......SUNRISE   800 AM EDT   SUNSET   701 PM EDT


-  INDICATES NEGATIVE NUMBERS.
R  INDICATES RECORD WAS SET OR TIED.
MM INDICATES DATA IS MISSING.
T  INDICATES TRACE AMOUNT.




$$
