000
CDUS43 KIWX 022022
CLISBN


CLIMATE REPORT
NATIONAL WEATHER SERVICE NORTHERN INDIANA
421 PM EDT WED JUL 2 2014


...................................

...THE SOUTH BEND CLIMATE SUMMARY FOR JULY 2 2014...
VALID TODAY AS OF 0400 PM LOCAL TIME.

CLIMATE NORMAL PERIOD 1981 TO 2010
CLIMATE RECORD PERIOD 1893 TO 2014


WEATHER ITEM   OBSERVED TIME   RECORD YEAR NORMAL DEPARTURE LAST
                VALUE   (LST)  VALUE       VALUE  FROM      YEAR
                                                  NORMAL
..................................................................
TEMPERATURE (F)
 TODAY
  MAXIMUM         73   1220 PM 101    1910  83    -10       66
  MINIMUM         66    623 AM  42    2001  63      3       58
  AVERAGE         70                        73     -3       62

PRECIPITATION (IN)
  TODAY            T             3.29 1962   0.12  -0.12     0.70
  MONTH TO DATE    0.22                      0.24  -0.02     0.70
  SINCE JUN 1      9.36                      4.03   5.33     4.13
  SINCE JAN 1     24.44                     17.75   6.69    21.43

DEGREE DAYS
 HEATING
  TODAY            0                         0      0        3
  MONTH TO DATE    0                         0      0        3
  SINCE JUN 1     17                        44    -27       40
  SINCE JUL 1      0                         0      0        3

 COOLING
  TODAY            5                         8     -3        0
  MONTH TO DATE   15                        16     -1        1
  SINCE JUN 1    231                       181     50      166
  SINCE JAN 1    316                       237     79      262
..................................................................


WIND (MPH)
  HIGHEST WIND SPEED    16   HIGHEST WIND DIRECTION    NW (300)
  HIGHEST GUST SPEED    22   HIGHEST GUST DIRECTION    NW (300)
  AVERAGE WIND SPEED     9.9


SKY COVER
  POSSIBLE SUNSHINE  MM
  AVERAGE SKY COVER 0.5


WEATHER CONDITIONS
 THE FOLLOWING WEATHER WAS RECORDED TODAY.
  LIGHT RAIN


RELATIVE HUMIDITY (PERCENT)
 HIGHEST    81           600 AM
 LOWEST     53          1200 PM
 AVERAGE    67

..........................................................


THE SOUTH BEND CLIMATE NORMALS FOR TOMORROW
                         NORMAL    RECORD    YEAR
 MAXIMUM TEMPERATURE (F)   83        98      1897
 MINIMUM TEMPERATURE (F)   63        45      1917


SUNRISE AND SUNSET
JULY  2 2014..........SUNRISE   615 AM EDT   SUNSET   923 PM EDT
JULY  3 2014..........SUNRISE   616 AM EDT   SUNSET   923 PM EDT


-  INDICATES NEGATIVE NUMBERS.
R  INDICATES RECORD WAS SET OR TIED.
MM INDICATES DATA IS MISSING.
T  INDICATES TRACE AMOUNT.




$$
