326
CDUS43 KIWX 270527
CLISBN


CLIMATE REPORT
NATIONAL WEATHER SERVICE NORTHERN INDIANA
1227 AM EST SUN NOV 27 2016


...................................

...THE SOUTH BEND CLIMATE SUMMARY FOR NOVEMBER 26 2016...

CLIMATE NORMAL PERIOD 1981 TO 2010
CLIMATE RECORD PERIOD 1893 TO 2016


WEATHER ITEM   OBSERVED TIME   RECORD YEAR NORMAL DEPARTURE LAST
                VALUE   (LST)  VALUE       VALUE  FROM      YEAR
                                                  NORMAL
..................................................................
TEMPERATURE (F)
 YESTERDAY
  MAXIMUM         MM        MM  67    1908  43     MM       63
  MINIMUM         MM        MM   5    1977  29     MM       47
  AVERAGE         MM                        36     MM       55

PRECIPITATION (IN)
  YESTERDAY        T             1.85 1950   0.10  -0.10     0.08
  MONTH TO DATE    2.07                      2.84  -0.77     1.61
  SINCE SEP 1      9.29                      9.69  -0.40     7.14
  SINCE JAN 1     43.70                     34.96   8.74    31.41

SNOWFALL (IN)
  YESTERDAY        0.0           5.9  1977   0.3   -0.3      0.0
  MONTH TO DATE    0.5                       3.7   -3.2      9.1
  SINCE SEP 1      0.5                       4.1   -3.6      9.1
  SINCE JUL 1      0.5                       4.1   -3.6      9.1
  SNOW DEPTH       0

DEGREE DAYS
 HEATING
  YESTERDAY       MM                        29     MM       10
  MONTH TO DATE  225                       608   -383      501
  SINCE SEP 1    549                      1131   -582      935
  SINCE JUL 1    557                      1149   -592      960

 COOLING
  YESTERDAY       MM                         0     MM        0
  MONTH TO DATE    1                         0      1        0
  SINCE SEP 1    141                        91     50      139
  SINCE JAN 1    950                       773    177      784
..................................................................


WIND (MPH)
  HIGHEST WIND SPEED    MM   HIGHEST WIND DIRECTION    MM
  HIGHEST GUST SPEED    MM   HIGHEST GUST DIRECTION    MM
  AVERAGE WIND SPEED    MM


SKY COVER
  AVERAGE SKY COVER  MM


WEATHER CONDITIONS
 THE FOLLOWING WEATHER WAS RECORDED YESTERDAY.
  NO SIGNIFICANT WEATHER WAS OBSERVED.


RELATIVE HUMIDITY (PERCENT)
 HIGHEST    MM
 LOWEST     MM
 AVERAGE    MM

..........................................................


THE SOUTH BEND CLIMATE NORMALS FOR TODAY
                         NORMAL    RECORD    YEAR
 MAXIMUM TEMPERATURE (F)   42        68      1990
 MINIMUM TEMPERATURE (F)   29         0      1930


SUNRISE AND SUNSET
NOVEMBER 27 2016......SUNRISE   749 AM EST   SUNSET   517 PM EST
NOVEMBER 28 2016......SUNRISE   750 AM EST   SUNSET   516 PM EST


-  INDICATES NEGATIVE NUMBERS.
R  INDICATES RECORD WAS SET OR TIED.
MM INDICATES DATA IS MISSING.
T  INDICATES TRACE AMOUNT.




$$
