000
CDUS43 KIWX 150528
CLISBN


CLIMATE REPORT
NATIONAL WEATHER SERVICE NORTHERN INDIANA
126 AM EDT SUN MAY 15 2016


...................................

...THE SOUTH BEND CLIMATE SUMMARY FOR MAY 14 2016...

CLIMATE NORMAL PERIOD 1981 TO 2010
CLIMATE RECORD PERIOD 1893 TO 2016


WEATHER ITEM   OBSERVED TIME   RECORD YEAR NORMAL DEPARTURE LAST
                VALUE   (LST)  VALUE       VALUE  FROM      YEAR
                                                  NORMAL
..................................................................
TEMPERATURE (F)
 YESTERDAY
  MAXIMUM         54   1226 AM  89    2007  69    -15       63
                                      1982
                                      1962
  MINIMUM         39   1159 PM  31    1936  48     -9       45
                                      1920
                                      1910
  AVERAGE         47                        59    -12       54

PRECIPITATION (IN)
  YESTERDAY        0.36          1.92 1908   0.12   0.24     0.02
  MONTH TO DATE    2.37                      1.65   0.72     2.82
  SINCE MAR 1     11.21                      7.30   3.91     6.00
  SINCE JAN 1     14.99                     11.54   3.45     9.90

SNOWFALL (IN)
  YESTERDAY        0.0           0.0  2002   0.0    0.0      0.0
                                      2001
  MONTH TO DATE    0.0                       0.0    0.0      0.0
  SINCE MAR 1     10.9                       8.5    2.4      6.1
  SINCE JUL 1     70.2                      66.6    3.6     83.9
  SNOW DEPTH       0

DEGREE DAYS
 HEATING
  YESTERDAY       18                         8     10       11
  MONTH TO DATE  168                       130     38       65
  SINCE MAR 1   1382                      1472    -90     1440
  SINCE JUL 1   5512                      6161   -649     6537

 COOLING
  YESTERDAY        0                         1     -1        0
  MONTH TO DATE    0                        12    -12       26
  SINCE MAR 1      4                        22    -18       28
  SINCE JAN 1      4                        22    -18       28
..................................................................


WIND (MPH)
  HIGHEST WIND SPEED    33   HIGHEST WIND DIRECTION     N (350)
  HIGHEST GUST SPEED    45   HIGHEST GUST DIRECTION     N (360)
  AVERAGE WIND SPEED    15.0


SKY COVER
  AVERAGE SKY COVER 1.0


WEATHER CONDITIONS
 THE FOLLOWING WEATHER WAS RECORDED YESTERDAY.
  HEAVY RAIN
  RAIN
  LIGHT RAIN
  FOG


RELATIVE HUMIDITY (PERCENT)
 HIGHEST   100           200 AM
 LOWEST     57           500 PM
 AVERAGE    79

..........................................................


THE SOUTH BEND CLIMATE NORMALS FOR TODAY
                         NORMAL    RECORD    YEAR
 MAXIMUM TEMPERATURE (F)   70        90      1991
 MINIMUM TEMPERATURE (F)   48        32      1920


SUNRISE AND SUNSET
MAY 15 2016...........SUNRISE   625 AM EDT   SUNSET   859 PM EDT
MAY 16 2016...........SUNRISE   624 AM EDT   SUNSET   900 PM EDT


-  INDICATES NEGATIVE NUMBERS.
R  INDICATES RECORD WAS SET OR TIED.
MM INDICATES DATA IS MISSING.
T  INDICATES TRACE AMOUNT.




$$
