000
CDUS43 KIWX 212028
CLISBN


CLIMATE REPORT
NATIONAL WEATHER SERVICE NORTHERN INDIANA
427 PM EDT FRI AUG 21 2015


...................................

...THE SOUTH BEND CLIMATE SUMMARY FOR AUGUST 21 2015...
VALID TODAY AS OF 0400 PM LOCAL TIME.

CLIMATE NORMAL PERIOD 1981 TO 2010
CLIMATE RECORD PERIOD 1893 TO 2015


WEATHER ITEM   OBSERVED TIME   RECORD YEAR NORMAL DEPARTURE LAST
                VALUE   (LST)  VALUE       VALUE  FROM      YEAR
                                                  NORMAL
..................................................................
TEMPERATURE (F)
 TODAY
  MAXIMUM         80    259 PM 100    1916  81     -1       80
  MINIMUM         54    633 AM  43    1950  62     -8       68
                                      1940
  AVERAGE         67                        71     -4       74

PRECIPITATION (IN)
  TODAY            0.00          3.46 1966   0.11  -0.11     0.16
  MONTH TO DATE    1.54                      2.58  -1.04     1.39
  SINCE JUN 1     10.40                     10.37   0.03    12.32
  SINCE JAN 1     23.49                     24.09  -0.60    27.40

DEGREE DAYS
 HEATING
  TODAY            0                         0      0        0
  MONTH TO DATE    0                         0      0       10
  SINCE JUN 1     29                        49    -20       45
  SINCE JUL 1     10                         5      5       28

 COOLING
  TODAY            2                         6     -4        9
  MONTH TO DATE  171                       148     23      142
  SINCE JUN 1    536                       566    -30      498
  SINCE JAN 1    622                       622      0      583
..................................................................


WIND (MPH)
  HIGHEST WIND SPEED    14   HIGHEST WIND DIRECTION     S (180)
  HIGHEST GUST SPEED    18   HIGHEST GUST DIRECTION     S (170)
  AVERAGE WIND SPEED     6.3


SKY COVER
  POSSIBLE SUNSHINE  MM
  AVERAGE SKY COVER 0.2


WEATHER CONDITIONS
 THE FOLLOWING WEATHER WAS RECORDED TODAY.
  NO SIGNIFICANT WEATHER WAS OBSERVED.


RELATIVE HUMIDITY (PERCENT)
 HIGHEST    86           400 AM
 LOWEST     39          1200 PM
 AVERAGE    63

..........................................................


THE SOUTH BEND CLIMATE NORMALS FOR TOMORROW
                         NORMAL    RECORD    YEAR
 MAXIMUM TEMPERATURE (F)   81       100      1936
 MINIMUM TEMPERATURE (F)   61        45      1923
                                             1907


SUNRISE AND SUNSET
AUGUST 21 2015........SUNRISE   700 AM EDT   SUNSET   836 PM EDT
AUGUST 22 2015........SUNRISE   701 AM EDT   SUNSET   835 PM EDT


-  INDICATES NEGATIVE NUMBERS.
R  INDICATES RECORD WAS SET OR TIED.
MM INDICATES DATA IS MISSING.
T  INDICATES TRACE AMOUNT.




$$
