000
CDUS43 KIWX 070541
CLISBN


CLIMATE REPORT
NATIONAL WEATHER SERVICE NORTHERN INDIANA
1241 AM EST TUE FEB 7 2017


...................................

...THE SOUTH BEND CLIMATE SUMMARY FOR FEBRUARY 6 2017...

CLIMATE NORMAL PERIOD 1981 TO 2010
CLIMATE RECORD PERIOD 1893 TO 2017


WEATHER ITEM   OBSERVED TIME   RECORD YEAR NORMAL DEPARTURE LAST
                VALUE   (LST)  VALUE       VALUE  FROM      YEAR
                                                  NORMAL
..................................................................
TEMPERATURE (F)
 YESTERDAY
  MAXIMUM         54    324 PM  56    1938  33     21       39
  MINIMUM         19    301 AM -11    1978  19      0       19
  AVERAGE         37                        26     11       29

PRECIPITATION (IN)
  YESTERDAY        T             0.85 1943   0.06  -0.06     0.00
  MONTH TO DATE    0.01                      0.37  -0.36     0.46
  SINCE DEC 1      5.34                      5.27   0.07     6.18
  SINCE JAN 1      3.35                      2.66   0.69     2.06

SNOWFALL (IN)
  YESTERDAY        0.0           6.0  1911   0.6   -0.6      0.0
  MONTH TO DATE    0.2                       3.8   -3.6       T
  SINCE DEC 1     33.0                      41.7   -8.7     20.1
  SINCE JUL 1     33.5                      46.9  -13.4     29.2
  SNOW DEPTH       0

DEGREE DAYS
 HEATING
  YESTERDAY       28                        39    -11       36
  MONTH TO DATE  229                       239    -10      201
  SINCE DEC 1   2536                      2618    -82     2227
  SINCE JUL 1   3437                      3887   -450     3294

 COOLING
  YESTERDAY        0                         0      0        0
  MONTH TO DATE    0                         0      0        0
  SINCE DEC 1      0                         0      0        0
  SINCE JAN 1      0                         0      0        0
..................................................................


WIND (MPH)
  HIGHEST WIND SPEED    17   HIGHEST WIND DIRECTION     S (180)
  HIGHEST GUST SPEED    20   HIGHEST GUST DIRECTION     S (180)
  AVERAGE WIND SPEED     6.9


SKY COVER
  AVERAGE SKY COVER 0.3


WEATHER CONDITIONS
 THE FOLLOWING WEATHER WAS RECORDED YESTERDAY.
  LIGHT RAIN
  FOG
  HAZE


RELATIVE HUMIDITY (PERCENT)
 HIGHEST   100          1100 PM
 LOWEST     59           200 PM
 AVERAGE    80

..........................................................


THE SOUTH BEND CLIMATE NORMALS FOR TODAY
                         NORMAL    RECORD    YEAR
 MAXIMUM TEMPERATURE (F)   33        63      1925
 MINIMUM TEMPERATURE (F)   19       -14      1978


SUNRISE AND SUNSET
FEBRUARY  7 2017......SUNRISE   750 AM EST   SUNSET   609 PM EST
FEBRUARY  8 2017......SUNRISE   749 AM EST   SUNSET   610 PM EST


-  INDICATES NEGATIVE NUMBERS.
R  INDICATES RECORD WAS SET OR TIED.
MM INDICATES DATA IS MISSING.
T  INDICATES TRACE AMOUNT.




$$
