000
CDUS43 KIWX 230020
CLISBN


CLIMATE REPORT
NATIONAL WEATHER SERVICE NORTHERN INDIANA
820 PM EDT FRI APR 22 2016


...................................

...THE SOUTH BEND CLIMATE SUMMARY FOR APRIL 22 2016...
VALID AS OF 0800 PM LOCAL TIME.

CLIMATE NORMAL PERIOD 1981 TO 2010
CLIMATE RECORD PERIOD 1893 TO 2016


WEATHER ITEM   OBSERVED TIME   RECORD YEAR NORMAL DEPARTURE LAST
                VALUE   (LST)  VALUE       VALUE  FROM      YEAR
                                                  NORMAL
..................................................................
TEMPERATURE (F)
 TODAY
  MAXIMUM         56    231 PM  89    1980  62     -6       42
  MINIMUM         46    659 PM  20    1936  41      5       33
  AVERAGE         51                        52     -1       38

PRECIPITATION (IN)
  TODAY            0.00          1.75 1999   0.10  -0.10     0.04
  MONTH TO DATE    3.45                      2.33   1.12     2.07
  SINCE MAR 1      7.62                      4.75   2.87     2.85
  SINCE JAN 1     11.40                      8.99   2.41     6.75

SNOWFALL (IN)
  TODAY            0.0           0.5  1927   0.0    0.0       T
  MONTH TO DATE    4.1                       1.3    2.8       T
  SINCE MAR 1     10.9                       8.4    2.5      6.1
  SINCE JUL 1     70.2                      66.5    3.7     83.9
  SNOW DEPTH       0

DEGREE DAYS
 HEATING
  TODAY           14                        14      0       27
  MONTH TO DATE  422                       389     33      276
  SINCE MAR 1   1112                      1244   -132     1218
  SINCE JUL 1   5242                      5933   -691     6315

 COOLING
  TODAY            0                         0      0        0
  MONTH TO DATE    0                         0      0        2
  SINCE MAR 1      0                         1     -1        2
  SINCE JAN 1      0                         1     -1        2
..................................................................


WIND (MPH)
  RESULTANT WIND SPEED   8   RESULTANT WIND DIRECTION  NW (320)
  HIGHEST WIND SPEED    16   HIGHEST WIND DIRECTION     N (350)
  HIGHEST GUST SPEED    19   HIGHEST GUST DIRECTION     N (340)
  AVERAGE WIND SPEED     8.2


SKY COVER
  POSSIBLE SUNSHINE  MM
  AVERAGE SKY COVER 0.7


WEATHER CONDITIONS
 THE FOLLOWING WEATHER WAS RECORDED TODAY.
  FOG
  FOG W/VISIBILITY <= 1/4 MILE


RELATIVE HUMIDITY (PERCENT)
 HIGHEST   100          1200 AM
 LOWEST     77           500 PM
 AVERAGE    89

..........................................................


THE SOUTH BEND CLIMATE NORMALS FOR TOMORROW
                         NORMAL    RECORD    YEAR
 MAXIMUM TEMPERATURE (F)   63        86      1960
                                             1925
 MINIMUM TEMPERATURE (F)   41        20      1936


SUNRISE AND SUNSET
APRIL 22 2016.........SUNRISE   654 AM EDT   SUNSET   834 PM EDT
APRIL 23 2016.........SUNRISE   652 AM EDT   SUNSET   835 PM EDT


-  INDICATES NEGATIVE NUMBERS.
R  INDICATES RECORD WAS SET OR TIED.
MM INDICATES DATA IS MISSING.
T  INDICATES TRACE AMOUNT.




$$
