000
CDUS43 KIWX 182125
CLISBN


CLIMATE REPORT
NATIONAL WEATHER SERVICE NORTHERN INDIANA
424 PM EST FRI NOV 18 2016


...................................

...THE SOUTH BEND CLIMATE SUMMARY FOR NOVEMBER 18 2016...
VALID TODAY AS OF 0400 PM LOCAL TIME.

CLIMATE NORMAL PERIOD 1981 TO 2010
CLIMATE RECORD PERIOD 1893 TO 2016


WEATHER ITEM   OBSERVED TIME   RECORD YEAR NORMAL DEPARTURE LAST
                VALUE   (LST)  VALUE       VALUE  FROM      YEAR
                                                  NORMAL
..................................................................
TEMPERATURE (F)
 TODAY
  MAXIMUM         MM        MM  73    1930  47     MM       62
  MINIMUM         MM        MM   8    2008  33     MM       51
                                      1959
  AVERAGE         MM                        40     MM       57

PRECIPITATION (IN)
  TODAY            0.00          1.47 2003   0.11  -0.11     0.23
  MONTH TO DATE    0.67                      1.96  -1.29     0.75
  SINCE SEP 1      7.89                      8.81  -0.92     6.28
  SINCE JAN 1     42.30                     34.08   8.22    30.55

SNOWFALL (IN)
  TODAY            0.0           4.0  1989   0.1   -0.1      0.0
  MONTH TO DATE    0.0                       1.9   -1.9       T
  SINCE SEP 1      0.0                       2.3   -2.3       T
  SINCE JUL 1      0.0                       2.3   -2.3       T

DEGREE DAYS
 HEATING
  TODAY           MM                        25     MM        8
  MONTH TO DATE  225                       388   -163      268
  SINCE SEP 1    549                       911   -362      702
  SINCE JUL 1    557                       929   -372      727

 COOLING
  TODAY           MM                         0     MM        0
  MONTH TO DATE    1                         0      1        0
  SINCE SEP 1    141                        91     50      139
  SINCE JAN 1    950                       773    177      784
..................................................................


WIND (MPH)
  HIGHEST WIND SPEED    17   HIGHEST WIND DIRECTION    SW (220)
  HIGHEST GUST SPEED    18   HIGHEST GUST DIRECTION    SW (230)
  AVERAGE WIND SPEED    12.3


SKY COVER
  POSSIBLE SUNSHINE  MM
  AVERAGE SKY COVER 0.2


WEATHER CONDITIONS
 THE FOLLOWING WEATHER WAS RECORDED TODAY.
  NO SIGNIFICANT WEATHER WAS OBSERVED.


RELATIVE HUMIDITY (PERCENT)
 HIGHEST    78           900 AM
 LOWEST     48           600 AM
 AVERAGE    63

..........................................................


THE SOUTH BEND CLIMATE NORMALS FOR TOMORROW
                         NORMAL    RECORD    YEAR
 MAXIMUM TEMPERATURE (F)   46        76      1930
 MINIMUM TEMPERATURE (F)   32        12      1903


SUNRISE AND SUNSET
NOVEMBER 18 2016......SUNRISE   739 AM EST   SUNSET   522 PM EST
NOVEMBER 19 2016......SUNRISE   740 AM EST   SUNSET   521 PM EST


-  INDICATES NEGATIVE NUMBERS.
R  INDICATES RECORD WAS SET OR TIED.
MM INDICATES DATA IS MISSING.
T  INDICATES TRACE AMOUNT.




$$
