000
CDUS43 KIWX 070522
CLISBN


CLIMATE REPORT
NATIONAL WEATHER SERVICE NORTHERN INDIANA
121 AM EDT THU SEP 7 2017


...................................

...THE SOUTH BEND CLIMATE SUMMARY FOR SEPTEMBER 6 2017...

CLIMATE NORMAL PERIOD 1981 TO 2010
CLIMATE RECORD PERIOD 1893 TO 2017


WEATHER ITEM   OBSERVED TIME   RECORD YEAR NORMAL DEPARTURE LAST
                VALUE   (LST)  VALUE       VALUE  FROM      YEAR
                                                  NORMAL
..................................................................
TEMPERATURE (F)
 YESTERDAY
  MAXIMUM         66    249 PM  97    1954  78    -12       90
                                      1933
  MINIMUM         50   1159 PM  40    1962  58     -8       71
  AVERAGE         58                        68    -10       81

PRECIPITATION (IN)
  YESTERDAY        0.12          1.01 1971   0.12   0.00     0.00
  MONTH TO DATE    0.31                      0.72  -0.41     0.00
  SINCE SEP 1      0.31                      0.72  -0.41     0.00
  SINCE JAN 1     27.90                     25.99   1.91    34.41

DEGREE DAYS
 HEATING
  YESTERDAY        7                         2      5        0
  MONTH TO DATE   26                         7     19        2
  SINCE SEP 1     26                         7     19        2
  SINCE JUL 1     47                        25     22       10

 COOLING
  YESTERDAY        0                         4     -4       16
  MONTH TO DATE    7                        28    -21       28
  SINCE SEP 1      7                        28    -21       28
  SINCE JAN 1    559                       710   -151      837
..................................................................


WIND (MPH)
  HIGHEST WIND SPEED    22   HIGHEST WIND DIRECTION    NW (330)
  HIGHEST GUST SPEED    27   HIGHEST GUST DIRECTION    NW (320)
  AVERAGE WIND SPEED     8.4


SKY COVER
  AVERAGE SKY COVER 0.7


WEATHER CONDITIONS
 THE FOLLOWING WEATHER WAS RECORDED YESTERDAY.
  LIGHT RAIN
  FOG


RELATIVE HUMIDITY (PERCENT)
 HIGHEST   100           200 AM
 LOWEST     52           200 PM
 AVERAGE    76

..........................................................


THE SOUTH BEND CLIMATE NORMALS FOR TODAY
                         NORMAL    RECORD    YEAR
 MAXIMUM TEMPERATURE (F)   77        99      1933
                                             1922
 MINIMUM TEMPERATURE (F)   57        40      1986


SUNRISE AND SUNSET
SEPTEMBER  7 2017.....SUNRISE   718 AM EDT   SUNSET   808 PM EDT
SEPTEMBER  8 2017.....SUNRISE   719 AM EDT   SUNSET   806 PM EDT


-  INDICATES NEGATIVE NUMBERS.
R  INDICATES RECORD WAS SET OR TIED.
MM INDICATES DATA IS MISSING.
T  INDICATES TRACE AMOUNT.




$$
