000
CDUS43 KIWX 120531
CLISBN


CLIMATE REPORT
NATIONAL WEATHER SERVICE NORTHERN INDIANA
129 AM EDT MON SEP 12 2016


...................................

...THE SOUTH BEND CLIMATE SUMMARY FOR SEPTEMBER 11 2016...

CLIMATE NORMAL PERIOD 1981 TO 2010
CLIMATE RECORD PERIOD 1893 TO 2016


WEATHER ITEM   OBSERVED TIME   RECORD YEAR NORMAL DEPARTURE LAST
                VALUE   (LST)  VALUE       VALUE  FROM      YEAR
                                                  NORMAL
..................................................................
TEMPERATURE (F)
 YESTERDAY
  MAXIMUM         74    316 PM  96    2013  76     -2       65
                                      1931
  MINIMUM         52    623 AM  33    1917  56     -4       51
  AVERAGE         63                        66     -3       58

PRECIPITATION (IN)
  YESTERDAY        0.00          1.83 1947   0.11  -0.11     0.12
  MONTH TO DATE    1.16                      1.30  -0.14     1.67
  SINCE SEP 1      1.16                      1.30  -0.14     1.67
  SINCE JAN 1     35.57                     26.57   9.00    25.94

SNOWFALL (IN)
  YESTERDAY        0.0           0.0  2002   0.0    0.0      0.0
                                      2001
  MONTH TO DATE    0.0                       0.0    0.0      0.0
  SINCE SEP 1      0.0                       0.0    0.0      0.0
  SINCE JUL 1      0.0                       0.0    0.0      0.0
  SNOW DEPTH       0

DEGREE DAYS
 HEATING
  YESTERDAY        2                         2      0        7
  MONTH TO DATE    4                        17    -13        7
  SINCE SEP 1      4                        17    -13        7
  SINCE JUL 1     12                        35    -23       32

 COOLING
  YESTERDAY        0                         3     -3        0
  MONTH TO DATE   62                        46     16      104
  SINCE SEP 1     62                        46     16      104
  SINCE JAN 1    871                       728    143      749
..................................................................


WIND (MPH)
  HIGHEST WIND SPEED     9   HIGHEST WIND DIRECTION    NW (330)
  HIGHEST GUST SPEED    12   HIGHEST GUST DIRECTION    NW (320)
  AVERAGE WIND SPEED     2.1


SKY COVER
  AVERAGE SKY COVER 0.1


WEATHER CONDITIONS
 THE FOLLOWING WEATHER WAS RECORDED YESTERDAY.
  NO SIGNIFICANT WEATHER WAS OBSERVED.


RELATIVE HUMIDITY (PERCENT)
 HIGHEST   100           100 AM
 LOWEST     46           300 PM
 AVERAGE    73

..........................................................


THE SOUTH BEND CLIMATE NORMALS FOR TODAY
                         NORMAL    RECORD    YEAR
 MAXIMUM TEMPERATURE (F)   76        96      1897
 MINIMUM TEMPERATURE (F)   55        40      1964


SUNRISE AND SUNSET
SEPTEMBER 12 2016.....SUNRISE   723 AM EDT   SUNSET   759 PM EDT
SEPTEMBER 13 2016.....SUNRISE   724 AM EDT   SUNSET   757 PM EDT


-  INDICATES NEGATIVE NUMBERS.
R  INDICATES RECORD WAS SET OR TIED.
MM INDICATES DATA IS MISSING.
T  INDICATES TRACE AMOUNT.




$$
