000
CDUS43 KIWX 090521
CLISBN


CLIMATE REPORT
NATIONAL WEATHER SERVICE NORTHERN INDIANA
121 AM EDT TUE SEP 9 2014


...................................

...THE SOUTH BEND CLIMATE SUMMARY FOR SEPTEMBER 8 2014...

CLIMATE NORMAL PERIOD 1981 TO 2010
CLIMATE RECORD PERIOD 1893 TO 2014


WEATHER ITEM   OBSERVED TIME   RECORD YEAR NORMAL DEPARTURE LAST
                VALUE   (LST)  VALUE       VALUE  FROM      YEAR
                                                  NORMAL
..................................................................
TEMPERATURE (F)
 YESTERDAY
  MAXIMUM         78    336 PM  99    1933  77      1       78
  MINIMUM         55    606 AM  40    1986  57     -2       63
                                      1951
                                      1932
  AVERAGE         67                        67      0       71

PRECIPITATION (IN)
  YESTERDAY        0.00          1.40 1992   0.12  -0.12     0.00
  MONTH TO DATE    1.24                      0.96   0.28     0.07
  SINCE SEP 1      1.24                      0.96   0.28     0.07
  SINCE JAN 1     29.45                     26.23   3.22    26.99

DEGREE DAYS
 HEATING
  YESTERDAY        0                         2     -2        0
  MONTH TO DATE    2                        11     -9        0
  SINCE SEP 1      2                        11     -9        0
  SINCE JUL 1     30                        29      1       29

 COOLING
  YESTERDAY        2                         4     -2        6
  MONTH TO DATE   57                        36     21       43
  SINCE SEP 1     57                        36     21       43
  SINCE JAN 1    750                       718     32      723
..................................................................


WIND (MPH)
  HIGHEST WIND SPEED    14   HIGHEST WIND DIRECTION     S (170)
  HIGHEST GUST SPEED    18   HIGHEST GUST DIRECTION     S (190)
  AVERAGE WIND SPEED     4.7


SKY COVER
  AVERAGE SKY COVER 0.1


WEATHER CONDITIONS
 THE FOLLOWING WEATHER WAS RECORDED YESTERDAY.
  NO SIGNIFICANT WEATHER WAS OBSERVED.


RELATIVE HUMIDITY (PERCENT)
 HIGHEST    93           200 AM
 LOWEST     40           300 PM
 AVERAGE    67

..........................................................


THE SOUTH BEND CLIMATE NORMALS FOR TODAY
                         NORMAL    RECORD    YEAR
 MAXIMUM TEMPERATURE (F)   77        97      1897
 MINIMUM TEMPERATURE (F)   57        43      1951
                                             1914


SUNRISE AND SUNSET
SEPTEMBER  9 2014.....SUNRISE   719 AM EDT   SUNSET   805 PM EDT
SEPTEMBER 10 2014.....SUNRISE   720 AM EDT   SUNSET   803 PM EDT


-  INDICATES NEGATIVE NUMBERS.
R  INDICATES RECORD WAS SET OR TIED.
MM INDICATES DATA IS MISSING.
T  INDICATES TRACE AMOUNT.




$$
