000
CDUS43 KIWX 080020
CLISBN


CLIMATE REPORT
NATIONAL WEATHER SERVICE NORTHERN INDIANA
720 PM EST TUE NOV 7 2017


...................................

...THE SOUTH BEND CLIMATE SUMMARY FOR NOVEMBER 7 2017...
VALID AS OF 0700 PM LOCAL TIME.

CLIMATE NORMAL PERIOD 1981 TO 2010
CLIMATE RECORD PERIOD 1893 TO 2017


WEATHER ITEM   OBSERVED TIME   RECORD YEAR NORMAL DEPARTURE LAST
                VALUE   (LST)  VALUE       VALUE  FROM      YEAR
                                                  NORMAL
..................................................................
TEMPERATURE (F)
 TODAY
  MAXIMUM         48   1256 PM  74    1916  53     -5       65
                                      1915
  MINIMUM         32    734 AM  16    1991  37     -5       40
  AVERAGE         40                        45     -5       53

PRECIPITATION (IN)
  TODAY            0.00          1.10 1996   0.11  -0.11     0.00
  MONTH TO DATE    1.16                      0.75   0.41     0.64
  SINCE SEP 1     12.33                      7.60   4.73     7.86
  SINCE JAN 1     39.92                     32.87   7.05    42.27

DEGREE DAYS
 HEATING
  TODAY           25                        20      5       12
  MONTH TO DATE  143                       135      8       65
  SINCE SEP 1    530                       658   -128      389
  SINCE JUL 1    551                       676   -125      397

 COOLING
  TODAY            0                         0      0        0
  MONTH TO DATE    0                         0      0        1
  SINCE SEP 1    140                        91     49      141
  SINCE JAN 1    692                       773    -81      950
..................................................................


WIND (MPH)
  RESULTANT WIND SPEED   8   RESULTANT WIND DIRECTION   N (20)
  HIGHEST WIND SPEED    15   HIGHEST WIND DIRECTION    NE (30)
  HIGHEST GUST SPEED    20   HIGHEST GUST DIRECTION    NE (30)
  AVERAGE WIND SPEED     8.1


SKY COVER
  POSSIBLE SUNSHINE  MM
  AVERAGE SKY COVER 0.4


WEATHER CONDITIONS
 THE FOLLOWING WEATHER WAS RECORDED TODAY.
  NO SIGNIFICANT WEATHER WAS OBSERVED.


RELATIVE HUMIDITY (PERCENT)
 HIGHEST    96           600 AM
 LOWEST     53           200 PM
 AVERAGE    75

..........................................................


THE SOUTH BEND CLIMATE NORMALS FOR TOMORROW
                         NORMAL    RECORD    YEAR
 MAXIMUM TEMPERATURE (F)   52        72      1931
 MINIMUM TEMPERATURE (F)   36        15      1991


SUNRISE AND SUNSET
NOVEMBER  7 2017......SUNRISE   725 AM EST   SUNSET   532 PM EST
NOVEMBER  8 2017......SUNRISE   726 AM EST   SUNSET   531 PM EST


-  INDICATES NEGATIVE NUMBERS.
R  INDICATES RECORD WAS SET OR TIED.
MM INDICATES DATA IS MISSING.
T  INDICATES TRACE AMOUNT.




$$
