000
CDUS43 KIWX 040525
CLISBN


CLIMATE REPORT
NATIONAL WEATHER SERVICE NORTHERN INDIANA
124 AM EDT FRI APR 4 2014


...................................

...THE SOUTH BEND CLIMATE SUMMARY FOR APRIL 3 2014...

CLIMATE NORMAL PERIOD 1981 TO 2010
CLIMATE RECORD PERIOD 1893 TO 2014


WEATHER ITEM   OBSERVED TIME   RECORD YEAR NORMAL DEPARTURE LAST
                VALUE   (LST)  VALUE       VALUE  FROM      YEAR
                                                  NORMAL
..................................................................
TEMPERATURE (F)
 YESTERDAY
  MAXIMUM         51   1207 AM  79    2012  54     -3       46
                                      1956
  MINIMUM         35   1058 AM  18    2013  34      1       18
                                      1987
  AVERAGE         43                        44     -1       32

PRECIPITATION (IN)
  YESTERDAY        1.16          1.30 1968   0.09   1.07     0.00
  MONTH TO DATE    1.17                      0.29   0.88      T
  SINCE MAR 1      2.86                      2.71   0.15     1.26
  SINCE JAN 1      8.80                      6.95   1.85     8.75

DEGREE DAYS
 HEATING
  YESTERDAY       22                        21      1       33
  MONTH TO DATE   58                        64     -6      102
  SINCE MAR 1   1134                       919    215     1116
  SINCE JUL 1   6317                      5608    709     5513

 COOLING
  YESTERDAY        0                         0      0        0
  MONTH TO DATE    0                         0      0        0
  SINCE MAR 1      0                         1     -1        0
  SINCE JAN 1      0                         1     -1        0
..................................................................


WIND (MPH)
  HIGHEST WIND SPEED    26   HIGHEST WIND DIRECTION    SE (130)
  HIGHEST GUST SPEED    44   HIGHEST GUST DIRECTION    NE (50)
  AVERAGE WIND SPEED    14.7


SKY COVER
  AVERAGE SKY COVER 1.0


WEATHER CONDITIONS
 THE FOLLOWING WEATHER WAS RECORDED YESTERDAY.
  THUNDERSTORM
  HEAVY RAIN
  RAIN
  LIGHT RAIN
  FOG


RELATIVE HUMIDITY (PERCENT)
 HIGHEST    92          1100 PM
 LOWEST     38          1200 AM
 AVERAGE    65

..........................................................


THE SOUTH BEND CLIMATE NORMALS FOR TODAY
                         NORMAL    RECORD    YEAR
 MAXIMUM TEMPERATURE (F)   55        77      1997
                                             1921
 MINIMUM TEMPERATURE (F)   35        18      1936


SUNRISE AND SUNSET
APRIL  4 2014.........SUNRISE   723 AM EDT   SUNSET   814 PM EDT
APRIL  5 2014.........SUNRISE   722 AM EDT   SUNSET   815 PM EDT


-  INDICATES NEGATIVE NUMBERS.
R  INDICATES RECORD WAS SET OR TIED.
MM INDICATES DATA IS MISSING.
T  INDICATES TRACE AMOUNT.




$$
