695
CDUS43 KIWX 150526
CLISBN


CLIMATE REPORT
NATIONAL WEATHER SERVICE NORTHERN INDIANA
124 AM EDT SAT APR 15 2017


...................................

...THE SOUTH BEND CLIMATE SUMMARY FOR APRIL 14 2017...

CLIMATE NORMAL PERIOD 1981 TO 2010
CLIMATE RECORD PERIOD 1893 TO 2017


WEATHER ITEM   OBSERVED TIME   RECORD YEAR NORMAL DEPARTURE LAST
                VALUE   (LST)  VALUE       VALUE  FROM      YEAR
                                                  NORMAL
..................................................................
TEMPERATURE (F)
 YESTERDAY
  MAXIMUM         69    407 PM  81    2003  59     10       63
                                      1941
  MINIMUM         44    734 AM  19    1940  38      6       34
                                      1917
  AVERAGE         57                        49      8       49

PRECIPITATION (IN)
  YESTERDAY        0.05          1.04 1987   0.11  -0.06     0.00
  MONTH TO DATE    1.24                      1.46  -0.22     2.23
  SINCE MAR 1      5.47                      3.88   1.59     6.40
  SINCE JAN 1     12.46                      8.12   4.34    10.18

SNOWFALL (IN)
  YESTERDAY        0.0           1.2  1980   0.0    0.0      0.0
  MONTH TO DATE    0.6                       1.0   -0.4      4.1
  SINCE MAR 1      8.5                       8.1    0.4     10.9
  SINCE JUL 1     42.2                      66.2  -24.0     70.2
  SNOW DEPTH       0

DEGREE DAYS
 HEATING
  YESTERDAY        8                        17     -9       16
  MONTH TO DATE  247                       268    -21      379
  SINCE MAR 1   1109                      1123    -14     1069
  SINCE JUL 1   5086                      5812   -726     5199

 COOLING
  YESTERDAY        0                         0      0        0
  MONTH TO DATE    0                         0      0        0
  SINCE MAR 1      0                         1     -1        0
  SINCE JAN 1      0                         1     -1        0
..................................................................


WIND (MPH)
  HIGHEST WIND SPEED    18   HIGHEST WIND DIRECTION    SE (120)
  HIGHEST GUST SPEED    22   HIGHEST GUST DIRECTION    SE (120)
  AVERAGE WIND SPEED    10.3


SKY COVER
  AVERAGE SKY COVER 0.5


WEATHER CONDITIONS
 THE FOLLOWING WEATHER WAS RECORDED YESTERDAY.
  LIGHT RAIN
  FOG


RELATIVE HUMIDITY (PERCENT)
 HIGHEST    93          1100 PM
 LOWEST     49           400 PM
 AVERAGE    71

..........................................................


THE SOUTH BEND CLIMATE NORMALS FOR TODAY
                         NORMAL    RECORD    YEAR
 MAXIMUM TEMPERATURE (F)   59        87      2002
 MINIMUM TEMPERATURE (F)   39        19      1928
                                             1926


SUNRISE AND SUNSET
APRIL 15 2017.........SUNRISE   705 AM EDT   SUNSET   826 PM EDT
APRIL 16 2017.........SUNRISE   703 AM EDT   SUNSET   827 PM EDT


-  INDICATES NEGATIVE NUMBERS.
R  INDICATES RECORD WAS SET OR TIED.
MM INDICATES DATA IS MISSING.
T  INDICATES TRACE AMOUNT.




$$
