000
CDUS43 KIWX 230526
CLISBN


CLIMATE REPORT
NATIONAL WEATHER SERVICE NORTHERN INDIANA
125 AM EDT SUN AUG 23 2015


...................................

...THE SOUTH BEND CLIMATE SUMMARY FOR AUGUST 22 2015...

CLIMATE NORMAL PERIOD 1981 TO 2010
CLIMATE RECORD PERIOD 1893 TO 2015


WEATHER ITEM   OBSERVED TIME   RECORD YEAR NORMAL DEPARTURE LAST
                VALUE   (LST)  VALUE       VALUE  FROM      YEAR
                                                  NORMAL
..................................................................
TEMPERATURE (F)
 YESTERDAY
  MAXIMUM         81    427 PM 100    1936  81      0       85
  MINIMUM         56    604 AM  45    1923  61     -5       72
                                      1907
  AVERAGE         69                        71     -2       79

PRECIPITATION (IN)
  YESTERDAY        0.00          1.59 1913   0.12  -0.12     0.01
  MONTH TO DATE    1.54                      2.70  -1.16     1.40
  SINCE JUN 1     10.40                     10.49  -0.09    12.33
  SINCE JAN 1     23.49                     24.21  -0.72    27.41

SNOWFALL (IN)
  YESTERDAY        0.0           0.0  2002   0.0    0.0      0.0
                                      2001
  MONTH TO DATE    0.0                       0.0    0.0      0.0
  SINCE JUN 1      0.0                       0.0    0.0      0.0
  SINCE JUL 1      0.0                       0.0    0.0      0.0
  SNOW DEPTH       0

DEGREE DAYS
 HEATING
  YESTERDAY        0                         0      0        0
  MONTH TO DATE    0                         0      0       10
  SINCE JUN 1     29                        49    -20       45
  SINCE JUL 1     10                         5      5       28

 COOLING
  YESTERDAY        4                         6     -2       14
  MONTH TO DATE  175                       154     21      156
  SINCE JUN 1    540                       572    -32      512
  SINCE JAN 1    626                       628     -2      597
..................................................................


WIND (MPH)
  HIGHEST WIND SPEED    21   HIGHEST WIND DIRECTION    SE (150)
  HIGHEST GUST SPEED    27   HIGHEST GUST DIRECTION     S (160)
  AVERAGE WIND SPEED     7.8


SKY COVER
  AVERAGE SKY COVER 0.1


WEATHER CONDITIONS
 THE FOLLOWING WEATHER WAS RECORDED YESTERDAY.
  NO SIGNIFICANT WEATHER WAS OBSERVED.


RELATIVE HUMIDITY (PERCENT)
 HIGHEST    93           600 AM
 LOWEST     39           100 PM
 AVERAGE    66

..........................................................


THE SOUTH BEND CLIMATE NORMALS FOR TODAY
                         NORMAL    RECORD    YEAR
 MAXIMUM TEMPERATURE (F)   81        95      1959
                                             1947
                                             1914
 MINIMUM TEMPERATURE (F)   61        44      1920


SUNRISE AND SUNSET
AUGUST 23 2015........SUNRISE   702 AM EDT   SUNSET   833 PM EDT
AUGUST 24 2015........SUNRISE   703 AM EDT   SUNSET   832 PM EDT


-  INDICATES NEGATIVE NUMBERS.
R  INDICATES RECORD WAS SET OR TIED.
MM INDICATES DATA IS MISSING.
T  INDICATES TRACE AMOUNT.




$$
