549
CDUS43 KIWX 260528
CLISBN


CLIMATE REPORT
NATIONAL WEATHER SERVICE NORTHERN INDIANA
127 AM EDT TUE APR 26 2016


...................................

...THE SOUTH BEND CLIMATE SUMMARY FOR APRIL 25 2016...

CLIMATE NORMAL PERIOD 1981 TO 2010
CLIMATE RECORD PERIOD 1893 TO 2016


WEATHER ITEM   OBSERVED TIME   RECORD YEAR NORMAL DEPARTURE LAST
                VALUE   (LST)  VALUE       VALUE  FROM      YEAR
                                                  NORMAL
..................................................................
TEMPERATURE (F)
 YESTERDAY
  MAXIMUM         79    345 PM  87    1990  63     16       48
  MINIMUM         59    634 AM  23    1919  42     17       38
  AVERAGE         69                        53     16       43

PRECIPITATION (IN)
  YESTERDAY        0.26          2.48 2007   0.11   0.15     0.26
  MONTH TO DATE    3.71                      2.66   1.05     2.40
  SINCE MAR 1      7.88                      5.08   2.80     3.18
  SINCE JAN 1     11.66                      9.32   2.34     7.08

SNOWFALL (IN)
  YESTERDAY        0.0           T    1976   0.1   -0.1      0.0
                                      1968
                                      1950
  MONTH TO DATE    4.1                       1.4    2.7       T
  SINCE MAR 1     10.9                       8.5    2.4      6.1
  SINCE JUL 1     70.2                      66.6    3.6     83.9
  SNOW DEPTH       0

DEGREE DAYS
 HEATING
  YESTERDAY        0                        13    -13       22
  MONTH TO DATE  445                       429     16      344
  SINCE MAR 1   1135                      1284   -149     1286
  SINCE JUL 1   5265                      5973   -708     6383

 COOLING
  YESTERDAY        4                         0      4        0
  MONTH TO DATE    4                         0      4        2
  SINCE MAR 1      4                         1      3        2
  SINCE JAN 1      4                         1      3        2
..................................................................


WIND (MPH)
  HIGHEST WIND SPEED    32   HIGHEST WIND DIRECTION     W (290)
  HIGHEST GUST SPEED    40   HIGHEST GUST DIRECTION     W (290)
  AVERAGE WIND SPEED    14.0


SKY COVER
  AVERAGE SKY COVER 0.4


WEATHER CONDITIONS
 THE FOLLOWING WEATHER WAS RECORDED YESTERDAY.
  HEAVY RAIN
  FOG


RELATIVE HUMIDITY (PERCENT)
 HIGHEST    65          1200 AM
 LOWEST     42           400 PM
 AVERAGE    54

..........................................................


THE SOUTH BEND CLIMATE NORMALS FOR TODAY
                         NORMAL    RECORD    YEAR
 MAXIMUM TEMPERATURE (F)   64        88      1915
 MINIMUM TEMPERATURE (F)   42        25      1997
                                             1930
                                             1928


SUNRISE AND SUNSET
APRIL 26 2016.........SUNRISE   648 AM EDT   SUNSET   839 PM EDT
APRIL 27 2016.........SUNRISE   647 AM EDT   SUNSET   840 PM EDT


-  INDICATES NEGATIVE NUMBERS.
R  INDICATES RECORD WAS SET OR TIED.
MM INDICATES DATA IS MISSING.
T  INDICATES TRACE AMOUNT.




$$
