000
CDUS43 KIWX 150524
CLISBN


CLIMATE REPORT
NATIONAL WEATHER SERVICE NORTHERN INDIANA
122 AM EDT FRI MAY 15 2015


...................................

...THE SOUTH BEND CLIMATE SUMMARY FOR MAY 14 2015...

CLIMATE NORMAL PERIOD 1981 TO 2010
CLIMATE RECORD PERIOD 1893 TO 2015


WEATHER ITEM   OBSERVED TIME   RECORD YEAR NORMAL DEPARTURE LAST
                VALUE   (LST)  VALUE       VALUE  FROM      YEAR
                                                  NORMAL
..................................................................
TEMPERATURE (F)
 YESTERDAY
  MAXIMUM         63    614 PM  89    2007  69     -6       56
                                      1982
                                      1962
  MINIMUM         45    516 AM  31    1936  48     -3       47
                                      1920
                                      1910
  AVERAGE         54                        59     -5       52

PRECIPITATION (IN)
  YESTERDAY        0.02          1.92 1908   0.12  -0.10     0.66
  MONTH TO DATE    2.82                      1.65   1.17     2.58
  SINCE MAR 1      6.00                      7.30  -1.30     6.62
  SINCE JAN 1      9.90                     11.54  -1.64    12.56

SNOWFALL (IN)
  YESTERDAY        0.0           0.0  2002   0.0    0.0      0.0
                                      2001
  MONTH TO DATE    0.0                       0.0    0.0      0.0
  SINCE MAR 1      6.1                       8.5   -2.4     12.9
  SINCE JUL 1     83.9                      66.6   17.3    106.9
  SNOW DEPTH       0

DEGREE DAYS
 HEATING
  YESTERDAY       11                         8      3       13
  MONTH TO DATE   65                       130    -65      104
  SINCE MAR 1   1440                      1472    -32     1649
  SINCE JUL 1   6537                      6161    376     6832

 COOLING
  YESTERDAY        0                         1     -1        0
  MONTH TO DATE   26                        12     14       23
  SINCE MAR 1     28                        22      6       25
  SINCE JAN 1     28                        22      6       25
..................................................................


WIND (MPH)
  HIGHEST WIND SPEED    22   HIGHEST WIND DIRECTION    SE (140)
  HIGHEST GUST SPEED    26   HIGHEST GUST DIRECTION    SE (140)
  AVERAGE WIND SPEED    11.9


SKY COVER
  AVERAGE SKY COVER 0.2


WEATHER CONDITIONS
 THE FOLLOWING WEATHER WAS RECORDED YESTERDAY.
  LIGHT RAIN


RELATIVE HUMIDITY (PERCENT)
 HIGHEST    83          1200 AM
 LOWEST     36          1200 PM
 AVERAGE    60

..........................................................


THE SOUTH BEND CLIMATE NORMALS FOR TODAY
                         NORMAL    RECORD    YEAR
 MAXIMUM TEMPERATURE (F)   70        90      1991
 MINIMUM TEMPERATURE (F)   48        32      1920


SUNRISE AND SUNSET
MAY 15 2015...........SUNRISE   626 AM EDT   SUNSET   858 PM EDT
MAY 16 2015...........SUNRISE   625 AM EDT   SUNSET   859 PM EDT


-  INDICATES NEGATIVE NUMBERS.
R  INDICATES RECORD WAS SET OR TIED.
MM INDICATES DATA IS MISSING.
T  INDICATES TRACE AMOUNT.




$$
