000
CDUS43 KIWX 120020
CLISBN


CLIMATE REPORT
NATIONAL WEATHER SERVICE NORTHERN INDIANA
820 PM EDT THU AUG 11 2016


...................................

...THE SOUTH BEND CLIMATE SUMMARY FOR AUGUST 11 2016...
VALID AS OF 0800 PM LOCAL TIME.

CLIMATE NORMAL PERIOD 1981 TO 2010
CLIMATE RECORD PERIOD 1893 TO 2016


WEATHER ITEM   OBSERVED TIME   RECORD YEAR NORMAL DEPARTURE LAST
                VALUE   (LST)  VALUE       VALUE  FROM      YEAR
                                                  NORMAL
..................................................................
TEMPERATURE (F)
 TODAY
  MAXIMUM         93    449 PM  99    1941  81     12       80
  MINIMUM         74   1219 AM  47    1968  62     12       63
                                      1967
                                      1946
  AVERAGE         84                        72     12       72

PRECIPITATION (IN)
  TODAY            T             1.13 1980   0.12  -0.12     0.00
  MONTH TO DATE    T                         1.36  -1.36     0.54
  SINCE JUN 1      6.49                      9.15  -2.66     9.40
  SINCE JAN 1     21.60                     22.87  -1.27    22.49

SNOWFALL (IN)
  TODAY            0.0           0.0  2002   0.0    0.0      0.0
                                      2001
  MONTH TO DATE    0.0                       0.0    0.0      0.0
  SINCE JUN 1      0.0                       0.0    0.0      0.0
  SINCE JUL 1      0.0                       0.0    0.0      0.0
  SNOW DEPTH       0

DEGREE DAYS
 HEATING
  TODAY            0                         0      0        0
  MONTH TO DATE    0                         0      0        0
  SINCE JUN 1     43                        49     -6       29
  SINCE JUL 1      8                         5      3       10

 COOLING
  TODAY           19                         7     12        7
  MONTH TO DATE  124                        79     45       89
  SINCE JUN 1    570                       497     73      454
  SINCE JAN 1    639                       553     86      540
..................................................................


WIND (MPH)
  RESULTANT WIND SPEED  10   RESULTANT WIND DIRECTION  SW (220)
  HIGHEST WIND SPEED    22   HIGHEST WIND DIRECTION    SW (240)
  HIGHEST GUST SPEED    29   HIGHEST GUST DIRECTION    SW (240)
  AVERAGE WIND SPEED    10.7


SKY COVER
  POSSIBLE SUNSHINE  MM
  AVERAGE SKY COVER 0.6


WEATHER CONDITIONS
 THE FOLLOWING WEATHER WAS RECORDED TODAY.
  FOG


RELATIVE HUMIDITY (PERCENT)
 HIGHEST    94           300 AM
 LOWEST     49           300 PM
 AVERAGE    72

..........................................................


THE SOUTH BEND CLIMATE NORMALS FOR TOMORROW
                         NORMAL    RECORD    YEAR
 MAXIMUM TEMPERATURE (F)   81       101      1918
 MINIMUM TEMPERATURE (F)   62        42      1930


SUNRISE AND SUNSET
AUGUST 11 2016........SUNRISE   650 AM EDT   SUNSET   850 PM EDT
AUGUST 12 2016........SUNRISE   651 AM EDT   SUNSET   849 PM EDT


-  INDICATES NEGATIVE NUMBERS.
R  INDICATES RECORD WAS SET OR TIED.
MM INDICATES DATA IS MISSING.
T  INDICATES TRACE AMOUNT.




$$
