000
CDUS43 KIWX 130523
CLISBN


CLIMATE REPORT
NATIONAL WEATHER SERVICE NORTHERN INDIANA
122 AM EDT TUE JUN 13 2017


...................................

...THE SOUTH BEND CLIMATE SUMMARY FOR JUNE 12 2017...

CLIMATE NORMAL PERIOD 1981 TO 2010
CLIMATE RECORD PERIOD 1893 TO 2017


WEATHER ITEM   OBSERVED TIME   RECORD YEAR NORMAL DEPARTURE LAST
                VALUE   (LST)  VALUE       VALUE  FROM      YEAR
                                                  NORMAL
..................................................................
TEMPERATURE (F)
 YESTERDAY
  MAXIMUM         92    500 PM  94    1956  79     13       77
                                      1901
  MINIMUM         70    558 AM  42    1936  58     12       49
  AVERAGE         81                        68     13       63

PRECIPITATION (IN)
  YESTERDAY        0.00          2.16 2004   0.13  -0.13     0.00
  MONTH TO DATE    0.17                      1.58  -1.41     0.16
  SINCE JUN 1      0.17                      1.58  -1.41     0.16
  SINCE JAN 1     19.40                     15.30   4.10    15.27

DEGREE DAYS
 HEATING
  YESTERDAY        0                         2     -2        2
  MONTH TO DATE   13                        29    -16       24
  SINCE JUN 1     13                        29    -16       24
  SINCE JUL 1   5515                      6283   -768     5629

 COOLING
  YESTERDAY       16                         5     11        0
  MONTH TO DATE   63                        45     18       53
  SINCE JUN 1     63                        45     18       53
  SINCE JAN 1    103                       101      2      122
..................................................................


WIND (MPH)
  HIGHEST WIND SPEED    18   HIGHEST WIND DIRECTION     S (200)
  HIGHEST GUST SPEED    23   HIGHEST GUST DIRECTION     S (190)
  AVERAGE WIND SPEED    10.2


SKY COVER
  AVERAGE SKY COVER 0.1


WEATHER CONDITIONS
 THE FOLLOWING WEATHER WAS RECORDED YESTERDAY.
  NO SIGNIFICANT WEATHER WAS OBSERVED.


RELATIVE HUMIDITY (PERCENT)
 HIGHEST    78           600 AM
 LOWEST     38           500 PM
 AVERAGE    58

..........................................................


THE SOUTH BEND CLIMATE NORMALS FOR TODAY
                         NORMAL    RECORD    YEAR
 MAXIMUM TEMPERATURE (F)   79        96      1988
 MINIMUM TEMPERATURE (F)   58        40      1933


SUNRISE AND SUNSET
JUNE 13 2017..........SUNRISE   610 AM EDT   SUNSET   921 PM EDT
JUNE 14 2017..........SUNRISE   610 AM EDT   SUNSET   921 PM EDT


-  INDICATES NEGATIVE NUMBERS.
R  INDICATES RECORD WAS SET OR TIED.
MM INDICATES DATA IS MISSING.
T  INDICATES TRACE AMOUNT.




$$
