000
CDUS43 KIWX 190024
CLISBN


CLIMATE REPORT
NATIONAL WEATHER SERVICE NORTHERN INDIANA
723 PM EST TUE NOV 18 2014


...................................

...THE SOUTH BEND CLIMATE SUMMARY FOR NOVEMBER 18 2014...
VALID AS OF 0700 PM LOCAL TIME.

CLIMATE NORMAL PERIOD 1981 TO 2010
CLIMATE RECORD PERIOD 1893 TO 2014


WEATHER ITEM   OBSERVED TIME   RECORD YEAR NORMAL DEPARTURE LAST
                VALUE   (LST)  VALUE       VALUE  FROM      YEAR
                                                  NORMAL
..................................................................
TEMPERATURE (F)
 TODAY
  MAXIMUM         18    452 PM  73    1930  47    -29       45
  MINIMUM         10    728 AM   8    2008  33    -23       34
                                      1959
  AVERAGE         14                        40    -26       40

PRECIPITATION (IN)
  TODAY            0.06          1.47 2003   0.11  -0.05     0.00
  MONTH TO DATE    1.34                      1.96  -0.62     1.93
  SINCE SEP 1      9.73                      8.81   0.92    10.40
  SINCE JAN 1     37.94                     34.08   3.86    37.32

SNOWFALL (IN)
  TODAY            1.3           4.0  1989   0.1    1.2      0.0
  MONTH TO DATE   16.8                       1.9   14.9      1.8
  SINCE SEP 1     17.0                       2.3   14.7      2.1
  SINCE JUL 1     17.0                       2.3   14.7      2.1
  SNOW DEPTH       3

DEGREE DAYS
 HEATING
  TODAY           51                        25     26       25
  MONTH TO DATE  526                       388    138      389
  SINCE SEP 1   1031                       911    120      859
  SINCE JUL 1   1059                       929    130      888

 COOLING
  TODAY            0                         0      0        0
  MONTH TO DATE    0                         0      0        0
  SINCE SEP 1     78                        91    -13      148
  SINCE JAN 1    771                       773     -2      828
..................................................................


WIND (MPH)
  RESULTANT WIND SPEED  19   RESULTANT WIND DIRECTION  SW (240)
  HIGHEST WIND SPEED    26   HIGHEST WIND DIRECTION    SW (240)
  HIGHEST GUST SPEED    32   HIGHEST GUST DIRECTION     W (250)
  AVERAGE WIND SPEED    19.1


SKY COVER
  POSSIBLE SUNSHINE  MM
  AVERAGE SKY COVER 1.0


WEATHER CONDITIONS
 THE FOLLOWING WEATHER WAS RECORDED TODAY.
  SNOW
  LIGHT SNOW
  FOG
  HAZE


RELATIVE HUMIDITY (PERCENT)
 HIGHEST    92           400 AM
 LOWEST     54           600 PM
 AVERAGE    73

..........................................................


THE SOUTH BEND CLIMATE NORMALS FOR TOMORROW
                         NORMAL    RECORD    YEAR
 MAXIMUM TEMPERATURE (F)   46        76      1930
 MINIMUM TEMPERATURE (F)   32        12      1903


SUNRISE AND SUNSET
NOVEMBER 18 2014......SUNRISE   738 AM EST   SUNSET   522 PM EST
NOVEMBER 19 2014......SUNRISE   739 AM EST   SUNSET   522 PM EST


-  INDICATES NEGATIVE NUMBERS.
R  INDICATES RECORD WAS SET OR TIED.
MM INDICATES DATA IS MISSING.
T  INDICATES TRACE AMOUNT.




$$
