000
CDUS43 KIWX 090524
CLISBN


CLIMATE REPORT
NATIONAL WEATHER SERVICE NORTHERN INDIANA
123 AM EDT TUE AUG 9 2016


...................................

...THE SOUTH BEND CLIMATE SUMMARY FOR AUGUST 8 2016...

CLIMATE NORMAL PERIOD 1981 TO 2010
CLIMATE RECORD PERIOD 1893 TO 2016


WEATHER ITEM   OBSERVED TIME   RECORD YEAR NORMAL DEPARTURE LAST
                VALUE   (LST)  VALUE       VALUE  FROM      YEAR
                                                  NORMAL
..................................................................
TEMPERATURE (F)
 YESTERDAY
  MAXIMUM         86    425 PM 101    1934  82      4       85
  MINIMUM         64    417 AM  45    1904  63      1       67
  AVERAGE         75                        72      3       76

PRECIPITATION (IN)
  YESTERDAY        0.00          2.03 1968   0.12  -0.12     0.00
  MONTH TO DATE    0.00                      1.00  -1.00     0.54
  SINCE JUN 1      6.49                      8.79  -2.30     9.40
  SINCE JAN 1     21.60                     22.51  -0.91    22.49

SNOWFALL (IN)
  YESTERDAY        0.0           0.0  2002   0.0    0.0      0.0
                                      2001
  MONTH TO DATE    0.0                       0.0    0.0      0.0
  SINCE JUN 1      0.0                       0.0    0.0      0.0
  SINCE JUL 1      0.0                       0.0    0.0      0.0
  SNOW DEPTH       0

DEGREE DAYS
 HEATING
  YESTERDAY        0                         0      0        0
  MONTH TO DATE    0                         0      0        0
  SINCE JUN 1     43                        49     -6       29
  SINCE JUL 1      8                         5      3       10

 COOLING
  YESTERDAY       10                         7      3       11
  MONTH TO DATE   82                        58     24       62
  SINCE JUN 1    528                       476     52      427
  SINCE JAN 1    597                       532     65      513
..................................................................


WIND (MPH)
  HIGHEST WIND SPEED    15   HIGHEST WIND DIRECTION    SE (130)
  HIGHEST GUST SPEED    19   HIGHEST GUST DIRECTION    SE (140)
  AVERAGE WIND SPEED     5.6


SKY COVER
  AVERAGE SKY COVER 0.1


WEATHER CONDITIONS
 THE FOLLOWING WEATHER WAS RECORDED YESTERDAY.
  NO SIGNIFICANT WEATHER WAS OBSERVED.


RELATIVE HUMIDITY (PERCENT)
 HIGHEST    78           200 AM
 LOWEST     34           600 PM
 AVERAGE    56

..........................................................


THE SOUTH BEND CLIMATE NORMALS FOR TODAY
                         NORMAL    RECORD    YEAR
 MAXIMUM TEMPERATURE (F)   82       105      1934
 MINIMUM TEMPERATURE (F)   63        45      1964


SUNRISE AND SUNSET
AUGUST  9 2016........SUNRISE   648 AM EDT   SUNSET   853 PM EDT
AUGUST 10 2016........SUNRISE   649 AM EDT   SUNSET   851 PM EDT


-  INDICATES NEGATIVE NUMBERS.
R  INDICATES RECORD WAS SET OR TIED.
MM INDICATES DATA IS MISSING.
T  INDICATES TRACE AMOUNT.




$$
