000
CDUS43 KIWX 050520
CLISBN


CLIMATE REPORT
NATIONAL WEATHER SERVICE NORTHERN INDIANA
120 AM EDT SAT JUL 5 2014


...................................

...THE SOUTH BEND CLIMATE SUMMARY FOR JULY 4 2014...

CLIMATE NORMAL PERIOD 1981 TO 2010
CLIMATE RECORD PERIOD 1893 TO 2014


WEATHER ITEM   OBSERVED TIME   RECORD YEAR NORMAL DEPARTURE LAST
                VALUE   (LST)  VALUE       VALUE  FROM      YEAR
                                                  NORMAL
..................................................................
TEMPERATURE (F)
 YESTERDAY
  MAXIMUM         79    322 PM 100    2012  83     -4       78
  MINIMUM         52    351 AM  44    1917  63    -11       58
  AVERAGE         66                        73     -7       68

PRECIPITATION (IN)
  YESTERDAY        0.00          1.16 2001   0.12  -0.12     0.00
  MONTH TO DATE    0.37                      0.47  -0.10     0.70
  SINCE JUN 1      9.51                      4.26   5.25     4.13
  SINCE JAN 1     24.59                     17.98   6.61    21.43

DEGREE DAYS
 HEATING
  YESTERDAY        0                         0      0        0
  MONTH TO DATE    2                         0      2        3
  SINCE JUN 1     19                        44    -25       40
  SINCE JUL 1      2                         0      2        3

 COOLING
  YESTERDAY        1                         8     -7        3
  MONTH TO DATE   12                        32    -20        9
  SINCE JUN 1    228                       197     31      174
  SINCE JAN 1    313                       253     60      270
..................................................................


WIND (MPH)
  HIGHEST WIND SPEED    13   HIGHEST WIND DIRECTION     N (340)
  HIGHEST GUST SPEED    15   HIGHEST GUST DIRECTION     N (350)
  AVERAGE WIND SPEED     3.3


SKY COVER
  AVERAGE SKY COVER 0.0


WEATHER CONDITIONS
 THE FOLLOWING WEATHER WAS RECORDED YESTERDAY.
  NO SIGNIFICANT WEATHER WAS OBSERVED.


RELATIVE HUMIDITY (PERCENT)
 HIGHEST    89           600 AM
 LOWEST     33           400 PM
 AVERAGE    61

..........................................................


THE SOUTH BEND CLIMATE NORMALS FOR TODAY
                         NORMAL    RECORD    YEAR
 MAXIMUM TEMPERATURE (F)   83       100      2012
                                             1911
 MINIMUM TEMPERATURE (F)   63        48      1997
                                             1996
                                             1967


SUNRISE AND SUNSET
JULY  5 2014..........SUNRISE   617 AM EDT   SUNSET   923 PM EDT
JULY  6 2014..........SUNRISE   617 AM EDT   SUNSET   922 PM EDT


-  INDICATES NEGATIVE NUMBERS.
R  INDICATES RECORD WAS SET OR TIED.
MM INDICATES DATA IS MISSING.
T  INDICATES TRACE AMOUNT.




$$
