000
CDUS43 KIWX 090522
CLISBN


CLIMATE REPORT
NATIONAL WEATHER SERVICE NORTHERN INDIANA
122 AM EDT MON MAY 9 2016


...................................

...THE SOUTH BEND CLIMATE SUMMARY FOR MAY 8 2016...

CLIMATE NORMAL PERIOD 1981 TO 2010
CLIMATE RECORD PERIOD 1893 TO 2016


WEATHER ITEM   OBSERVED TIME   RECORD YEAR NORMAL DEPARTURE LAST
                VALUE   (LST)  VALUE       VALUE  FROM      YEAR
                                                  NORMAL
..................................................................
TEMPERATURE (F)
 YESTERDAY
  MAXIMUM         68    435 PM  91    2014  68      0       83
  MINIMUM         34    527 AM  28    1947  46    -12       65
  AVERAGE         51                        57     -6       74

PRECIPITATION (IN)
  YESTERDAY        0.00          1.31 1969   0.12  -0.12     0.55
  MONTH TO DATE    0.95                      0.93   0.02     1.59
  SINCE MAR 1      9.79                      6.58   3.21     4.77
  SINCE JAN 1     13.57                     10.82   2.75     8.67

SNOWFALL (IN)
  YESTERDAY        0.0           T    1966   0.0    0.0      0.0
                                      1960
                                      1953
  MONTH TO DATE    0.0                       0.0    0.0      0.0
  SINCE MAR 1     10.9                       8.5    2.4      6.1
  SINCE JUL 1     70.2                      66.6    3.6     83.9
  SNOW DEPTH       0

DEGREE DAYS
 HEATING
  YESTERDAY       14                         9      5        0
  MONTH TO DATE  113                        80     33       20
  SINCE MAR 1   1327                      1422    -95     1395
  SINCE JUL 1   5457                      6111   -654     6492

 COOLING
  YESTERDAY        0                         1     -1        9
  MONTH TO DATE    0                         6     -6       26
  SINCE MAR 1      4                        16    -12       28
  SINCE JAN 1      4                        16    -12       28
..................................................................


WIND (MPH)
  HIGHEST WIND SPEED    16   HIGHEST WIND DIRECTION     N (340)
  HIGHEST GUST SPEED    22   HIGHEST GUST DIRECTION     N (340)
  AVERAGE WIND SPEED     5.7


SKY COVER
  AVERAGE SKY COVER 0.1


WEATHER CONDITIONS
 THE FOLLOWING WEATHER WAS RECORDED YESTERDAY.
  NO SIGNIFICANT WEATHER WAS OBSERVED.


RELATIVE HUMIDITY (PERCENT)
 HIGHEST    93           700 AM
 LOWEST     26           400 PM
 AVERAGE    60

..........................................................


THE SOUTH BEND CLIMATE NORMALS FOR TODAY
                         NORMAL    RECORD    YEAR
 MAXIMUM TEMPERATURE (F)   68        92      1895
 MINIMUM TEMPERATURE (F)   46        27      1947


SUNRISE AND SUNSET
MAY  9 2016...........SUNRISE   631 AM EDT   SUNSET   853 PM EDT
MAY 10 2016...........SUNRISE   630 AM EDT   SUNSET   854 PM EDT


-  INDICATES NEGATIVE NUMBERS.
R  INDICATES RECORD WAS SET OR TIED.
MM INDICATES DATA IS MISSING.
T  INDICATES TRACE AMOUNT.




$$
