000
CDUS43 KIWX 310023
CLISBN


CLIMATE REPORT
NATIONAL WEATHER SERVICE NORTHERN INDIANA
721 PM EST SAT JAN 30 2016


...................................

...THE SOUTH BEND CLIMATE SUMMARY FOR JANUARY 30 2016...
VALID AS OF 0700 PM LOCAL TIME.

CLIMATE NORMAL PERIOD 1981 TO 2010
CLIMATE RECORD PERIOD 1893 TO 2016


WEATHER ITEM   OBSERVED TIME   RECORD YEAR NORMAL DEPARTURE LAST
                VALUE   (LST)  VALUE       VALUE  FROM      YEAR
                                                  NORMAL
..................................................................
TEMPERATURE (F)
 TODAY
  MAXIMUM         47    400 PM  54    1974  32     15       31
  MINIMUM         32    108 AM -13    1966  18     14       18
  AVERAGE         40                        25     15       25

PRECIPITATION (IN)
  TODAY            0.00          2.00 1909   0.07  -0.07     0.02
  MONTH TO DATE    1.53                      2.23  -0.70     1.87
  SINCE DEC 1      5.65                      4.84   0.81     3.34
  SINCE JAN 1      1.53                      2.23  -0.70     1.87

SNOWFALL (IN)
  TODAY            0.0           8.0  2007   0.7   -0.7      0.2
  MONTH TO DATE   18.7                      19.9   -1.2     21.6
  SINCE DEC 1     20.1                      37.2  -17.1     21.8
  SINCE JUL 1     29.2                      42.4  -13.2     41.1
  SNOW DEPTH       0

DEGREE DAYS
 HEATING
  TODAY           25                        40    -15       40
  MONTH TO DATE 1219                      1220     -1     1270
  SINCE DEC 1   2005                      2342   -337     2248
  SINCE JUL 1   3072                      3611   -539     3690

 COOLING
  TODAY            0                         0      0        0
  MONTH TO DATE    0                         0      0        0
  SINCE DEC 1      0                         0      0        0
  SINCE JAN 1      0                         0      0        0
..................................................................


WIND (MPH)
  RESULTANT WIND SPEED  13   RESULTANT WIND DIRECTION  SW (210)
  HIGHEST WIND SPEED    22   HIGHEST WIND DIRECTION     S (190)
  HIGHEST GUST SPEED    29   HIGHEST GUST DIRECTION     S (200)
  AVERAGE WIND SPEED    13.2


SKY COVER
  POSSIBLE SUNSHINE  MM
  AVERAGE SKY COVER 0.0


WEATHER CONDITIONS
 THE FOLLOWING WEATHER WAS RECORDED TODAY.
  NO SIGNIFICANT WEATHER WAS OBSERVED.


RELATIVE HUMIDITY (PERCENT)
 HIGHEST    75           700 AM
 LOWEST     60           200 PM
 AVERAGE    68

..........................................................


THE SOUTH BEND CLIMATE NORMALS FOR TOMORROW
                         NORMAL    RECORD    YEAR
 MAXIMUM TEMPERATURE (F)   32        64      1989
 MINIMUM TEMPERATURE (F)   18       -11      1936


SUNRISE AND SUNSET
JANUARY 30 2016.......SUNRISE   800 AM EST   SUNSET   558 PM EST
JANUARY 31 2016.......SUNRISE   759 AM EST   SUNSET   559 PM EST


-  INDICATES NEGATIVE NUMBERS.
R  INDICATES RECORD WAS SET OR TIED.
MM INDICATES DATA IS MISSING.
T  INDICATES TRACE AMOUNT.




$$
