000
CDUS43 KIWX 142025
CLISBN


CLIMATE REPORT
NATIONAL WEATHER SERVICE NORTHERN INDIANA
425 PM EDT WED SEP 14 2016


...................................

...THE SOUTH BEND CLIMATE SUMMARY FOR SEPTEMBER 14 2016...
VALID TODAY AS OF 0400 PM LOCAL TIME.

CLIMATE NORMAL PERIOD 1981 TO 2010
CLIMATE RECORD PERIOD 1893 TO 2016


WEATHER ITEM   OBSERVED TIME   RECORD YEAR NORMAL DEPARTURE LAST
                VALUE   (LST)  VALUE       VALUE  FROM      YEAR
                                                  NORMAL
..................................................................
TEMPERATURE (F)
 TODAY
  MAXIMUM         72    220 PM  98    1897  75     -3       78
  MINIMUM         64    859 AM  36    1899  55      9       48
  AVERAGE         68                        65      3       63

PRECIPITATION (IN)
  TODAY            T             4.07 2008   0.11  -0.11     0.00
  MONTH TO DATE    1.16                      1.64  -0.48     1.67
  SINCE SEP 1      1.16                      1.64  -0.48     1.67
  SINCE JAN 1     35.57                     26.91   8.66    25.94

DEGREE DAYS
 HEATING
  TODAY            0                         3     -3        2
  MONTH TO DATE    4                        26    -22       28
  SINCE SEP 1      4                        26    -22       28
  SINCE JUL 1     12                        44    -32       53

 COOLING
  TODAY            3                         3      0        0
  MONTH TO DATE   67                        55     12      104
  SINCE SEP 1     67                        55     12      104
  SINCE JAN 1    876                       737    139      749
..................................................................


WIND (MPH)
  HIGHEST WIND SPEED    12   HIGHEST WIND DIRECTION    NE (40)
  HIGHEST GUST SPEED    15   HIGHEST GUST DIRECTION    NE (40)
  AVERAGE WIND SPEED     7.1


SKY COVER
  POSSIBLE SUNSHINE  MM
  AVERAGE SKY COVER 0.5


WEATHER CONDITIONS
 THE FOLLOWING WEATHER WAS RECORDED TODAY.
  LIGHT RAIN


RELATIVE HUMIDITY (PERCENT)
 HIGHEST   100           200 AM
 LOWEST     57           300 PM
 AVERAGE    79

..........................................................


THE SOUTH BEND CLIMATE NORMALS FOR TOMORROW
                         NORMAL    RECORD    YEAR
 MAXIMUM TEMPERATURE (F)   75        96      1897
 MINIMUM TEMPERATURE (F)   54        38      1953


SUNRISE AND SUNSET
SEPTEMBER 14 2016.....SUNRISE   725 AM EDT   SUNSET   755 PM EDT
SEPTEMBER 15 2016.....SUNRISE   726 AM EDT   SUNSET   754 PM EDT


-  INDICATES NEGATIVE NUMBERS.
R  INDICATES RECORD WAS SET OR TIED.
MM INDICATES DATA IS MISSING.
T  INDICATES TRACE AMOUNT.




$$
