000
CDUS43 KIWX 200527
CLISBN


CLIMATE REPORT
NATIONAL WEATHER SERVICE NORTHERN INDIANA
126 AM EDT MON JUL 20 2015


...................................

...THE SOUTH BEND CLIMATE SUMMARY FOR JULY 19 2015...

CLIMATE NORMAL PERIOD 1981 TO 2010
CLIMATE RECORD PERIOD 1893 TO 2015


WEATHER ITEM   OBSERVED TIME   RECORD YEAR NORMAL DEPARTURE LAST
                VALUE   (LST)  VALUE       VALUE  FROM      YEAR
                                                  NORMAL
..................................................................
TEMPERATURE (F)
 YESTERDAY
  MAXIMUM         83    227 PM 104    1930  83      0       81
  MINIMUM         65   1159 PM  46    1909  63      2       55
  AVERAGE         74                        73      1       68

PRECIPITATION (IN)
  YESTERDAY        0.00          2.06 2012   0.12  -0.12     0.00
  MONTH TO DATE    4.79                      2.39   2.40     1.52
  SINCE JUN 1      8.86                      6.18   2.68    10.66
  SINCE JAN 1     21.95                     19.90   2.05    25.74

SNOWFALL (IN)
  YESTERDAY        0.0           0.0  2002   0.0    0.0      0.0
                                      2001
  MONTH TO DATE    0.0                       0.0    0.0      0.0
  SINCE JUN 1      0.0                       0.0    0.0      0.0
  SINCE JUL 1      0.0                       0.0    0.0      0.0
  SNOW DEPTH       0

DEGREE DAYS
 HEATING
  YESTERDAY        0                         0      0        0
  MONTH TO DATE   10                         0     10        9
  SINCE JUN 1     29                        44    -15       26
  SINCE JUL 1     10                         0     10        9

 COOLING
  YESTERDAY        9                         8      1        3
  MONTH TO DATE   97                       152    -55       84
  SINCE JUN 1    254                       317    -63      300
  SINCE JAN 1    340                       373    -33      385
..................................................................


WIND (MPH)
  HIGHEST WIND SPEED    15   HIGHEST WIND DIRECTION     N (350)
  HIGHEST GUST SPEED    19   HIGHEST GUST DIRECTION     N (350)
  AVERAGE WIND SPEED     7.0


SKY COVER
  AVERAGE SKY COVER 0.2


WEATHER CONDITIONS
 THE FOLLOWING WEATHER WAS RECORDED YESTERDAY.
  NO SIGNIFICANT WEATHER WAS OBSERVED.


RELATIVE HUMIDITY (PERCENT)
 HIGHEST    94           700 AM
 LOWEST     55           400 PM
 AVERAGE    75

..........................................................


THE SOUTH BEND CLIMATE NORMALS FOR TODAY
                         NORMAL    RECORD    YEAR
 MAXIMUM TEMPERATURE (F)   83       104      1934
 MINIMUM TEMPERATURE (F)   63        44      1929


SUNRISE AND SUNSET
JULY 20 2015..........SUNRISE   628 AM EDT   SUNSET   915 PM EDT
JULY 21 2015..........SUNRISE   629 AM EDT   SUNSET   914 PM EDT


-  INDICATES NEGATIVE NUMBERS.
R  INDICATES RECORD WAS SET OR TIED.
MM INDICATES DATA IS MISSING.
T  INDICATES TRACE AMOUNT.




$$
