000
CDUS43 KIWX 010521
CLISBN


CLIMATE REPORT
NATIONAL WEATHER SERVICE NORTHERN INDIANA
120 AM EDT TUE AUG 1 2017


...................................

...THE SOUTH BEND CLIMATE SUMMARY FOR JULY 31 2017...

CLIMATE NORMAL PERIOD 1981 TO 2010
CLIMATE RECORD PERIOD 1893 TO 2017


WEATHER ITEM   OBSERVED TIME   RECORD YEAR NORMAL DEPARTURE LAST
                VALUE   (LST)  VALUE       VALUE  FROM      YEAR
                                                  NORMAL
..................................................................
TEMPERATURE (F)
 YESTERDAY
  MAXIMUM         83    348 PM  98    1917  82      1       81
  MINIMUM         57    548 AM  45    1918  63     -6       63
  AVERAGE         70                        72     -2       72

PRECIPITATION (IN)
  YESTERDAY        0.00          2.12 1950   0.13  -0.13     0.00
  MONTH TO DATE    3.75                      4.00  -0.25     3.24
  SINCE JUN 1      6.17                      7.79  -1.62     6.49
  SINCE JAN 1     25.40                     21.51   3.89    21.60

DEGREE DAYS
 HEATING
  YESTERDAY        0                         0      0        0
  MONTH TO DATE    1                         0      1        8
  SINCE JUN 1     26                        49    -23       43
  SINCE JUL 1      1                         5     -4        8

 COOLING
  YESTERDAY        5                         8     -3        7
  MONTH TO DATE  220                       253    -33      270
  SINCE JUN 1    393                       418    -25      446
  SINCE JAN 1    433                       474    -41      515
..................................................................


WIND (MPH)
  HIGHEST WIND SPEED    12   HIGHEST WIND DIRECTION     N (340)
  HIGHEST GUST SPEED    16   HIGHEST GUST DIRECTION    NW (310)
  AVERAGE WIND SPEED     2.2


SKY COVER
  AVERAGE SKY COVER 0.0


WEATHER CONDITIONS
 THE FOLLOWING WEATHER WAS RECORDED YESTERDAY.
  NO SIGNIFICANT WEATHER WAS OBSERVED.


RELATIVE HUMIDITY (PERCENT)
 HIGHEST   100           500 AM
 LOWEST     43           300 PM
 AVERAGE    72

..........................................................


THE SOUTH BEND CLIMATE NORMALS FOR TODAY
                         NORMAL    RECORD    YEAR
 MAXIMUM TEMPERATURE (F)   82       103      1988
 MINIMUM TEMPERATURE (F)   63        47      1895


SUNRISE AND SUNSET
AUGUST  1 2017........SUNRISE   640 AM EDT   SUNSET   903 PM EDT
AUGUST  2 2017........SUNRISE   641 AM EDT   SUNSET   902 PM EDT


-  INDICATES NEGATIVE NUMBERS.
R  INDICATES RECORD WAS SET OR TIED.
MM INDICATES DATA IS MISSING.
T  INDICATES TRACE AMOUNT.




$$
