000
CDUS43 KIWX 240529
CLISBN


CLIMATE REPORT
NATIONAL WEATHER SERVICE NORTHERN INDIANA
128 AM EDT FRI OCT 24 2014


...................................

...THE SOUTH BEND CLIMATE SUMMARY FOR OCTOBER 23 2014...

CLIMATE NORMAL PERIOD 1981 TO 2010
CLIMATE RECORD PERIOD 1893 TO 2014


WEATHER ITEM   OBSERVED TIME   RECORD YEAR NORMAL DEPARTURE LAST
                VALUE   (LST)  VALUE       VALUE  FROM      YEAR
                                                  NORMAL
..................................................................
TEMPERATURE (F)
 YESTERDAY
  MAXIMUM         59    352 PM  83    1963  59      0       44
  MINIMUM         30    504 AM  25    1895  41    -11       33
  AVERAGE         45                        50     -5       39

PRECIPITATION (IN)
  YESTERDAY        0.00          2.47 1951   0.10  -0.10     0.27
  MONTH TO DATE    5.00                      2.48   2.52     1.89
  SINCE SEP 1      7.71                      6.01   1.70     6.01
  SINCE JAN 1     35.92                     31.28   4.64    32.93

SNOWFALL (IN)
  YESTERDAY        0.0           2.4  1962   0.0    0.0      0.2
  MONTH TO DATE    0.0                       0.2   -0.2      0.2
  SINCE SEP 1      0.0                       0.2   -0.2      0.2
  SINCE JUL 1      0.0                       0.2   -0.2      0.2
  SNOW DEPTH       0

DEGREE DAYS
 HEATING
  YESTERDAY       20                        15      5       26
  MONTH TO DATE  285                       273     12      224
  SINCE SEP 1    405                       389     16      315
  SINCE JUL 1    433                       407     26      344

 COOLING
  YESTERDAY        0                         0      0        0
  MONTH TO DATE    4                         8     -4       30
  SINCE SEP 1     78                        90    -12      148
  SINCE JAN 1    771                       772     -1      828
..................................................................


WIND (MPH)
  HIGHEST WIND SPEED    12   HIGHEST WIND DIRECTION    SW (210)
  HIGHEST GUST SPEED    16   HIGHEST GUST DIRECTION     S (170)
  AVERAGE WIND SPEED     3.7


SKY COVER
  AVERAGE SKY COVER 0.0


WEATHER CONDITIONS
 THE FOLLOWING WEATHER WAS RECORDED YESTERDAY.
  FOG
  FOG W/VISIBILITY <= 1/4 MILE
  HAZE


RELATIVE HUMIDITY (PERCENT)
 HIGHEST    92           200 AM
 LOWEST     47           300 PM
 AVERAGE    70

..........................................................


THE SOUTH BEND CLIMATE NORMALS FOR TODAY
                         NORMAL    RECORD    YEAR
 MAXIMUM TEMPERATURE (F)   59        79      1975
                                             1963
 MINIMUM TEMPERATURE (F)   40        23      1981


SUNRISE AND SUNSET
OCTOBER 24 2014.......SUNRISE   808 AM EDT   SUNSET   651 PM EDT
OCTOBER 25 2014.......SUNRISE   809 AM EDT   SUNSET   649 PM EDT


-  INDICATES NEGATIVE NUMBERS.
R  INDICATES RECORD WAS SET OR TIED.
MM INDICATES DATA IS MISSING.
T  INDICATES TRACE AMOUNT.




$$
