000
CDUS43 KIWX 312023
CLISBN


CLIMATE REPORT
NATIONAL WEATHER SERVICE NORTHERN INDIANA
423 PM EDT MON MAR 31 2014


...................................

...THE SOUTH BEND CLIMATE SUMMARY FOR MARCH 31 2014...
VALID TODAY AS OF 0400 PM LOCAL TIME.

CLIMATE NORMAL PERIOD 1981 TO 2010
CLIMATE RECORD PERIOD 1893 TO 2014


WEATHER ITEM   OBSERVED TIME   RECORD YEAR NORMAL DEPARTURE LAST
                VALUE   (LST)  VALUE       VALUE  FROM      YEAR
                                                  NORMAL
..................................................................
TEMPERATURE (F)
 TODAY
  MAXIMUM         67    259 PM  85    1981  53     14       59
  MINIMUM         36    601 AM   5    1923  33      3       37
  AVERAGE         52                        43      9       48

PRECIPITATION (IN)
  TODAY            0.00          1.07 1926   0.09  -0.09      T
  MONTH TO DATE    1.69                      2.42  -0.73     1.26
  SINCE MAR 1      1.69                      2.42  -0.73     1.26
  SINCE JAN 1      7.63                      6.66   0.97     8.75

DEGREE DAYS
 HEATING
  TODAY           13                        22     -9       17
  MONTH TO DATE 1076                       855    221     1014
  SINCE MAR 1   1076                       855    221     1014
  SINCE JUL 1   6259                      5544    715     5411

 COOLING
  TODAY            0                         0      0        0
  MONTH TO DATE    0                         1     -1        0
  SINCE MAR 1      0                         1     -1        0
  SINCE JAN 1      0                         1     -1        0
..................................................................


WIND (MPH)
  HIGHEST WIND SPEED    26   HIGHEST WIND DIRECTION     S (160)
  HIGHEST GUST SPEED    33   HIGHEST GUST DIRECTION     S (180)
  AVERAGE WIND SPEED    11.7


SKY COVER
  POSSIBLE SUNSHINE  MM
  AVERAGE SKY COVER 0.0


WEATHER CONDITIONS
 THE FOLLOWING WEATHER WAS RECORDED TODAY.
  NO SIGNIFICANT WEATHER WAS OBSERVED.


RELATIVE HUMIDITY (PERCENT)
 HIGHEST    75           600 AM
 LOWEST     24           200 PM
 AVERAGE    50

..........................................................


THE SOUTH BEND CLIMATE NORMALS FOR TOMORROW
                         NORMAL    RECORD    YEAR
 MAXIMUM TEMPERATURE (F)   54        82      2010
 MINIMUM TEMPERATURE (F)   34        12      1923


SUNRISE AND SUNSET
MARCH 31 2014.........SUNRISE   730 AM EDT   SUNSET   810 PM EDT
APRIL  1 2014.........SUNRISE   728 AM EDT   SUNSET   811 PM EDT


-  INDICATES NEGATIVE NUMBERS.
R  INDICATES RECORD WAS SET OR TIED.
MM INDICATES DATA IS MISSING.
T  INDICATES TRACE AMOUNT.




$$
