000
CDUS43 KIWX 012020
CLISBN


CLIMATE REPORT
NATIONAL WEATHER SERVICE NORTHERN INDIANA
420 PM EDT FRI AUG 1 2014


...................................

...THE SOUTH BEND CLIMATE SUMMARY FOR AUGUST 1 2014...
VALID TODAY AS OF 0400 PM LOCAL TIME.

CLIMATE NORMAL PERIOD 1981 TO 2010
CLIMATE RECORD PERIOD 1893 TO 2014


WEATHER ITEM   OBSERVED TIME   RECORD YEAR NORMAL DEPARTURE LAST
                VALUE   (LST)  VALUE       VALUE  FROM      YEAR
                                                  NORMAL
..................................................................
TEMPERATURE (F)
 TODAY
  MAXIMUM         80   1047 AM 103    1988  82     -2       79
  MINIMUM         62    623 AM  47    1895  63     -1       59
  AVERAGE         71                        72     -1       69

PRECIPITATION (IN)
  TODAY            0.00          2.88 1897   0.13  -0.13      T
  MONTH TO DATE    0.00                      0.13  -0.13      T
  SINCE JUN 1     10.93                      7.92   3.01     6.59
  SINCE JAN 1     26.01                     21.64   4.37    23.89

DEGREE DAYS
 HEATING
  TODAY            0                         0      0        0
  MONTH TO DATE    0                         0      0        0
  SINCE JUN 1     35                        49    -14       51
  SINCE JUL 1     18                         5     13       14

 COOLING
  TODAY            6                         8     -2        4
  MONTH TO DATE    6                         8     -2        4
  SINCE JUN 1    362                       426    -64      398
  SINCE JAN 1    447                       482    -35      494
..................................................................


WIND (MPH)
  HIGHEST WIND SPEED    15   HIGHEST WIND DIRECTION    NW (310)
  HIGHEST GUST SPEED    19   HIGHEST GUST DIRECTION    NW (320)
  AVERAGE WIND SPEED     3.3


SKY COVER
  POSSIBLE SUNSHINE  MM
  AVERAGE SKY COVER 0.1


WEATHER CONDITIONS
 THE FOLLOWING WEATHER WAS RECORDED TODAY.
  THUNDERSTORM
  FOG
  HAZE


RELATIVE HUMIDITY (PERCENT)
 HIGHEST    90           500 AM
 LOWEST     52          1100 AM
 AVERAGE    71

..........................................................


THE SOUTH BEND CLIMATE NORMALS FOR TOMORROW
                         NORMAL    RECORD    YEAR
 MAXIMUM TEMPERATURE (F)   82        99      1991
                                             1988
                                             1934
 MINIMUM TEMPERATURE (F)   63        40      1927


SUNRISE AND SUNSET
AUGUST  1 2014........SUNRISE   639 AM EDT   SUNSET   903 PM EDT
AUGUST  2 2014........SUNRISE   640 AM EDT   SUNSET   902 PM EDT


-  INDICATES NEGATIVE NUMBERS.
R  INDICATES RECORD WAS SET OR TIED.
MM INDICATES DATA IS MISSING.
T  INDICATES TRACE AMOUNT.




$$
