000
CDUS43 KIWX 100526
CLISBN


CLIMATE REPORT
NATIONAL WEATHER SERVICE NORTHERN INDIANA
1225 AM EST SUN DEC 10 2017


...................................

...THE SOUTH BEND CLIMATE SUMMARY FOR DECEMBER 9 2017...

CLIMATE NORMAL PERIOD 1981 TO 2010
CLIMATE RECORD PERIOD 1893 TO 2017


WEATHER ITEM   OBSERVED TIME   RECORD YEAR NORMAL DEPARTURE LAST
                VALUE   (LST)  VALUE       VALUE  FROM      YEAR
                                                  NORMAL
..................................................................
TEMPERATURE (F)
 YESTERDAY
  MAXIMUM         31    157 PM  58    1946  37     -6       26
  MINIMUM         23    240 AM  -9    1958  24     -1       20
  AVERAGE         27                        31     -4       23

PRECIPITATION (IN)
  YESTERDAY        0.31          0.92 2008   0.09   0.22     0.07
  MONTH TO DATE    0.44                      0.82  -0.38     0.56
  SINCE DEC 1      0.44                      0.82  -0.38     0.56
  SINCE JAN 1     42.60                     36.21   6.39    45.17

SNOWFALL (IN)
  YESTERDAY        6.2          10.5  1962   0.5    5.7      2.3
  MONTH TO DATE    8.0                       3.8    4.2      5.4
  SINCE DEC 1      8.0                       3.8    4.2      5.4
  SINCE JUL 1      8.0                       9.0   -1.0      5.9
  SNOW DEPTH       1

DEGREE DAYS
 HEATING
  YESTERDAY       38                        34      4       42
  MONTH TO DATE  273                       296    -23      306
  SINCE DEC 1    273                       296    -23      306
  SINCE JUL 1   1456                      1565   -109     1207

 COOLING
  YESTERDAY        0                         0      0        0
  MONTH TO DATE    0                         0      0        0
  SINCE DEC 1      0                         0      0        0
  SINCE JAN 1    692                       773    -81      950
..................................................................


WIND (MPH)
  HIGHEST WIND SPEED    21   HIGHEST WIND DIRECTION     N (350)
  HIGHEST GUST SPEED    24   HIGHEST GUST DIRECTION     N (340)
  AVERAGE WIND SPEED    10.7


SKY COVER
  AVERAGE SKY COVER 0.9


WEATHER CONDITIONS
 THE FOLLOWING WEATHER WAS RECORDED YESTERDAY.
  HEAVY SNOW
  SNOW
  LIGHT SNOW
  FOG
  FOG W/VISIBILITY <= 1/4 MILE


RELATIVE HUMIDITY (PERCENT)
 HIGHEST   100           400 AM
 LOWEST     55          1200 AM
 AVERAGE    78

..........................................................


THE SOUTH BEND CLIMATE NORMALS FOR TODAY
                         NORMAL    RECORD    YEAR
 MAXIMUM TEMPERATURE (F)   37        64      1971
 MINIMUM TEMPERATURE (F)   24       -10      1958
                                             1919


SUNRISE AND SUNSET
DECEMBER 10 2017......SUNRISE   802 AM EST   SUNSET   515 PM EST
DECEMBER 11 2017......SUNRISE   802 AM EST   SUNSET   515 PM EST


-  INDICATES NEGATIVE NUMBERS.
R  INDICATES RECORD WAS SET OR TIED.
MM INDICATES DATA IS MISSING.
T  INDICATES TRACE AMOUNT.




$$
