000
CDUS43 KIWX 260530
CLISBN


CLIMATE REPORT
NATIONAL WEATHER SERVICE NORTHERN INDIANA
1228 AM EST MON JAN 26 2015


...................................

...THE SOUTH BEND CLIMATE SUMMARY FOR JANUARY 25 2015...

CLIMATE NORMAL PERIOD 1981 TO 2010
CLIMATE RECORD PERIOD 1893 TO 2015


WEATHER ITEM   OBSERVED TIME   RECORD YEAR NORMAL DEPARTURE LAST
                VALUE   (LST)  VALUE       VALUE  FROM      YEAR
                                                  NORMAL
..................................................................
TEMPERATURE (F)
 YESTERDAY
  MAXIMUM         36    134 AM  68    1950  31      5       30
  MINIMUM         20   1159 PM -22    1897  17      3       12
  AVERAGE         28                        24      4       21

PRECIPITATION (IN)
  YESTERDAY        0.09          1.00 1990   0.06   0.03     0.20
  MONTH TO DATE    1.83                      1.90  -0.07     2.82
  SINCE DEC 1      3.30                      4.51  -1.21     5.15
  SINCE JAN 1      1.83                      1.90  -0.07     2.82

SNOWFALL (IN)
  YESTERDAY        0.9           9.5  1985   0.7    0.2      6.0
  MONTH TO DATE   21.3                      16.5    4.8     39.9
  SINCE DEC 1     21.5                      33.8  -12.3     58.4
  SINCE JUL 1     40.8                      39.0    1.8     67.6
  SNOW DEPTH       1

DEGREE DAYS
 HEATING
  YESTERDAY       37                        41     -4       44
  MONTH TO DATE 1065                      1017     48     1092
  SINCE DEC 1   2043                      2139    -96     2289
  SINCE JUL 1   3485                      3408     77     3578

 COOLING
  YESTERDAY        0                         0      0        0
  MONTH TO DATE    0                         0      0        0
  SINCE DEC 1      0                         0      0        0
  SINCE JAN 1      0                         0      0        0
..................................................................


WIND (MPH)
  HIGHEST WIND SPEED    17   HIGHEST WIND DIRECTION     E (70)
  HIGHEST GUST SPEED    23   HIGHEST GUST DIRECTION    NE (30)
  AVERAGE WIND SPEED     7.7


SKY COVER
  AVERAGE SKY COVER 1.0


WEATHER CONDITIONS
 THE FOLLOWING WEATHER WAS RECORDED YESTERDAY.
  LIGHT SNOW
  FOG
  HAZE


RELATIVE HUMIDITY (PERCENT)
 HIGHEST    89          1200 AM
 LOWEST     62          1000 PM
 AVERAGE    76

..........................................................


THE SOUTH BEND CLIMATE NORMALS FOR TODAY
                         NORMAL    RECORD    YEAR
 MAXIMUM TEMPERATURE (F)   31        62      1944
 MINIMUM TEMPERATURE (F)   17       -20      1897


SUNRISE AND SUNSET
JANUARY 26 2015.......SUNRISE   803 AM EST   SUNSET   553 PM EST
JANUARY 27 2015.......SUNRISE   802 AM EST   SUNSET   554 PM EST


-  INDICATES NEGATIVE NUMBERS.
R  INDICATES RECORD WAS SET OR TIED.
MM INDICATES DATA IS MISSING.
T  INDICATES TRACE AMOUNT.




$$
