000
CDUS43 KIWX 260521
CLISBN


CLIMATE REPORT
NATIONAL WEATHER SERVICE NORTHERN INDIANA
1221 AM EST WED NOV 26 2014


...................................

...THE SOUTH BEND CLIMATE SUMMARY FOR NOVEMBER 25 2014...

CLIMATE NORMAL PERIOD 1981 TO 2010
CLIMATE RECORD PERIOD 1893 TO 2014


WEATHER ITEM   OBSERVED TIME   RECORD YEAR NORMAL DEPARTURE LAST
                VALUE   (LST)  VALUE       VALUE  FROM      YEAR
                                                  NORMAL
..................................................................
TEMPERATURE (F)
 YESTERDAY
  MAXIMUM         29    518 AM  63    1915  43    -14       31
  MINIMUM         25   1159 PM  -7    1950  30     -5       19
  AVERAGE         27                        36     -9       25

PRECIPITATION (IN)
  YESTERDAY        T             1.21 1979   0.11  -0.11     0.02
  MONTH TO DATE    3.19                      2.74   0.45     2.40
  SINCE SEP 1     11.58                      9.59   1.99    10.87
  SINCE JAN 1     39.79                     34.86   4.93    37.79

SNOWFALL (IN)
  YESTERDAY        T            14.6  1977   0.2   -0.2      0.2
  MONTH TO DATE   16.9                       3.4   13.5      2.2
  SINCE SEP 1     17.1                       3.8   13.3      2.5
  SINCE JUL 1     17.1                       3.8   13.3      2.5
  SNOW DEPTH       0

DEGREE DAYS
 HEATING
  YESTERDAY       38                        29      9       40
  MONTH TO DATE  750                       579    171      613
  SINCE SEP 1   1255                      1102    153     1083
  SINCE JUL 1   1283                      1120    163     1112

 COOLING
  YESTERDAY        0                         0      0        0
  MONTH TO DATE    0                         0      0        0
  SINCE SEP 1     78                        91    -13      148
  SINCE JAN 1    771                       773     -2      828
..................................................................


WIND (MPH)
  HIGHEST WIND SPEED    24   HIGHEST WIND DIRECTION     W (250)
  HIGHEST GUST SPEED    31   HIGHEST GUST DIRECTION     W (250)
  AVERAGE WIND SPEED    11.6


SKY COVER
  AVERAGE SKY COVER 1.0


WEATHER CONDITIONS
 THE FOLLOWING WEATHER WAS RECORDED YESTERDAY.
  LIGHT SNOW
  FOG


RELATIVE HUMIDITY (PERCENT)
 HIGHEST    85           100 AM
 LOWEST     68          1000 PM
 AVERAGE    77

..........................................................


THE SOUTH BEND CLIMATE NORMALS FOR TODAY
                         NORMAL    RECORD    YEAR
 MAXIMUM TEMPERATURE (F)   43        67      1908
 MINIMUM TEMPERATURE (F)   29         5      1977


SUNRISE AND SUNSET
NOVEMBER 26 2014......SUNRISE   747 AM EST   SUNSET   518 PM EST
NOVEMBER 27 2014......SUNRISE   748 AM EST   SUNSET   517 PM EST


-  INDICATES NEGATIVE NUMBERS.
R  INDICATES RECORD WAS SET OR TIED.
MM INDICATES DATA IS MISSING.
T  INDICATES TRACE AMOUNT.




$$
