000
CDUS43 KIWX 270021
CLISBN


CLIMATE REPORT
NATIONAL WEATHER SERVICE NORTHERN INDIANA
821 PM EDT MON SEP 26 2016


...................................

...THE SOUTH BEND CLIMATE SUMMARY FOR SEPTEMBER 26 2016...
VALID AS OF 0800 PM LOCAL TIME.

CLIMATE NORMAL PERIOD 1981 TO 2010
CLIMATE RECORD PERIOD 1893 TO 2016


WEATHER ITEM   OBSERVED TIME   RECORD YEAR NORMAL DEPARTURE LAST
                VALUE   (LST)  VALUE       VALUE  FROM      YEAR
                                                  NORMAL
..................................................................
TEMPERATURE (F)
 TODAY
  MAXIMUM         69   1232 AM  91    1998  70     -1       76
                                      1908
  MINIMUM         57    659 PM  31    1928  49      8       58
  AVERAGE         63                        60      3       67

PRECIPITATION (IN)
  TODAY            0.13          2.28 1981   0.12   0.01     0.00
  MONTH TO DATE    3.35                      3.09   0.26     4.05
  SINCE SEP 1      3.35                      3.09   0.26     4.05
  SINCE JAN 1     37.76                     28.36   9.40    28.32

SNOWFALL (IN)
  TODAY            0.0           0.2  1942   0.0    0.0      0.0
  MONTH TO DATE    0.0                       0.0    0.0      0.0
  SINCE SEP 1      0.0                       0.0    0.0      0.0
  SINCE JUL 1      0.0                       0.0    0.0      0.0
  SNOW DEPTH       0

DEGREE DAYS
 HEATING
  TODAY            2                         7     -5        0
  MONTH TO DATE    6                        85    -79       51
  SINCE SEP 1      6                        85    -79       51
  SINCE JUL 1     14                       103    -89       76

 COOLING
  TODAY            0                         1     -1        2
  MONTH TO DATE  123                        76     47      127
  SINCE SEP 1    123                        76     47      127
  SINCE JAN 1    932                       758    174      772
..................................................................


WIND (MPH)
  RESULTANT WIND SPEED  12   RESULTANT WIND DIRECTION   W (270)
  HIGHEST WIND SPEED    25   HIGHEST WIND DIRECTION     W (270)
  HIGHEST GUST SPEED    32   HIGHEST GUST DIRECTION     W (280)
  AVERAGE WIND SPEED    12.7


SKY COVER
  POSSIBLE SUNSHINE  MM
  AVERAGE SKY COVER 0.4


WEATHER CONDITIONS
 THE FOLLOWING WEATHER WAS RECORDED TODAY.
  RAIN
  LIGHT RAIN
  FOG


RELATIVE HUMIDITY (PERCENT)
 HIGHEST   100           500 AM
 LOWEST     34           500 PM
 AVERAGE    67

..........................................................


THE SOUTH BEND CLIMATE NORMALS FOR TOMORROW
                         NORMAL    RECORD    YEAR
 MAXIMUM TEMPERATURE (F)   69        91      1908
 MINIMUM TEMPERATURE (F)   49        34      1989
                                             1957
                                             1947


SUNRISE AND SUNSET
SEPTEMBER 26 2016.....SUNRISE   737 AM EDT   SUNSET   735 PM EDT
SEPTEMBER 27 2016.....SUNRISE   738 AM EDT   SUNSET   733 PM EDT


-  INDICATES NEGATIVE NUMBERS.
R  INDICATES RECORD WAS SET OR TIED.
MM INDICATES DATA IS MISSING.
T  INDICATES TRACE AMOUNT.




$$
