000
CDUS43 KIWX 190035
CLISBN


CLIMATE REPORT
NATIONAL WEATHER SERVICE NORTHERN INDIANA
834 PM EDT MON AUG 18 2014


...................................

...THE SOUTH BEND CLIMATE SUMMARY FOR AUGUST 18 2014...
VALID AS OF 0800 PM LOCAL TIME.

CLIMATE NORMAL PERIOD 1981 TO 2010
CLIMATE RECORD PERIOD 1893 TO 2014


WEATHER ITEM   OBSERVED TIME   RECORD YEAR NORMAL DEPARTURE LAST
                VALUE   (LST)  VALUE       VALUE  FROM      YEAR
                                                  NORMAL
..................................................................
TEMPERATURE (F)
 TODAY
  MAXIMUM         83    259 PM  98    1947  81      2       82
  MINIMUM         65    557 AM  41    1963  62      3       56
  AVERAGE         74                        71      3       69

PRECIPITATION (IN)
  TODAY            T             1.66 1912   0.12  -0.12     0.00
  MONTH TO DATE    0.92                      2.23  -1.31     2.64
  SINCE JUN 1     11.85                     10.02   1.83     9.23
  SINCE JAN 1     26.93                     23.74   3.19    26.53

DEGREE DAYS
 HEATING
  TODAY            0                         0      0        0
  MONTH TO DATE   10                         0     10       15
  SINCE JUN 1     45                        49     -4       66
  SINCE JUL 1     28                         5     23       29

 COOLING
  TODAY            9                         7      2        4
  MONTH TO DATE  109                       128    -19       62
  SINCE JUN 1    465                       546    -81      456
  SINCE JAN 1    550                       602    -52      552
..................................................................


WIND (MPH)
  RESULTANT WIND SPEED   1   RESULTANT WIND DIRECTION   N (360)
  HIGHEST WIND SPEED    13   HIGHEST WIND DIRECTION     W (290)
  HIGHEST GUST SPEED    19   HIGHEST GUST DIRECTION     W (290)
  AVERAGE WIND SPEED     5.1


SKY COVER
  POSSIBLE SUNSHINE  MM
  AVERAGE SKY COVER 0.8


WEATHER CONDITIONS
 THE FOLLOWING WEATHER WAS RECORDED TODAY.
  LIGHT RAIN
  FOG


RELATIVE HUMIDITY (PERCENT)
 HIGHEST    93           400 AM
 LOWEST     58           400 PM
 AVERAGE    76

..........................................................


THE SOUTH BEND CLIMATE NORMALS FOR TOMORROW
                         NORMAL    RECORD    YEAR
 MAXIMUM TEMPERATURE (F)   81        98      1983
                                             1916
 MINIMUM TEMPERATURE (F)   62        44      1933
                                             1896


SUNRISE AND SUNSET
AUGUST 18 2014........SUNRISE   657 AM EDT   SUNSET   841 PM EDT
AUGUST 19 2014........SUNRISE   658 AM EDT   SUNSET   839 PM EDT


-  INDICATES NEGATIVE NUMBERS.
R  INDICATES RECORD WAS SET OR TIED.
MM INDICATES DATA IS MISSING.
T  INDICATES TRACE AMOUNT.




$$
