000
CDUS43 KIWX 162026
CLISBN


CLIMATE REPORT
NATIONAL WEATHER SERVICE NORTHERN INDIANA
425 PM EDT MON OCT 16 2017


...................................

...THE SOUTH BEND CLIMATE SUMMARY FOR OCTOBER 16 2017...
VALID TODAY AS OF 0400 PM LOCAL TIME.

CLIMATE NORMAL PERIOD 1981 TO 2010
CLIMATE RECORD PERIOD 1893 TO 2017


WEATHER ITEM   OBSERVED TIME   RECORD YEAR NORMAL DEPARTURE LAST
                VALUE   (LST)  VALUE       VALUE  FROM      YEAR
                                                  NORMAL
..................................................................
TEMPERATURE (F)
 TODAY
  MAXIMUM         59    259 PM  85    1963  62     -3       67
  MINIMUM         40    705 AM  28    1944  42     -2       62
  AVERAGE         50                        52     -2       65

PRECIPITATION (IN)
  TODAY            0.01          2.50 1993   0.11  -0.10     0.50
  MONTH TO DATE    6.93                      1.76   5.17     2.20
  SINCE SEP 1      8.97                      5.29   3.68     5.94
  SINCE JAN 1     36.56                     30.56   6.00    40.35

DEGREE DAYS
 HEATING
  TODAY           15                        13      2        0
  MONTH TO DATE   58                       173   -115       96
  SINCE SEP 1    149                       289   -140      126
  SINCE JUL 1    170                       307   -137      134

 COOLING
  TODAY            0                         0      0        0
  MONTH TO DATE   21                         8     13       10
  SINCE SEP 1    139                        90     49      133
  SINCE JAN 1    691                       772    -81      942
..................................................................


WIND (MPH)
  HIGHEST WIND SPEED    16   HIGHEST WIND DIRECTION    NW (300)
  HIGHEST GUST SPEED    24   HIGHEST GUST DIRECTION     W (280)
  AVERAGE WIND SPEED     6.9


SKY COVER
  POSSIBLE SUNSHINE  MM
  AVERAGE SKY COVER 0.4


WEATHER CONDITIONS
 THE FOLLOWING WEATHER WAS RECORDED TODAY.
  LIGHT RAIN
  FOG


RELATIVE HUMIDITY (PERCENT)
 HIGHEST   100          1200 AM
 LOWEST     43           200 PM
 AVERAGE    72

..........................................................


THE SOUTH BEND CLIMATE NORMALS FOR TOMORROW
                         NORMAL    RECORD    YEAR
 MAXIMUM TEMPERATURE (F)   61        86      1950
 MINIMUM TEMPERATURE (F)   42        28      1952


SUNRISE AND SUNSET
OCTOBER 16 2017.......SUNRISE   759 AM EDT   SUNSET   702 PM EDT
OCTOBER 17 2017.......SUNRISE   800 AM EDT   SUNSET   700 PM EDT


-  INDICATES NEGATIVE NUMBERS.
R  INDICATES RECORD WAS SET OR TIED.
MM INDICATES DATA IS MISSING.
T  INDICATES TRACE AMOUNT.




$$
