000
CDUS43 KIWX 220022
CLISBN


CLIMATE REPORT
NATIONAL WEATHER SERVICE NORTHERN INDIANA
821 PM EDT MON AUG 21 2017


...................................

...THE SOUTH BEND CLIMATE SUMMARY FOR AUGUST 21 2017...
VALID AS OF 0800 PM LOCAL TIME.

CLIMATE NORMAL PERIOD 1981 TO 2010
CLIMATE RECORD PERIOD 1893 TO 2017


WEATHER ITEM   OBSERVED TIME   RECORD YEAR NORMAL DEPARTURE LAST
                VALUE   (LST)  VALUE       VALUE  FROM      YEAR
                                                  NORMAL
..................................................................
TEMPERATURE (F)
 TODAY
  MAXIMUM         85    437 PM 100    1916  81      4       72
  MINIMUM         70    647 AM  43    1950  62      8       58
                                      1940
  AVERAGE         78                        71      7       65

PRECIPITATION (IN)
  TODAY            T             3.46 1966   0.11  -0.11     0.00
  MONTH TO DATE    1.29                      2.58  -1.29    11.09
  SINCE JUN 1      7.46                     10.37  -2.91    17.58
  SINCE JAN 1     26.69                     24.09   2.60    32.69

DEGREE DAYS
 HEATING
  TODAY            0                         0      0        0
  MONTH TO DATE    6                         0      6        0
  SINCE JUN 1     32                        49    -17       43
  SINCE JUL 1      7                         5      2        8

 COOLING
  TODAY           13                         6      7        0
  MONTH TO DATE  106                       148    -42      212
  SINCE JUN 1    499                       566    -67      658
  SINCE JAN 1    539                       622    -83      727
..................................................................


WIND (MPH)
  RESULTANT WIND SPEED   6   RESULTANT WIND DIRECTION  SW (210)
  HIGHEST WIND SPEED    16   HIGHEST WIND DIRECTION    SW (210)
  HIGHEST GUST SPEED    27   HIGHEST GUST DIRECTION     S (200)
  AVERAGE WIND SPEED     8.3


SKY COVER
  POSSIBLE SUNSHINE  MM
  AVERAGE SKY COVER 0.2


WEATHER CONDITIONS
 THE FOLLOWING WEATHER WAS RECORDED TODAY.
  NO SIGNIFICANT WEATHER WAS OBSERVED.


RELATIVE HUMIDITY (PERCENT)
 HIGHEST    97           600 AM
 LOWEST     65          1200 PM
 AVERAGE    81

..........................................................


THE SOUTH BEND CLIMATE NORMALS FOR TOMORROW
                         NORMAL    RECORD    YEAR
 MAXIMUM TEMPERATURE (F)   81       100      1936
 MINIMUM TEMPERATURE (F)   61        45      1923
                                             1907


SUNRISE AND SUNSET
AUGUST 21 2017........SUNRISE   700 AM EDT   SUNSET   836 PM EDT
AUGUST 22 2017........SUNRISE   701 AM EDT   SUNSET   834 PM EDT


-  INDICATES NEGATIVE NUMBERS.
R  INDICATES RECORD WAS SET OR TIED.
MM INDICATES DATA IS MISSING.
T  INDICATES TRACE AMOUNT.




$$
