000
CXUS56 KLOX 011655
CF6SBP
PRELIMINARY LOCAL CLIMATOLOGICAL DATA (WS FORM: F-6)
STATION: SAN LUIS OBISPO AIRPORT CA
MONTH: JULY
YEAR: 2020
LATITUDE: 35 13 N
LONGITUDE: 120 38 W
TEMPERATURE IN F: :PCPN: SNOW: WIND :SUNSHINE: SKY :PK WND
================================================================================
1 2 3 4 5 6A 6B 7 8 9 10 11 12 13 14 15 16 17 18
12Z AVG MX 2MIN
DY MAX MIN AVG DEP HDD CDD WTR SNW DPTH SPD SPD DIR MIN PSBL S-S WX SPD DR
================================================================================
1 67 56 62 -2 3 0 0.00 0.0 0 6.6 13 240 M M 10 1 16 220
2 73 54 64 -1 1 0 0.00 0.0 0 5.9 16 310 M M 5 1 19 240
3 76 51 64 -1 1 0 0.00 0.0 0 5.9 17 300 M M 2 12 20 300
4 86 50 68 3 0 3 0.00 0.0 0 6.9 23 310 M M 2 128 27 320
5 88 54 71 6 0 6 0.00 0.0 0 9.5 25 310 M M 0 18 29 330
6 78 51 65 0 0 0 0.00 0.0 0 10.6 26 310 M M 0 18 31 310
7 76 48 62 -3 3 0 0.00 0.0 0 8.8 23 300 M M 1 12 27 310
8 78 51 65 0 0 0 0.00 0.0 0 4.8 15 310 M M 4 1 18 320
9 76 52 64 -1 1 0 0.00 0.0 0 4.0 13 310 M M 5 1 20 310
10 84 52 68 3 0 3 0.00 0.0 0 4.1 15 310 M M 3 12 17 300
11 89 52 71 6 0 6 0.00 0.0 0 4.6 14 310 M M 0 1 17 310
12 86 54 70 5 0 5 0.00 0.0 0 5.1 15 300 M M 0 17 300
13 75 54 65 0 0 0 0.00 0.0 0 6.4 15 300 M M 4 1 17 100
14 73 56 65 -1 0 0 0.00 0.0 0 5.9 16 300 M M 6 1 20 290
15 73 58 66 0 0 1 0.00 0.0 0 5.3 13 210 M M 6 1 17 210
16 75 57 66 0 0 1 0.00 0.0 0 5.9 14 310 M M 4 16 310
17 75 57 66 0 0 1 0.00 0.0 0 6.0 14 310 M M 4 16 310
18 78 57 68 2 0 3 0.00 0.0 0 4.9 13 300 M M 4 21 320
19 77 57 67 1 0 2 0.00 0.0 0 8.9 20 310 M M 5 23 300
20 74 58 66 0 0 1 0.00 0.0 0 12.8 23 310 M M 6 8 27 300
21 77 56 67 1 0 2 0.00 0.0 0 9.7 22 300 M M 6 1 28 340
22 73 55 64 -2 1 0 0.00 0.0 0 6.7 17 310 M M 4 1 20 310
23 75 57 66 0 0 1 0.00 0.0 0 7.5 20 310 M M 7 23 310
24 76 57 67 1 0 2 0.00 0.0 0 6.7 17 320 M M 4 23 190
25 76 55 66 0 0 1 0.00 0.0 0 5.4 15 300 M M 5 1 18 300
26 79 56 68 2 0 3 0.00 0.0 0 6.5 16 300 M M 4 18 300
27 77 57 67 1 0 2 0.00 0.0 0 8.1 17 310 M M 5 1 20 310
28 75 57 66 0 0 1 0.00 0.0 0 9.8 18 310 M M 5 25 280
29 78 57 68 2 0 3 0.00 0.0 0 7.4 17 310 M M 6 1 20 310
30 76 56 66 0 0 1 0.00 0.0 0 10.4 21 310 M M 6 1 24 310
31 76 55 66 0 0 1 0.00 0.0 0 11.0 24 320 M M 4 1 27 310
================================================================================
SM 2395 1697 10 49 0.00 0.0 222.1 M 127
================================================================================
AV 77.3 54.7 7.2 FASTST M M 4 MAX(MPH)
MISC ----> # 26 310 # 31 310
================================================================================
NOTES:
# LAST OF SEVERAL OCCURRENCES
COLUMN 17 PEAK WIND IN M.P.H.
PRELIMINARY LOCAL CLIMATOLOGICAL DATA (WS FORM: F-6) , PAGE 2
STATION: SAN LUIS OBISPO AIRPORT CA
MONTH: JULY
YEAR: 2020
LATITUDE: 35 13 N
LONGITUDE: 120 38 W
[TEMPERATURE DATA] [PRECIPITATION DATA] SYMBOLS USED IN COLUMN 16
AVERAGE MONTHLY: 66.0 TOTAL FOR MONTH: 0.00 1 = FOG OR MIST
DPTR FM NORMAL: 0.5 DPTR FM NORMAL: -0.02 2 = FOG REDUCING VISIBILITY
HIGHEST: 89 ON 11 GRTST 24HR 0.00 ON 31-31 TO 1/4 MILE OR LESS
LOWEST: 48 ON 7 3 = THUNDER
SNOW, ICE PELLETS, HAIL 4 = ICE PELLETS
TOTAL MONTH: 0.0 INCH 5 = HAIL
GRTST 24HR 0.0 6 = FREEZING RAIN OR DRIZZLE
GRTST DEPTH: 0 7 = DUSTSTORM OR SANDSTORM:
VSBY 1/2 MILE OR LESS
8 = SMOKE OR HAZE
[NO. OF DAYS WITH] [WEATHER - DAYS WITH] 9 = BLOWING SNOW
X = TORNADO
MAX 32 OR BELOW: 0 0.01 INCH OR MORE: 0
MAX 90 OR ABOVE: 0 0.10 INCH OR MORE: 0
MIN 32 OR BELOW: 0 0.50 INCH OR MORE: 0
MIN 0 OR BELOW: 0 1.00 INCH OR MORE: 0
[HDD (BASE 65) ]
TOTAL THIS MO. 10 CLEAR (SCALE 0-3) 8
DPTR FM NORMAL -22 PTCLDY (SCALE 4-7) 22
TOTAL FM JUL 1 10 CLOUDY (SCALE 8-10) 1
DPTR FM NORMAL -22
[CDD (BASE 65) ]
TOTAL THIS MO. 49
DPTR FM NORMAL 2 [PRESSURE DATA]
TOTAL FM JAN 1 159 HIGHEST SLP M ON M
DPTR FM NORMAL 66 LOWEST SLP 29.75 ON 21
[REMARKS]
#FINAL-07-20#