000
CXUS56 KLOX 011655
CF6SBP
PRELIMINARY LOCAL CLIMATOLOGICAL DATA (WS FORM: F-6)
STATION: SAN LUIS OBISPO AIRPORT CA
MONTH: JUNE
YEAR: 2020
LATITUDE: 35 13 N
LONGITUDE: 120 38 W
TEMPERATURE IN F: :PCPN: SNOW: WIND :SUNSHINE: SKY :PK WND
================================================================================
1 2 3 4 5 6A 6B 7 8 9 10 11 12 13 14 15 16 17 18
12Z AVG MX 2MIN
DY MAX MIN AVG DEP HDD CDD WTR SNW DPTH SPD SPD DIR MIN PSBL S-S WX SPD DR
================================================================================
1 71 55 63 1 2 0 0.00 0.0 0 8.6 21 310 M M 4 26 310
2 84 54 69 7 0 4 0.00 0.0 0 5.6 16 300 M M 3 1 19 310
3 90 55 73 11 0 8 0.00 0.0 0 7.3 22 310 M M 0 13 27 320
4 78 58 68 6 0 3 0.00 0.0 0 8.3 21 300 M M 3 18 25 310
5 68 57 63 1 2 0 T 0.0 0 7.7 18 320 M M 9 1 21 320
6 72 53 63 1 2 0 0.00 0.0 0 11.7 26 320 M M 2 34 310
7 72 52 62 0 3 0 0.00 0.0 0 15.4 31 310 M M 0 40 310
8 82 51 67 5 0 2 0.00 0.0 0 11.5 26 310 M M 0 32 330
9 94 51 73 11 0 8 0.00 0.0 0 8.1 24 320 M M 0 29 330
10 97 56 77 15 0 12 0.00 0.0 0 7.7 26 330 M M 0 31 330
11 86 52 69 7 0 4 0.00 0.0 0 3.9 15 310 M M 0 8 17 300
12 71 50 61 -2 4 0 0.00 0.0 0 9.9 23 300 M M 4 1 27 290
13 73 53 63 0 2 0 0.00 0.0 0 13.8 29 300 M M 0 35 300
14 77 52 65 2 0 0 0.00 0.0 0 12.7 30 310 M M 1 35 320
15 83 53 68 5 0 3 0.00 0.0 0 13.8 28 310 M M 0 34 310
16 73 50 62 -1 3 0 0.00 0.0 0 10.6 26 310 M M 0 32 320
17 78 48 63 0 2 0 0.00 0.0 0 3.5 14 310 M M 0 17 220
18 74 49 62 -1 3 0 0.00 0.0 0 5.6 15 220 M M 0 1 19 310
19 72 55 64 1 1 0 0.00 0.0 0 4.2 13 310 M M 5 1 17 200
20 74 55 65 1 0 0 0.00 0.0 0 5.9 17 320 M M 6 1 21 300
21 77 55 66 2 0 1 0.00 0.0 0 5.9 15 110 M M 5 1 18 120
22 74 56 65 1 0 0 0.00 0.0 0 6.4 14 310 M M 6 16 300
23 77 55 66 2 0 1 0.00 0.0 0 5.8 14 310 M M 5 18 310
24 78 56 67 3 0 2 0.00 0.0 0 5.3 16 300 M M 5 1 19 300
25 71 57 64 0 1 0 0.00 0.0 0 5.2 13 170 M M 7 1 18 230
26 78 57 68 4 0 3 0.00 0.0 0 5.2 14 320 M M 4 17 310
27 78 58 68 4 0 3 T 0.0 0 5.5 12 300 M M 5 16 260
28 70 57 64 0 1 0 T 0.0 0 6.8 17 310 M M 8 1 20 320
29 77 54 66 2 0 1 0.00 0.0 0 7.1 18 310 M M 3 22 300
30 79 50 65 1 0 0 0.00 0.0 0 6.0 18 310 M M 2 22 300
================================================================================
SM 2328 1614 26 55 T 0.0 235.0 M 87
================================================================================
AV 77.6 53.8 7.8 FASTST M M 3 MAX(MPH)
MISC ----> # 31 310 # 40 310
================================================================================
NOTES:
# LAST OF SEVERAL OCCURRENCES
COLUMN 17 PEAK WIND IN M.P.H.
PRELIMINARY LOCAL CLIMATOLOGICAL DATA (WS FORM: F-6) , PAGE 2
STATION: SAN LUIS OBISPO AIRPORT CA
MONTH: JUNE
YEAR: 2020
LATITUDE: 35 13 N
LONGITUDE: 120 38 W
[TEMPERATURE DATA] [PRECIPITATION DATA] SYMBOLS USED IN COLUMN 16
AVERAGE MONTHLY: 65.7 TOTAL FOR MONTH: T 1 = FOG OR MIST
DPTR FM NORMAL: 2.7 DPTR FM NORMAL: -0.07 2 = FOG REDUCING VISIBILITY
HIGHEST: 97 ON 10 GRTST 24HR T ON 28-28 TO 1/4 MILE OR LESS
LOWEST: 48 ON 17 3 = THUNDER
SNOW, ICE PELLETS, HAIL 4 = ICE PELLETS
TOTAL MONTH: 0.0 INCH 5 = HAIL
GRTST 24HR 0.0 6 = FREEZING RAIN OR DRIZZLE
GRTST DEPTH: 0 7 = DUSTSTORM OR SANDSTORM:
VSBY 1/2 MILE OR LESS
8 = SMOKE OR HAZE
[NO. OF DAYS WITH] [WEATHER - DAYS WITH] 9 = BLOWING SNOW
X = TORNADO
MAX 32 OR BELOW: 0 0.01 INCH OR MORE: 0
MAX 90 OR ABOVE: 3 0.10 INCH OR MORE: 0
MIN 32 OR BELOW: 0 0.50 INCH OR MORE: 0
MIN 0 OR BELOW: 0 1.00 INCH OR MORE: 0
[HDD (BASE 65) ]
TOTAL THIS MO. 26 CLEAR (SCALE 0-3) 16
DPTR FM NORMAL -56 PTCLDY (SCALE 4-7) 12
TOTAL FM JUL 1 2046 CLOUDY (SCALE 8-10) 2
DPTR FM NORMAL -342
[CDD (BASE 65) ]
TOTAL THIS MO. 55
DPTR FM NORMAL 33 [PRESSURE DATA]
TOTAL FM JAN 1 110 HIGHEST SLP 30.14 ON 8
DPTR FM NORMAL 64 LOWEST SLP 29.79 ON 4
[REMARKS]
#FINAL-06-20#