000
CXUS51 KAKQ 010710
CF6SBY
PRELIMINARY LOCAL CLIMATOLOGICAL DATA (WS FORM: F-6)
STATION: SALISBURY MD
MONTH: AUGUST
YEAR: 2022
LATITUDE: 38 20 N
LONGITUDE: 75 30 W
TEMPERATURE IN F: :PCPN: SNOW: WIND :SUNSHINE: SKY :PK WND
================================================================================
1 2 3 4 5 6A 6B 7 8 9 10 11 12 13 14 15 16 17 18
12Z AVG MX 2MIN
DY MAX MIN AVG DEP HDD CDD WTR SNW DPTH SPD SPD DIR MIN PSBL S-S WX SPD DR
================================================================================
1 87 74 81 4 0 16 T 0.0 0 5.8 14 250 M M 6 20 280
2 91 74 83 6 0 18 0.00 0.0 M 5.9 16 290 M M 2 1 23 280
3 93 71 82 5 0 17 0.00 0.0 0 3.4 12 120 M M 0 15 150
4 96 72 84 7 0 19 T 0.0 0 5.3 26 340 M M 0 13 36 350
5 91 72 82 5 0 17 0.39 0.0 0 5.2 18 260 M M 2 13 25 260
6 89 72 81 4 0 16 T 0.0 0 5.6 16 270 M M 2 19 260
7 91 75 83 6 0 18 0.00 0.0 0 7.7 15 220 M M 2 21 200
8 92 75 84 7 0 19 0.00 0.0 0 8.1 16 230 M M 2 21 230
9 94 78 86 9 0 21 0.00 0.0 0 7.9 15 220 M M 0 19 260
10 94 74 84 7 0 19 0.07 0.0 0 4.2 17 270 M M 1 13 21 270
11 86 68 77 1 0 12 T 0.0 0 4.8 13 320 M M 4 16 270
12 85 63 74 -2 0 9 0.00 0.0 0 4.6 14 360 M M 4 18 350
13 84 61 73 -3 0 8 0.00 0.0 0 5.2 14 350 M M 0 1 17 330
14 85 60 73 -3 0 8 0.00 0.0 0 2.5 12 130 M M 1 15 150
15 83 66 75 -1 0 10 0.00 0.0 0 6.1 15 70 M M 5 20 60
16 82 64 73 -3 0 8 0.00 0.0 0 8.7 18 70 M M 2 24 60
17 84 62 73 -3 0 8 0.00 0.0 0 5.7 16 50 M M 0 21 50
18 88 60 74 -2 0 9 0.00 0.0 0 5.1 15 250 M M 0 19 250
19 89 64 77 1 0 12 0.00 0.0 0 3.2 14 160 M M 1 19 170
20 89 67 78 2 0 13 0.00 0.0 0 4.2 15 120 M M 0 22 110
21 85 65 75 0 0 10 0.00 0.0 0 3.9 13 110 M M 4 12 16 120
22 89 73 81 6 0 16 T 0.0 0 6.1 16 250 M M 5 1 22 200
23 90 71 81 6 0 16 0.00 0.0 0 5.7 15 260 M M 2 21 260
24 92 66 79 4 0 14 0.00 0.0 0 2.9 13 320 M M 1 1 17 310
25 93 66 80 5 0 15 0.10 0.0 0 3.5 13 140 M M 2 18 150
26 93 69 81 6 0 16 0.00 0.0 0 7.2 17 190 M M 1 23 200
27 94 70 82 7 0 17 1.65 0.0 0 2.5 17 70 M M 2 123 22 50
28 89 70 80 6 0 15 0.00 0.0 0 4.7 14 170 M M 5 128 18 160
29 90 71 81 7 0 16 0.00 0.0 0 4.0 18 110 M M 5 12 22 110
30 93 70 82 8 0 17 0.69 0.0 0 5.4 29 250 M M 5 123 37 250
31 85 64 75 1 0 10 0.00 0.0 0 6.4 16 270 M M 0 22 260
================================================================================
SM 2766 2127 0 439 2.90 0.0 161.5 M 66
================================================================================
AV 89.2 68.6 5.2 FASTST M M 2 MAX(MPH)
MISC ----> 29 250 37 250
================================================================================
NOTES:
# LAST OF SEVERAL OCCURRENCES
COLUMN 17 PEAK WIND IN M.P.H.
PRELIMINARY LOCAL CLIMATOLOGICAL DATA (WS FORM: F-6) , PAGE 2
STATION: SALISBURY MD
MONTH: AUGUST
YEAR: 2022
LATITUDE: 38 20 N
LONGITUDE: 75 30 W
[TEMPERATURE DATA] [PRECIPITATION DATA] SYMBOLS USED IN COLUMN 16
AVERAGE MONTHLY: 78.9 TOTAL FOR MONTH: 2.90 1 = FOG OR MIST
DPTR FM NORMAL: 3.1 DPTR FM NORMAL: -2.37 2 = FOG REDUCING VISIBILITY
HIGHEST: 96 ON 4 GRTST 24HR 1.65 ON 27-27 TO 1/4 MILE OR LESS
LOWEST: 60 ON 18,14 3 = THUNDER
SNOW, ICE PELLETS, HAIL 4 = ICE PELLETS
TOTAL MONTH: 0.0 INCH 5 = HAIL
GRTST 24HR 0.0 6 = FREEZING RAIN OR DRIZZLE
GRTST DEPTH: 0 7 = DUSTSTORM OR SANDSTORM:
VSBY 1/2 MILE OR LESS
8 = SMOKE OR HAZE
[NO. OF DAYS WITH] [WEATHER - DAYS WITH] 9 = BLOWING SNOW
X = TORNADO
MAX 32 OR BELOW: 0 0.01 INCH OR MORE: 5
MAX 90 OR ABOVE: 15 0.10 INCH OR MORE: 4
MIN 32 OR BELOW: 0 0.50 INCH OR MORE: 2
MIN 0 OR BELOW: 0 1.00 INCH OR MORE: 1
[HDD (BASE 65) ]
TOTAL THIS MO. 0 CLEAR (SCALE 0-3) 22
DPTR FM NORMAL 0 PTCLDY (SCALE 4-7) 9
TOTAL FM JUL 1 0 CLOUDY (SCALE 8-10) 0
DPTR FM NORMAL 0
[CDD (BASE 65) ]
TOTAL THIS MO. 439
DPTR FM NORMAL 102 [PRESSURE DATA]
TOTAL FM JAN 1 1289 HIGHEST SLP M ON M
DPTR FM NORMAL 196 LOWEST SLP 29.78 ON 30
[REMARKS]
#FINAL-08-22#