000
CXUS56 KSTO 050421
CF6SCK
PRELIMINARY LOCAL CLIMATOLOGICAL DATA (WS FORM: F-6)
STATION: STOCKTON AIRPORT CA
MONTH: JULY
YEAR: 2022
LATITUDE: 37 54 N
LONGITUDE: 121 15 W
TEMPERATURE IN F: :PCPN: SNOW: WIND :SUNSHINE: SKY :PK WND
================================================================================
1 2 3 4 5 6A 6B 7 8 9 10 11 12 13 14 15 16 17 18
12Z AVG MX 2MIN
DY MAX MIN AVG DEP HDD CDD WTR SNW DPTH SPD SPD DIR MIN PSBL S-S WX SPD DR
================================================================================
1 91 54 73 -4 0 8 0.00 M M 9.7 20 260 M M 0 24 260
2 82 56 69 -8 0 4 0.00 M M 15.8 26 260 M M 0 32 260
3 80 56 68 -9 0 3 0.00 0.0 M 11.1 18 260 M M 1 24 260
4 88 54 71 -6 0 6 0.00 0.0 M 7.9 18 310 M M 4 26 230
5 89 65 77 -1 0 12 0.00 0.0 M 9.8 20 290 M M 3 26 300
6 85 62 74 -4 0 9 0.00 0.0 M 10.7 18 330 M M 0 23 250
7 90 59 75 -3 0 10 0.00 0.0 M 9.0 16 260 M M 0 24 280
8 96 59 78 0 0 13 0.00 M M 8.4 20 270 M M 0 24 270
9 92 61 77 -1 0 12 0.00 M M 9.6 21 260 M M 0 24 300
10 100 59 80 2 0 15 0.00 M M 7.8 16 280 M M 0 18 310
11 104 65 85 7 0 20 0.00 M M 6.1 16 300 M M 0 19 300
12 96 64 80 2 0 15 0.00 M M 9.4 15 310 M M 0 22 320
13 93 60 77 -1 0 12 0.00 M M 7.8 14 320 M M 0 17 330
14 98 59 79 1 0 14 0.00 M M 7.7 21 270 M M 0 24 260
15 98 59 79 1 0 14 0.00 M M 8.4 16 280 M M 0 21 290
16 104 63 84 6 0 19 0.00 M M 7.1 13 300 M M 0 22 300
17 104 68 86 8 0 21 0.00 M M 7.2 18 300 M M 0 21 290
18 104 67 86 8 0 21 0.00 M M 7.0 16 300 M M 0 18 300
19 102 68 85 7 0 20 0.00 M M 7.2 17 290 M M 0 21 290
20 101 63 82 4 0 17 0.00 M M 8.3 16 310 M M 0 20 300
21 101 61 81 3 0 16 0.00 M M 8.1 20 290 M M 0 24 290
22 100 61 81 3 0 16 0.00 M M 9.1 22 270 M M 0 27 290
23 98 60 79 1 0 14 0.00 M M 7.7 14 290 M M 0 17 270
24 98 60 79 1 0 14 0.00 M M 7.2 14 290 M M 0 23 340
25 95 59 77 -1 0 12 0.00 M M 8.4 15 310 M M 0 22 290
26 96 64 80 2 0 15 T M M 9.2 16 330 M M 0 21 340
27 97 59 78 0 0 13 0.00 M M 8.5 20 270 M M 0 25 280
28 96 61 79 1 0 14 0.00 M M 7.7 18 280 M M 0 21 270
29 95 62 79 1 0 14 0.00 M M 9.0 20 270 M M 0 40 270
30 93 64 79 1 0 14 0.00 M M 9.4 18 280 M M 0 26 220
31 89 65 77 -1 0 12 0.00 M M 7.6 15 300 M M 0 19 270
================================================================================
SM 2955 1897 0 419 T 0.0 267.9 M 8
================================================================================
AV 95.3 61.2 8.6 FASTST M M 0 MAX(MPH)
MISC ----> 26 260 40 270
================================================================================
NOTES:
# LAST OF SEVERAL OCCURRENCES
COLUMN 17 PEAK WIND IN M.P.H.
PRELIMINARY LOCAL CLIMATOLOGICAL DATA (WS FORM: F-6) , PAGE 2
STATION: STOCKTON AIRPORT CA
MONTH: JULY
YEAR: 2022
LATITUDE: 37 54 N
LONGITUDE: 121 15 W
[TEMPERATURE DATA] [PRECIPITATION DATA] SYMBOLS USED IN COLUMN 16
AVERAGE MONTHLY: 78.3 TOTAL FOR MONTH: T 1 = FOG OR MIST
DPTR FM NORMAL: 0.2 DPTR FM NORMAL: -0.00 2 = FOG REDUCING VISIBILITY
HIGHEST: 104 ON 17,16 GRTST 24HR T ON 24-24 TO 1/4 MILE OR LESS
LOWEST: 54 ON 4, 1 3 = THUNDER
SNOW, ICE PELLETS, HAIL 4 = ICE PELLETS
TOTAL MONTH: 0.0 INCH 5 = HAIL
GRTST 24HR 0.0 6 = FREEZING RAIN OR DRIZZLE
GRTST DEPTH: M ON M 7 = DUSTSTORM OR SANDSTORM:
VSBY 1/2 MILE OR LESS
8 = SMOKE OR HAZE
[NO. OF DAYS WITH] [WEATHER - DAYS WITH] 9 = BLOWING SNOW
X = TORNADO
MAX 32 OR BELOW: 0 0.01 INCH OR MORE: 0
MAX 90 OR ABOVE: 25 0.10 INCH OR MORE: 0
MIN 32 OR BELOW: 0 0.50 INCH OR MORE: 0
MIN 0 OR BELOW: 0 1.00 INCH OR MORE: 0
[HDD (BASE 65) ]
TOTAL THIS MO. 0 CLEAR (SCALE 0-3) 30
DPTR FM NORMAL 0 PTCLDY (SCALE 4-7) 1
TOTAL FM JUL 1 0 CLOUDY (SCALE 8-10) 0
DPTR FM NORMAL 0
[CDD (BASE 65) ]
TOTAL THIS MO. 419
DPTR FM NORMAL 11 [PRESSURE DATA]
TOTAL FM JAN 1 946 HIGHEST SLP 30.11 ON 9
DPTR FM NORMAL 114 LOWEST SLP 29.72 ON 17
[REMARKS]
#FINAL-07-22#