000
CXUS56 KSTO 041730
CF6SCK
PRELIMINARY LOCAL CLIMATOLOGICAL DATA (WS FORM: F-6)
STATION: STOCKTON AIRPORT CA
MONTH: JUNE
YEAR: 2022
LATITUDE: 37 54 N
LONGITUDE: 121 15 W
TEMPERATURE IN F: :PCPN: SNOW: WIND :SUNSHINE: SKY :PK WND
================================================================================
1 2 3 4 5 6A 6B 7 8 9 10 11 12 13 14 15 16 17 18
12Z AVG MX 2MIN
DY MAX MIN AVG DEP HDD CDD WTR SNW DPTH SPD SPD DIR MIN PSBL S-S WX SPD DR
================================================================================
1 96 53 75 4 0 10 0.00 M M 6.5 17 290 M M 0 20 290
2 95 62 79 8 0 14 0.00 0.0 M 9.7 23 260 M M 0 26 260
3 86 59 73 2 0 8 0.00 0.0 M 11.4 22 300 M M 0 28 320
4 80 61 71 -1 0 6 0.00 0.0 M 8.4 16 290 M M 6 25 220
5 86 61 74 2 0 9 0.06 0.0 M 7.8 17 300 M M 7 1 22 310
6 88 62 75 3 0 10 0.00 0.0 M 11.0 18 320 M M 1 26 300
7 94 54 74 2 0 9 0.00 M M 9.2 20 290 M M 0 24 300
8 92 58 75 3 0 10 0.00 M M 8.7 26 260 M M 0 30 250
9 98 60 79 6 0 14 0.00 M M 9.6 17 280 M M 0 23 320
10 105 64 85 12 0 20 0.00 0.0 M 8.7 20 300 M M 0 24 300
11 101 65 83 10 0 18 0.00 0.0 M 11.1 24 310 M M 0 8 32 290
12 88 59 74 1 0 9 0.00 0.0 M 14.1 31 280 M M 1 8 37 280
13 86 58 72 -2 0 7 0.00 0.0 M 16.6 24 340 M M 0 31 330
14 92 63 78 4 0 13 0.00 M M 12.6 21 310 M M 0 31 310
15 99 56 78 4 0 13 0.00 M M 9.4 21 260 M M 0 24 320
16 89 55 72 -2 0 7 0.00 0.0 M 13.0 31 260 M M 0 8 37 260
17 76 56 66 -8 0 1 0.00 M M 13.8 24 250 M M 2 31 250
18 80 51 66 -9 0 1 0.00 0.0 M 8.9 23 250 M M 0 26 270
19 87 50 69 -6 0 4 0.00 M M 9.0 20 300 M M 0 25 310
20 94 60 77 2 0 12 0.00 0.0 M 8.9 21 300 M M 0 27 310
21 106 59 83 8 0 18 0.00 0.0 M 6.3 14 350 M M 0 18 360
22 94 64 79 4 0 14 T M M 5.3 15 130 M M 0 20 130
23 103 66 85 9 0 20 0.00 M M 7.3 20 300 M M 0 24 290
24 104 63 84 8 0 19 0.00 M M 7.1 14 270 M M 0 18 270
25 102 60 81 5 0 16 0.00 M M 7.5 15 300 M M 0 20 280
26 102 60 81 5 0 16 0.00 M M 7.7 16 290 M M 0 19 280
27 102 58 80 4 0 15 0.00 M M 7.4 18 310 M M 0 24 310
28 102 58 80 4 0 15 0.00 M M 9.7 20 290 M M 0 24 290
29 96 61 79 2 0 14 0.00 M M 9.8 18 300 M M 0 23 300
30 90 57 74 -3 0 9 0.00 M M 9.8 18 270 M M 0 24 320
================================================================================
SM 2813 1773 0 351 0.06 0.0 286.3 M 17
================================================================================
AV 93.8 59.1 9.5 FASTST M M 1 MAX(MPH)
MISC ----> # 31 280 # 37 280
================================================================================
NOTES:
# LAST OF SEVERAL OCCURRENCES
COLUMN 17 PEAK WIND IN M.P.H.
PRELIMINARY LOCAL CLIMATOLOGICAL DATA (WS FORM: F-6) , PAGE 2
STATION: STOCKTON AIRPORT CA
MONTH: JUNE
YEAR: 2022
LATITUDE: 37 54 N
LONGITUDE: 121 15 W
[TEMPERATURE DATA] [PRECIPITATION DATA] SYMBOLS USED IN COLUMN 16
AVERAGE MONTHLY: 76.4 TOTAL FOR MONTH: 0.06 1 = FOG OR MIST
DPTR FM NORMAL: 2.4 DPTR FM NORMAL: -0.04 2 = FOG REDUCING VISIBILITY
HIGHEST: 106 ON 21 GRTST 24HR 0.06 ON 5- 5 TO 1/4 MILE OR LESS
LOWEST: 50 ON 19 3 = THUNDER
SNOW, ICE PELLETS, HAIL 4 = ICE PELLETS
TOTAL MONTH: 0.0 INCH 5 = HAIL
GRTST 24HR 0.0 6 = FREEZING RAIN OR DRIZZLE
GRTST DEPTH: M ON M 7 = DUSTSTORM OR SANDSTORM:
VSBY 1/2 MILE OR LESS
8 = SMOKE OR HAZE
[NO. OF DAYS WITH] [WEATHER - DAYS WITH] 9 = BLOWING SNOW
X = TORNADO
MAX 32 OR BELOW: 0 0.01 INCH OR MORE: 1
MAX 90 OR ABOVE: 20 0.10 INCH OR MORE: 0
MIN 32 OR BELOW: 0 0.50 INCH OR MORE: 0
MIN 0 OR BELOW: 0 1.00 INCH OR MORE: 0
[HDD (BASE 65) ]
TOTAL THIS MO. 0 CLEAR (SCALE 0-3) 28
DPTR FM NORMAL -4 PTCLDY (SCALE 4-7) 2
TOTAL FM JUL 1 2261 CLOUDY (SCALE 8-10) 0
DPTR FM NORMAL 5
[CDD (BASE 65) ]
TOTAL THIS MO. 351
DPTR FM NORMAL 77 [PRESSURE DATA]
TOTAL FM JAN 1 527 HIGHEST SLP 30.07 ON 19
DPTR FM NORMAL 103 LOWEST SLP 29.72 ON 16
[REMARKS]
#FINAL-06-22#