000
CXUS56 KSTO 030458
CLMSCK
CLIMATE REPORT
NATIONAL WEATHER SERVICE SACRAMENTO
958 PM PDT THU NOV 02 2023
...................................
...THE STOCKTON AIRPORT CA CLIMATE SUMMARY FOR THE MONTH OF OCTOBER 2023...
CLIMATE NORMAL PERIOD: 1991 TO 2020
CLIMATE RECORD PERIOD: 1948 TO 2023
WEATHER OBSERVED NORMAL DEPART LAST YEAR`S
VALUE DATE(S) VALUE FROM VALUE
NORMAL
..............................................................
TEMPERATURE (F)
RECORD
HIGH 101 10/02/2012
10/04/1980
10/03/1980
LOW 33 10/31/1972
HIGHEST 98 10/07 MM MM
LOWEST 36 10/29 MM MM
AVG. MAXIMUM 81.8
AVG. MINIMUM 51.6
MEAN 66.7
DAYS MAX >= 90 7 3.5 3.5
DAYS MAX <= 32 0 0.0 0.0
DAYS MIN <= 32 0 0.0 0.0
DAYS MIN <= 0 0 0.0 0.0
PRECIPITATION (INCHES)
RECORD
MAXIMUM 3.86 2021
MINIMUM 0.00 2022
TOTALS 0.19 0.69 -0.50 0.00
DAILY AVG. 0.01 0.02 -0.01 0.00
DAYS >= .01 1 2.8 -1.8 0
DAYS >= .10 1 1.4 -0.4 0
DAYS >= .50 0 0.4 -0.4 0
DAYS >= 1.00 0 0
DAYS >= %-5.2F 0 0
DEGREE DAYS
HEATING TOTAL 60 64 -4
SINCE 7/1 60 66 -6
COOLING TOTAL 119 78 41
SINCE 1/1 1563 1564 -1
..............................................................
WIND (MPH)
AVERAGE WIND SPEED 5.3
HIGHEST WIND SPEED/DIRECTION 23/270 DATE 10/25
HIGHEST GUST SPEED/DIRECTION 32/300 DATE 10/11
SKY COVER
POSSIBLE SUNSHINE (PERCENT) MM
AVERAGE SKY COVER 0.10
NUMBER OF DAYS FAIR 27
NUMBER OF DAYS PC 4
NUMBER OF DAYS CLOUDY 0
AVERAGE RH (PERCENT) 58
WEATHER CONDITIONS. NUMBER OF DAYS WITH
THUNDERSTORM 0 MIXED PRECIP 0
HEAVY RAIN 1 RAIN 0
LIGHT RAIN 1 FREEZING RAIN 0
LT FREEZING RAIN 0 HAIL 0
HEAVY SNOW 0 SNOW 0
LIGHT SNOW 0 SLEET 0
FOG 3 FOG W/VIS <= 1/4 MILE 0
HAZE 6
- INDICATES NEGATIVE NUMBERS.
R INDICATES RECORD WAS SET OR TIED.
MM INDICATES DATA IS MISSING.
T INDICATES TRACE AMOUNT.
$$