000
CXUS56 KLOX 011914
CF6SDB
PRELIMINARY LOCAL CLIMATOLOGICAL DATA (WS FORM: F-6)
STATION: SANDBERG CA
MONTH: JUNE
YEAR: 2022
LATITUDE: 34 45 N
LONGITUDE: 118 44 W
TEMPERATURE IN F: :PCPN: SNOW: WIND :SUNSHINE: SKY :PK WND
================================================================================
1 2 3 4 5 6A 6B 7 8 9 10 11 12 13 14 15 16 17 18
12Z AVG MX 2MIN
DY MAX MIN AVG DEP HDD CDD WTR SNW DPTH SPD SPD DIR MIN PSBL S-S WX SPD DR
================================================================================
1 86 57 72 8 0 7 0.00 M M 12.7 18 330 M M 0 28 330
2 80 61 71 7 0 6 0.00 M M 14.7 17 320 M M 0 27 340
3 77 59 68 3 0 3 0.00 M M 18.1 30 320 M M 0 46 310
4 71 52 62 -3 3 0 0.00 M M 18.6 32 320 M M 0 46 320
5 75 53 64 -1 1 0 0.00 M M 14.8 26 330 M M 0 43 340
6 75 55 65 -1 0 0 0.00 M M 20.8 38 330 M M 2 1 69 330
7 82 56 69 3 0 4 0.00 M M 21.0 40 330 M M 0 69 330
8 82 61 72 6 0 7 0.00 M M 17.7 35 320 M M 0 53 340
9 91 61 76 10 0 11 0.00 M M 13.8 14 270 M M 0 22 250
10 94 67 81 14 0 16 0.00 M M 13.5 24 310 M M 0 44 310
11 89 68 79 12 0 14 0.00 M M 21.4 26 310 M M 0 44 300
12 85 61 73 5 0 8 0.00 M M 13.9 25 300 M M 0 35 300
13 68 52 60 -8 5 0 0.00 M M 20.2 40 320 M M 2 1 M M
14 81 52 67 -1 0 2 0.00 M M 22.6 44 320 M M 0 M M
15 91 60 76 8 0 11 0.00 M M 10.0 16 60 M M 0 24 60
16 88 58 73 4 0 8 0.00 M M 17.7 23 170 M M 0 39 150
17 71 50 61 -8 4 0 0.00 M M 11.5 16 150 M M 1 12 32 170
18 64 41 53 -17 12 0 0.00 M M 15.0 17 330 M M 0 28 330
19 68 44 56 -14 9 0 0.00 M M 14.5 24 330 M M 0 M M
20 84 55 70 0 0 5 0.00 M M 13.1 24 60 M M 0 43 M
21 85 62 74 4 0 9 0.00 M M 19.7 27 160 M M 0 41 160
22 77 63 70 -1 0 5 0.00 M M 16.1 23 70 M M 4 44 100
23 86 63 75 4 0 10 0.00 M M 12.9 20 190 M M 1 31 190
24 89 66 78 6 0 13 0.00 M M 10.4 14 150 M M 0 28 130
25 91 68 80 8 0 15 0.00 M M 10.9 21 330 M M 0 35 330
26 93 71 82 10 0 17 0.00 M M 13.2 20 330 M M 0 35 330
27 95 73 84 12 0 19 0.00 M M 12.8 23 320 M M 0 35 200
28 93 72 83 10 0 18 0.00 M M 12.8 21 330 M M 0 8 33 320
29 89 67 78 5 0 13 0.00 M M 7.1 14 310 M M 0 M M
30 86 65 76 3 0 11 0.00 M M 9.5 15 300 M M 0 26 180
================================================================================
SM 2486 1793 34 232 0.00 M 451.0 M 10
================================================================================
AV 82.9 59.8 15.0 FASTST M M 0 MAX(MPH)
MISC ----> 44 320 # 69 330
================================================================================
NOTES:
# LAST OF SEVERAL OCCURRENCES
COLUMN 17 PEAK WIND IN M.P.H.
PRELIMINARY LOCAL CLIMATOLOGICAL DATA (WS FORM: F-6) , PAGE 2
STATION: SANDBERG CA
MONTH: JUNE
YEAR: 2022
LATITUDE: 34 45 N
LONGITUDE: 118 44 W
[TEMPERATURE DATA] [PRECIPITATION DATA] SYMBOLS USED IN COLUMN 16
AVERAGE MONTHLY: 71.3 TOTAL FOR MONTH: 0.00 1 = FOG OR MIST
DPTR FM NORMAL: 2.6 DPTR FM NORMAL: -0.08 2 = FOG REDUCING VISIBILITY
HIGHEST: 95 ON 27 GRTST 24HR 0.00 ON 1- 1 TO 1/4 MILE OR LESS
LOWEST: 41 ON 18 3 = THUNDER
SNOW, ICE PELLETS, HAIL 4 = ICE PELLETS
TOTAL MONTH: M 5 = HAIL
GRTST 24HR M ON M 6 = FREEZING RAIN OR DRIZZLE
GRTST DEPTH: M ON M 7 = DUSTSTORM OR SANDSTORM:
VSBY 1/2 MILE OR LESS
8 = SMOKE OR HAZE
[NO. OF DAYS WITH] [WEATHER - DAYS WITH] 9 = BLOWING SNOW
X = TORNADO
MAX 32 OR BELOW: 0 0.01 INCH OR MORE: 0
MAX 90 OR ABOVE: 7 0.10 INCH OR MORE: 0
MIN 32 OR BELOW: 0 0.50 INCH OR MORE: 0
MIN 0 OR BELOW: 0 1.00 INCH OR MORE: 0
[HDD (BASE 65) ]
TOTAL THIS MO. 34 CLEAR (SCALE 0-3) 29
DPTR FM NORMAL -32 PTCLDY (SCALE 4-7) 1
TOTAL FM JUL 1 2761 CLOUDY (SCALE 8-10) 0
DPTR FM NORMAL -812
[CDD (BASE 65) ]
TOTAL THIS MO. 232
DPTR FM NORMAL 55 [PRESSURE DATA]
TOTAL FM JAN 1 303 HIGHEST SLP M ON M
DPTR FM NORMAL 60 LOWEST SLP M ON M
[REMARKS]
#FINAL-06-22#