000
CXUS55 KPSR 011005
CF6SDL
PRELIMINARY LOCAL CLIMATOLOGICAL DATA (WS FORM: F-6)
STATION: SCOTTSDALE AZ
MONTH: APRIL
YEAR: 2023
LATITUDE: 33 37 N
LONGITUDE: 111 54 W
TEMPERATURE IN F: :PCPN: SNOW: WIND :SUNSHINE: SKY :PK WND
================================================================================
1 2 3 4 5 6A 6B 7 8 9 10 11 12 13 14 15 16 17 18
12Z AVG MX 2MIN
DY MAX MIN AVG DEP HDD CDD WTR SNW DPTH SPD SPD DIR MIN PSBL S-S WX SPD DR
================================================================================
1 81 47 64 -3 1 0 0.00 M M 2.2 10 250 M M 0 17 270
2 79 51 65 -3 0 0 0.00 M M 3.1 10 230 M M 0 18 140
3 79 52 66 -2 0 1 0.00 M M 9.0 25 260 M M 1 8 41 250
4 60 46 53 -15 12 0 0.00 0.0 M 9.7 24 270 M M 1 44 260
5 68 40 54 -14 11 0 0.00 0.0 M 2.9 12 260 M M 0 18 290
6 80 43 62 -6 3 0 0.00 M M 2.0 9 120 M M 0 13 140
7 82 51 67 -2 0 2 0.00 M M 2.4 10 220 M M 0 16 210
8 84 51 68 -1 0 3 0.00 M M 2.6 8 260 M M 0 13 250
9 88 56 72 3 0 7 0.00 M M 2.0 9 280 M M 0 14 210
10 96 59 78 9 0 13 0.00 M M 3.2 12 160 M M 0 8 18 190
11 98 63 81 12 0 16 0.00 M M 4.1 13 270 M M 0 19 280
12 90 64 77 7 0 12 0.00 M M 3.5 13 220 M M 0 18 210
13 81 65 73 3 0 8 0.00 M M 5.6 16 260 M M 1 8 23 260
14 76 57 67 -3 0 2 0.00 M M 4.1 13 270 M M 0 19 240
15 84 54 69 -1 0 4 0.00 M M 2.4 12 240 M M 0 16 230
16 89 57 73 3 0 8 0.00 M M 2.1 9 260 M M 0 14 270
17 89 58 74 3 0 9 0.00 M M 3.8 14 250 M M 0 8 21 240
18 83 62 73 2 0 8 0.00 M M 5.2 14 260 M M 0 23 210
19 79 61 70 -1 0 5 0.00 M M 5.7 18 230 M M 0 26 240
20 85 54 70 -2 0 5 0.00 0.0 M 3.1 14 270 M M 0 22 300
21 88 55 72 0 0 7 0.00 0.0 M 2.8 10 270 M M 0 15 310
22 91 59 75 3 0 10 0.00 0.0 M 3.7 16 250 M M 0 25 260
23 92 63 78 6 0 13 0.00 0.0 M 4.4 16 240 M M 0 22 230
24 89 68 79 7 0 14 0.00 M M 4.4 13 240 M M 0 21 250
25 88 65 77 4 0 12 0.00 M M 7.3 21 260 M M 0 32 290
26 88 68 78 5 0 13 0.00 M M 5.3 13 230 M M 0 18 110
27 93 61 77 4 0 12 0.00 M M 3.9 14 230 M M 0 25 260
28 98 64 81 7 0 16 0.00 M M 4.6 16 50 M M 0 22 80
29 98 66 82 8 0 17 0.00 M M 3.6 12 110 M M 0 19 130
30 100 65 83 9 0 18 0.00 M M 2.5 10 280 M M 0 17 150
================================================================================
SM 2576 1725 27 235 0.00 0.0 121.2 M 3
================================================================================
AV 85.9 57.5 4.0 FASTST M M 0 MAX(MPH)
MISC ----> 25 260 44 260
================================================================================
NOTES:
# LAST OF SEVERAL OCCURRENCES
COLUMN 17 PEAK WIND IN M.P.H.
PRELIMINARY LOCAL CLIMATOLOGICAL DATA (WS FORM: F-6) , PAGE 2
STATION: SCOTTSDALE AZ
MONTH: APRIL
YEAR: 2023
LATITUDE: 33 37 N
LONGITUDE: 111 54 W
[TEMPERATURE DATA] [PRECIPITATION DATA] SYMBOLS USED IN COLUMN 16
AVERAGE MONTHLY: 71.7 TOTAL FOR MONTH: 0.00 1 = FOG OR MIST
DPTR FM NORMAL: 1.1 DPTR FM NORMAL: -0.34 2 = FOG REDUCING VISIBILITY
HIGHEST: 100 ON 30 GRTST 24HR 0.00 ON 1- 1 TO 1/4 MILE OR LESS
LOWEST: 40 ON 5 3 = THUNDER
SNOW, ICE PELLETS, HAIL 4 = ICE PELLETS
TOTAL MONTH: 0.0 INCH 5 = HAIL
GRTST 24HR 0.0 6 = FREEZING RAIN OR DRIZZLE
GRTST DEPTH: M ON M 7 = DUSTSTORM OR SANDSTORM:
VSBY 1/2 MILE OR LESS
8 = SMOKE OR HAZE
[NO. OF DAYS WITH] [WEATHER - DAYS WITH] 9 = BLOWING SNOW
X = TORNADO
MAX 32 OR BELOW: 0 0.01 INCH OR MORE: 0
MAX 90 OR ABOVE: 9 0.10 INCH OR MORE: 0
MIN 32 OR BELOW: 0 0.50 INCH OR MORE: 0
MIN 0 OR BELOW: 0 1.00 INCH OR MORE: 0
[HDD (BASE 65) ]
TOTAL THIS MO. 27 CLEAR (SCALE 0-3) 30
DPTR FM NORMAL 9 PTCLDY (SCALE 4-7) 0
TOTAL FM JUL 1 1424 CLOUDY (SCALE 8-10) 0
DPTR FM NORMAL 289
[CDD (BASE 65) ]
TOTAL THIS MO. 235
DPTR FM NORMAL 51 [PRESSURE DATA]
TOTAL FM JAN 1 241 HIGHEST SLP 30.13 ON 5
DPTR FM NORMAL -11 LOWEST SLP 29.55 ON 3
[REMARKS]
#FINAL-04-23#