000
CXUS56 KSGX 011045
CF6SDM
PRELIMINARY LOCAL CLIMATOLOGICAL DATA (WS FORM: F-6)
STATION: SAN DIEGO/BROWN
MONTH: APRIL
YEAR: 2022
LATITUDE: 32 34 N
LONGITUDE: 116 59 W
TEMPERATURE IN F: :PCPN: SNOW: WIND :SUNSHINE: SKY :PK WND
================================================================================
1 2 3 4 5 6A 6B 7 8 9 10 11 12 13 14 15 16 17 18
12Z AVG MX 2MIN
DY MAX MIN AVG DEP HDD CDD WTR SNW DPTH SPD SPD DIR MIN PSBL S-S WX SPD DR
================================================================================
1 68 53 61 3 4 0 0.00 M M 3.1 12 240 M M 6 19 280
2 61 56 59 0 6 0 0.01 M M 3.5 12 280 M M 10 18 15 270
3 62 57 60 1 5 0 0.03 M M 3.4 12 270 M M 10 1 17 270
4 69 52 61 2 4 0 T M M 3.4 13 270 M M 4 1 18 270
5 70 50 60 1 5 0 0.00 M M 3.0 10 270 M M 1 128 14 300
6 79 50 65 6 0 0 0.00 M M 2.6 13 280 M M 0 18 16 270
7 93 51 72 13 0 7 0.00 M M 4.9 12 280 M M 0 18 15 270
8 99 55 77 18 0 12 0.00 M M 6.6 16 280 M M 0 21 290
9 82 52 67 8 0 2 0.00 M M 6.9 15 220 M M 2 8 22 200
10 71 55 63 4 2 0 0.00 M M 8.1 17 220 M M 8 21 210
11 67 54 61 2 4 0 0.16 M M 9.9 17 210 M M 8 1 21 200
12 64 47 56 -4 9 0 T M M 7.9 22 270 M M 4 1 30 290
13 67 42 55 -5 10 0 0.00 M M 5.1 15 270 M M 0 19 260
14 70 40 55 -5 10 0 0.00 M M 5.2 15 250 M M 0 19 280
15 70 46 58 -2 7 0 0.00 M M 4.9 13 280 M M 1 8 17 260
16 68 53 61 1 4 0 0.00 M M 4.6 15 270 M M 8 20 280
17 69 52 61 1 4 0 T M M 5.6 16 270 M M 3 1 21 280
18 74 49 62 2 3 0 0.00 M M 3.6 13 280 M M 1 18 18 280
19 72 51 62 2 3 0 0.00 M M 4.4 15 250 M M 4 1 19 280
20 70 52 61 1 4 0 0.00 M M 4.6 16 270 M M 3 18 22 290
21 70 49 60 0 5 0 0.01 M M 6.1 18 280 M M 2 1 25 270
22 65 50 58 -3 7 0 0.16 M M 9.3 22 270 M M 7 1 28 270
23 69 46 58 -3 7 0 0.00 M M 5.1 16 280 M M 0 21 270
24 85 48 67 6 0 2 0.00 M M 5.9 16 270 M M 0 21 270
25 90 50 70 9 0 5 0.00 M M 6.0 16 280 M M 0 22 280
26 80 50 65 4 0 0 0.00 M M 4.6 14 250 M M 0 18 18 280
27 71 52 62 1 3 0 0.00 M M 6.3 16 260 M M 6 18 23 270
28 67 54 61 0 4 0 0.00 M M 7.0 16 260 M M 7 21 250
29 69 49 59 -2 6 0 0.00 M M 5.1 14 270 M M 2 8 20 270
30 72 49 61 0 4 0 0.00 M M 3.9 13 270 M M 0 18 18 280
================================================================================
SM 2183 1514 120 28 0.37 M 160.6 M 97
================================================================================
AV 72.8 50.5 5.4 FASTST M M 3 MAX(MPH)
MISC ----> # 22 270 30 290
================================================================================
NOTES:
# LAST OF SEVERAL OCCURRENCES
COLUMN 17 PEAK WIND IN M.P.H.
PRELIMINARY LOCAL CLIMATOLOGICAL DATA (WS FORM: F-6) , PAGE 2
STATION: SAN DIEGO/BROWN
MONTH: APRIL
YEAR: 2022
LATITUDE: 32 34 N
LONGITUDE: 116 59 W
[TEMPERATURE DATA] [PRECIPITATION DATA] SYMBOLS USED IN COLUMN 16
AVERAGE MONTHLY: 61.6 TOTAL FOR MONTH: 0.37 1 = FOG OR MIST
DPTR FM NORMAL: 1.7 DPTR FM NORMAL: -0.43 2 = FOG REDUCING VISIBILITY
HIGHEST: 99 ON 8 GRTST 24HR 0.17 ON 21-22 TO 1/4 MILE OR LESS
LOWEST: 40 ON 14 3 = THUNDER
SNOW, ICE PELLETS, HAIL 4 = ICE PELLETS
TOTAL MONTH: M 5 = HAIL
GRTST 24HR M ON M 6 = FREEZING RAIN OR DRIZZLE
GRTST DEPTH: M ON M 7 = DUSTSTORM OR SANDSTORM:
VSBY 1/2 MILE OR LESS
8 = SMOKE OR HAZE
[NO. OF DAYS WITH] [WEATHER - DAYS WITH] 9 = BLOWING SNOW
X = TORNADO
MAX 32 OR BELOW: 0 0.01 INCH OR MORE: 5
MAX 90 OR ABOVE: 3 0.10 INCH OR MORE: 2
MIN 32 OR BELOW: 0 0.50 INCH OR MORE: 0
MIN 0 OR BELOW: 0 1.00 INCH OR MORE: 0
[HDD (BASE 65) ]
TOTAL THIS MO. 120 CLEAR (SCALE 0-3) 17
DPTR FM NORMAL -45 PTCLDY (SCALE 4-7) 10
TOTAL FM JUL 1 1262 CLOUDY (SCALE 8-10) 3
DPTR FM NORMAL -223
[CDD (BASE 65) ]
TOTAL THIS MO. 28
DPTR FM NORMAL 16 [PRESSURE DATA]
TOTAL FM JAN 1 52 HIGHEST SLP 30.16 ON 17
DPTR FM NORMAL 26 LOWEST SLP 29.79 ON 9
[REMARKS]
#FINAL-04-22#