000
CXUS56 KSGX 011245
CF6SDM
PRELIMINARY LOCAL CLIMATOLOGICAL DATA (WS FORM: F-6)
STATION: SAN DIEGO/BROWN
MONTH: SEPTEMBER
YEAR: 2020
LATITUDE: 32 34 N
LONGITUDE: 116 59 W
TEMPERATURE IN F: :PCPN: SNOW: WIND :SUNSHINE: SKY :PK WND
================================================================================
1 2 3 4 5 6A 6B 7 8 9 10 11 12 13 14 15 16 17 18
12Z AVG MX 2MIN
DY MAX MIN AVG DEP HDD CDD WTR SNW DPTH SPD SPD DIR MIN PSBL S-S WX SPD DR
================================================================================
1 79 64 72 1 0 7 0.00 0.0 0 4.8 13 270 M M 4 18 270
2 78 63 71 0 0 6 0.00 0.0 0 4.8 14 280 M M 4 19 290
3 82 64 73 2 0 8 0.00 0.0 0 3.6 12 270 M M 3 18 17 280
4 84 63 74 3 0 9 0.00 0.0 0 3.4 10 280 M M 2 128 17 280
5 101 65 83 12 0 18 0.00 0.0 0 4.0 13 250 M M 0 8 16 260
6 105 73 89 18 0 24 0.00 0.0 0 4.6 10 260 M M 0 8 14 260
7 93 67 80 9 0 15 0.00 0.0 0 3.4 14 200 M M 0 18 200
8 80 65 73 2 0 8 0.00 0.0 0 2.9 10 280 M M 6 1 13 280
9 87 60 74 3 0 9 0.00 0.0 0 4.5 15 250 M M 1 128 20 260
10 85 55 70 0 0 5 0.00 0.0 0 3.9 12 280 M M 0 18 16 270
11 84 58 71 1 0 6 0.00 0.0 0 3.0 10 280 M M 0 128 15 270
12 85 56 71 1 0 6 0.00 0.0 0 3.6 12 270 M M 1 128 16 290
13 82 59 71 1 0 6 0.00 0.0 0 2.7 14 280 M M 4 128 18 270
14 85 57 71 1 0 6 0.00 0.0 0 2.9 9 280 M M 1 128 14 280
15 92 59 76 6 0 11 0.00 0.0 0 4.0 12 280 M M 0 18 15 280
16 95 59 77 7 0 12 0.00 0.0 0 M M M M M M 16 M
17 97 61 79 9 0 14 0.00 0.0 0 5.3 14 280 M M 0 8 20 270
18 97 62 80 10 0 15 0.00 0.0 0 4.7 16 280 M M 0 8 20 270
19 86 61 74 5 0 9 0.00 0.0 0 4.3 13 270 M M 0 18 16 320
20 80 64 72 3 0 7 0.00 0.0 0 3.8 10 270 M M 5 18 16 310
21 79 63 71 2 0 6 0.00 0.0 0 3.6 13 290 M M 4 18 16 280
22 84 61 73 4 0 8 0.00 0.0 0 2.9 13 280 M M 3 18 17 270
23 89 58 74 5 0 9 0.00 0.0 0 2.9 12 270 M M 0 18 16 270
24 88 57 73 4 0 8 0.00 0.0 0 3.8 14 270 M M 1 128 17 280
25 78 60 69 0 0 4 0.00 0.0 0 3.0 12 270 M M 4 128 15 270
26 79 61 70 2 0 5 0.00 0.0 0 4.1 13 280 M M 5 18 16 300
27 78 62 70 2 0 5 0.00 0.0 0 2.7 12 280 M M 4 18 18 270
28 84 57 71 3 0 6 0.00 0.0 0 3.7 14 260 M M 1 18 18 240
29 96 60 78 10 0 13 0.00 0.0 0 4.2 12 280 M M 0 15 260
30 101 67 84 16 0 19 0.00 0.0 0 5.3 12 130 M M 0 14 290
================================================================================
SM 2613 1841 0 284 0.00 0.0 110.4 M 53
================================================================================
AV 87.1 61.4 3.8 FASTST M M 2 MAX(MPH)
MISC ----> # 16 280 # 20 260
================================================================================
NOTES:
# LAST OF SEVERAL OCCURRENCES
COLUMN 17 PEAK WIND IN M.P.H.
PRELIMINARY LOCAL CLIMATOLOGICAL DATA (WS FORM: F-6) , PAGE 2
STATION: SAN DIEGO/BROWN
MONTH: SEPTEMBER
YEAR: 2020
LATITUDE: 32 34 N
LONGITUDE: 116 59 W
[TEMPERATURE DATA] [PRECIPITATION DATA] SYMBOLS USED IN COLUMN 16
AVERAGE MONTHLY: 74.2 TOTAL FOR MONTH: 0.00 1 = FOG OR MIST
DPTR FM NORMAL: 4.5 DPTR FM NORMAL: -0.23 2 = FOG REDUCING VISIBILITY
HIGHEST: 105 ON 6 GRTST 24HR 0.00 ON 30-30 TO 1/4 MILE OR LESS
LOWEST: 55 ON 10 3 = THUNDER
SNOW, ICE PELLETS, HAIL 4 = ICE PELLETS
TOTAL MONTH: 0.0 INCH 5 = HAIL
GRTST 24HR 0.0 6 = FREEZING RAIN OR DRIZZLE
GRTST DEPTH: 0 7 = DUSTSTORM OR SANDSTORM:
VSBY 1/2 MILE OR LESS
8 = SMOKE OR HAZE
[NO. OF DAYS WITH] [WEATHER - DAYS WITH] 9 = BLOWING SNOW
X = TORNADO
MAX 32 OR BELOW: 0 0.01 INCH OR MORE: 0
MAX 90 OR ABOVE: 9 0.10 INCH OR MORE: 0
MIN 32 OR BELOW: 0 0.50 INCH OR MORE: 0
MIN 0 OR BELOW: 0 1.00 INCH OR MORE: 0
[HDD (BASE 65) ]
TOTAL THIS MO. 0 CLEAR (SCALE 0-3) 19
DPTR FM NORMAL -6 PTCLDY (SCALE 4-7) 10
TOTAL FM JUL 1 0 CLOUDY (SCALE 8-10) 0
DPTR FM NORMAL -10
[CDD (BASE 65) ]
TOTAL THIS MO. 284
DPTR FM NORMAL 136 [PRESSURE DATA]
TOTAL FM JAN 1 949 HIGHEST SLP 29.98 ON 16
DPTR FM NORMAL 404 LOWEST SLP 29.60 ON 8
[REMARKS]
#FINAL-09-20#