334
CXUS54 KFWD 010731
CF6SEP
PRELIMINARY LOCAL CLIMATOLOGICAL DATA (WS FORM: F-6)
STATION: STEPHENVILLE
MONTH: MAY
YEAR: 2020
LATITUDE: 32 13 N
LONGITUDE: 98 11 W
TEMPERATURE IN F: :PCPN: SNOW: WIND :SUNSHINE: SKY :PK WND
================================================================================
1 2 3 4 5 6A 6B 7 8 9 10 11 12 13 14 15 16 17 18
12Z AVG MX 2MIN
DY MAX MIN AVG DEP HDD CDD WTR SNW DPTH SPD SPD DIR MIN PSBL S-S WX SPD DR
================================================================================
1 88 57 73 5 0 8 0.00 0.0 0 11.3 18 180 M M 0 30 180
2 91 64 78 10 0 13 0.00 0.0 0 12.5 18 180 M M 0 27 180
3 94 67 81 13 0 16 0.00 0.0 0 9.8 14 190 M M 0 21 190
4 95 68 82 13 0 17 0.00 0.0 0 10.8 16 180 M M 1 24 210
5 81 60 71 2 0 6 0.00 0.0 0 9.9 16 30 M M 4 27 20
6 83 50 67 -2 0 2 0.00 0.0 0 5.3 14 100 M M 0 M M
7 84 55 70 1 0 5 0.00 0.0 0 12.3 23 170 M M 3 35 180
8 75 55 65 -5 0 0 0.00 0.0 0 14.7 28 360 M M 3 39 360
9 76 50 63 -7 2 0 0.00 0.0 0 6.0 10 120 M M 2 M M
10 79 49 64 -6 1 0 0.00 0.0 0 5.3 12 90 M M 0 17 90
11 81 55 68 -2 0 3 0.00 0.0 0 8.5 14 140 M M 1 22 140
12 80 65 73 2 0 8 M 0.0 0 8.3 13 200 M M 5 20 200
13 87 64 76 5 0 11 0.00 0.0 0 10.4 16 180 M M 6 23 180
14 92 69 81 10 0 16 0.00 0.0 0 10.5 15 160 M M 3 21 160
15 89 60 75 3 0 10 1.01 0.0 0 10.9 22 10 M M 5 3 29 10
16 65 60 63 -9 2 0 0.38 0.0 0 9.9 18 340 M M 8 3 28 340
17 85 61 73 1 0 8 0.00 0.0 0 5.8 14 340 M M 0 17 340
18 92 62 77 5 0 12 0.00 0.0 0 4.7 10 230 M M 0 17 230
19 96 66 81 8 0 16 0.00 0.0 0 4.7 9 150 M M 0 M M
20 90 69 80 7 0 15 0.00 0.0 0 7.0 15 80 M M 5 18 80
21 90 69 80 7 0 15 0.00 0.0 0 8.9 15 150 M M 2 21 160
22 91 69 80 7 0 15 0.00 0.0 0 10.2 15 190 M M 2 22 180
23 91 68 80 6 0 15 0.00 0.0 0 11.7 20 60 M M 5 29 160
24 90 65 78 4 0 13 1.34 0.0 0 11.0 16 130 M M 6 27 170
25 76 63 70 -4 0 5 0.22 0.0 0 6.2 13 350 M M 5 M M
26 79 61 70 -4 0 5 0.04 0.0 0 5.8 15 310 M M 4 20 300
27 84 57 71 -4 0 6 0.00 0.0 0 2.6 14 80 M M 2 22 80
28 85 63 74 -1 0 9 0.00 0.0 0 5.8 10 50 M M 2 M M
29 86 64 75 0 0 10 0.00 0.0 0 7.8 16 30 M M 0 20 50
30 86 62 74 -1 0 9 0.00 0.0 0 4.7 12 90 M M 0 M M
31 87 63 75 -1 0 10 0.00 0.0 0 4.6 9 80 M M 2 M M
================================================================================
SM 2648 1910 5 278 2.99 0.0 257.9 M 76
================================================================================
AV 85.4 61.6 8.3 FASTST M M 2 MAX(MPH)
MISC ----> # 28 360 # 39 360
================================================================================
NOTES:
# LAST OF SEVERAL OCCURRENCES
COLUMN 17 PEAK WIND IN M.P.H.
PRELIMINARY LOCAL CLIMATOLOGICAL DATA (WS FORM: F-6) , PAGE 2
STATION: STEPHENVILLE
MONTH: MAY
YEAR: 2020
LATITUDE: 32 13 N
LONGITUDE: 98 11 W
[TEMPERATURE DATA] [PRECIPITATION DATA] SYMBOLS USED IN COLUMN 16
AVERAGE MONTHLY: 73.5 TOTAL FOR MONTH: 2.99 1 = FOG OR MIST
DPTR FM NORMAL: 1.7 DPTR FM NORMAL: -1.40 2 = FOG REDUCING VISIBILITY
HIGHEST: 96 ON 19 GRTST 24HR 1.34 ON 24-24 TO 1/4 MILE OR LESS
LOWEST: 49 ON 10 3 = THUNDER
SNOW, ICE PELLETS, HAIL 4 = ICE PELLETS
TOTAL MONTH: 0.0 INCH 5 = HAIL
GRTST 24HR 0.0 6 = FREEZING RAIN OR DRIZZLE
GRTST DEPTH: 0 7 = DUSTSTORM OR SANDSTORM:
VSBY 1/2 MILE OR LESS
8 = SMOKE OR HAZE
[NO. OF DAYS WITH] [WEATHER - DAYS WITH] 9 = BLOWING SNOW
X = TORNADO
MAX 32 OR BELOW: 0 0.01 INCH OR MORE: 5
MAX 90 OR ABOVE: 11 0.10 INCH OR MORE: 4
MIN 32 OR BELOW: 0 0.50 INCH OR MORE: 2
MIN 0 OR BELOW: 0 1.00 INCH OR MORE: 2
[HDD (BASE 65) ]
TOTAL THIS MO. 5 CLEAR (SCALE 0-3) 20
DPTR FM NORMAL -13 PTCLDY (SCALE 4-7) 11
TOTAL FM JUL 1 2200 CLOUDY (SCALE 8-10) 0
DPTR FM NORMAL -515
[CDD (BASE 65) ]
TOTAL THIS MO. 278
DPTR FM NORMAL 51 [PRESSURE DATA]
TOTAL FM JAN 1 447 HIGHEST SLP M ON M
DPTR FM NORMAL 127 LOWEST SLP M ON M
[REMARKS]
#FINAL-05-20#