000
CXUS53 KLSX 011500
CF6SET
PRELIMINARY LOCAL CLIMATOLOGICAL DATA (WS FORM: F-6)
STATION: ST_CHARLES MO
MONTH: FEBRUARY
YEAR: 2024
LATITUDE: 38 55 N
LONGITUDE: 90 26 W
TEMPERATURE IN F: :PCPN: SNOW: WIND :SUNSHINE: SKY :PK WND
================================================================================
1 2 3 4 5 6A 6B 7 8 9 10 11 12 13 14 15 16 17 18
12Z AVG MX 2MIN
DY MAX MIN AVG DEP HDD CDD WTR SNW DPTH SPD SPD DIR MIN PSBL S-S WX SPD DR
================================================================================
1 68 30 49 17 16 0 0.00 0.0 0 2.1 12 220 M M 1 1 15 220
2 44 34 39 7 26 0 0.00 0.0 0 7.0 15 60 M M 6 18 19 40
3 56 32 44 12 21 0 0.00 0.0 0 10.4 17 100 M M 0 1 23 80
4 53 36 45 13 20 0 0.00 0.0 0 12.0 20 30 M M 0 25 40
5 58 29 44 12 21 0 0.00 0.0 0 6.9 18 30 M M 0 24 20
6 56 24 40 7 25 0 0.00 0.0 0 2.3 10 90 M M 0 1 13 110
7 57 30 44 11 21 0 0.00 0.0 0 8.9 15 150 M M 0 18 19 170
8 69 42 56 23 9 0 0.00 M M 14.1 30 210 M M 3 39 210
9 68 40 54 20 11 0 0.00 0.0 0 6.9 18 200 M M 1 1 23 190
10 52 35 44 10 21 0 0.00 0.0 0 7.5 20 20 M M 1 29 360
11 47 28 38 4 27 0 0.00 0.0 0 7.8 14 10 M M 1 20 360
12 49 26 38 4 27 0 0.00 0.0 0 7.1 18 10 M M 2 24 50
13 59 23 41 6 24 0 0.00 0.0 0 4.7 14 220 M M 1 20 250
14 M 27 M M M M 0.00 0.0 0 6.1 13 100 M M 0 18 150
15 53 35 44 9 21 0 0.03 M M 9.2 26 320 M M 3 34 330
16 39 24 32 -4 33 0 M M M 13.4 21 340 M M 8 128 31 350
17 24 12 18 -18 47 0 0.00 M M 9.9 18 330 M M 0 24 330
18 47 15 31 -5 34 0 0.00 0.0 M 6.5 15 260 M M 0 21 250
19 56 21 39 2 26 0 0.00 0.0 M 3.4 12 100 M M 0 12 14 170
20 65 26 46 9 19 0 0.00 0.0 0 6.2 14 190 M M 0 19 200
21 72 30 51 14 14 0 0.00 0.0 0 7.7 16 130 M M 0 18 20 160
22 68 41 55 17 10 0 0.00 0.0 0 7.6 20 360 M M 3 18 27 10
23 63 39 51 13 14 0 0.00 0.0 0 12.5 26 300 M M 1 39 300
24 46 29 38 0 27 0 0.00 0.0 0 8.7 18 10 M M 2 27 350
25 72 27 50 11 15 0 0.00 M M 6.6 17 220 M M 0 22 210
26 80 29 55 16 10 0 0.00 M M 9.9 26 170 M M 0 1 36 190
27 86 37 62 23 3 0 0.08 M M 12.7 32 310 M M 1 138 54 310
28 38 20 29 -11 36 0 0.01 M M 15.0 30 300 M M 3 48 310
29 52 17 35 -5 30 0 0.00 M M 7.7 18 170 M M 0 28 170
================================================================================
SM 1597 838 608 0 0.12 0.0 240.8 M 37
================================================================================
AV 57.0 28.9 8.3 FASTST M M 1 MAX(MPH)
MISC ----> 32 310 54 310
================================================================================
NOTES:
# LAST OF SEVERAL OCCURRENCES
COLUMN 17 PEAK WIND IN M.P.H.
PRELIMINARY LOCAL CLIMATOLOGICAL DATA (WS FORM: F-6) , PAGE 2
STATION: ST_CHARLES MO
MONTH: FEBRUARY
YEAR: 2024
LATITUDE: 38 55 N
LONGITUDE: 90 26 W
[TEMPERATURE DATA] [PRECIPITATION DATA] SYMBOLS USED IN COLUMN 16
AVERAGE MONTHLY: 43.0 TOTAL FOR MONTH: 0.12 1 = FOG OR MIST
DPTR FM NORMAL: 7.6 DPTR FM NORMAL: -1.77 2 = FOG REDUCING VISIBILITY
HIGHEST: 86 ON 27 GRTST 24HR 0.09 ON 27-28 TO 1/4 MILE OR LESS
LOWEST: 12 ON 17 3 = THUNDER
SNOW, ICE PELLETS, HAIL 4 = ICE PELLETS
TOTAL MONTH: 0.0 INCH 5 = HAIL
GRTST 24HR 0.0 6 = FREEZING RAIN OR DRIZZLE
GRTST DEPTH: 0 7 = DUSTSTORM OR SANDSTORM:
VSBY 1/2 MILE OR LESS
8 = SMOKE OR HAZE
[NO. OF DAYS WITH] [WEATHER - DAYS WITH] 9 = BLOWING SNOW
X = TORNADO
MAX 32 OR BELOW: 1 0.01 INCH OR MORE: 3
MAX 90 OR ABOVE: 0 0.10 INCH OR MORE: 0
MIN 32 OR BELOW: 20 0.50 INCH OR MORE: 0
MIN 0 OR BELOW: 0 1.00 INCH OR MORE: 0
[HDD (BASE 65) ]
TOTAL THIS MO. 608 CLEAR (SCALE 0-3) 27
DPTR FM NORMAL -222 PTCLDY (SCALE 4-7) 2
TOTAL FM JUL 1 3262 CLOUDY (SCALE 8-10) 0
DPTR FM NORMAL -498
[CDD (BASE 65) ]
TOTAL THIS MO. 0
DPTR FM NORMAL 0 [PRESSURE DATA]
TOTAL FM JAN 1 0 HIGHEST SLP 30.52 ON 29
DPTR FM NORMAL 0 LOWEST SLP 29.25 ON 27
[REMARKS]
#FINAL-02-24#