972
CXUS53 KLSX 011400
CF6SET
PRELIMINARY LOCAL CLIMATOLOGICAL DATA (WS FORM: F-6)
STATION: ST_CHARLES MO
MONTH: APRIL
YEAR: 2020
LATITUDE: 38 55 N
LONGITUDE: 90 26 W
TEMPERATURE IN F: :PCPN: SNOW: WIND :SUNSHINE: SKY :PK WND
================================================================================
1 2 3 4 5 6A 6B 7 8 9 10 11 12 13 14 15 16 17 18
12Z AVG MX 2MIN
DY MAX MIN AVG DEP HDD CDD WTR SNW DPTH SPD SPD DIR MIN PSBL S-S WX SPD DR
================================================================================
1 61 37 49 -2 16 0 0.00 0.0 0 6.9 14 100 M M 1 17 100
2 71 45 58 7 7 0 0.01 0.0 0 11.3 20 140 M M 1 27 150
3 73 41 57 5 8 0 T 0.0 0 9.3 24 300 M M 8 18 29 290
4 44 37 41 -11 24 0 0.05 0.0 0 7.2 14 360 M M 10 18 20 10
5 57 42 50 -2 15 0 0.00 0.0 0 4.4 15 40 M M 9 18 18 40
6 76 42 59 6 6 0 0.00 0.0 0 4.9 15 190 M M 7 18 22 200
7 87 56 72 19 0 7 0.00 0.0 0 8.5 18 210 M M 4 26 220
8 92 53 73 20 0 8 0.18 0.0 0 8.6 39 360 M M 1 13 64 310
9 62 40 51 -3 14 0 0.00 M M 16.4 33 290 M M 0 51 270
10 58 35 47 -7 18 0 0.00 0.0 0 7.1 16 320 M M 1 21 250
11 63 47 55 1 10 0 T 0.0 0 10.6 25 180 M M 7 34 180
12 63 41 52 -3 13 0 0.62 0.0 0 11.9 31 300 M M 9 18 42 320
13 47 36 42 -13 23 0 0.01 0.0 0 16.1 35 300 M M 4 18 48 310
14 52 33 43 -13 22 0 0.00 0.0 0 8.4 23 280 M M 2 30 290
15 51 35 43 -13 22 0 0.00 0.0 0 10.1 24 280 M M 2 33 280
16 55 32 44 -12 21 0 0.00 0.0 0 13.0 25 40 M M 7 32 40
17 47 37 42 -14 23 0 0.30 0.0 0 10.3 20 310 M M 9 1 24 110
18 63 31 47 -10 18 0 0.00 0.0 0 8.0 17 210 M M 0 1 23 210
19 71 47 59 2 6 0 0.00 0.0 0 6.9 16 30 M M 3 23 40
20 70 40 55 -3 10 0 0.00 0.0 0 6.2 18 260 M M 2 24 280
21 66 45 56 -2 9 0 0.00 0.0 0 8.5 22 330 M M 0 30 350
22 76 39 58 0 7 0 0.04 0.0 0 9.9 24 210 M M 3 31 200
23 67 51 59 0 6 0 0.58 0.0 0 7.3 15 40 M M 7 1 20 20
24 75 46 61 2 4 0 0.78 0.0 0 6.1 25 260 M M 5 123 33 250
25 58 49 54 -5 11 0 0.79 0.0 0 16.8 25 340 M M 10 1 38 330
26 68 44 56 -4 9 0 0.00 0.0 0 7.9 16 360 M M 0 24 350
27 74 47 61 1 4 0 0.00 M M 9.5 22 200 M M 3 29 210
28 85 51 68 8 0 3 1.30 M M 9.2 37 330 M M 4 13 48 330
29 62 51 57 -3 8 0 0.25 M M 13.6 26 300 M M 9 18 35 300
30 69 50 60 -1 5 0 0.00 M M 11.4 25 300 M M 1 34 280
================================================================================
SM 1963 1280 339 18 4.91 0.0 286.3 M 129
================================================================================
AV 65.4 42.7 9.5 FASTST M M 4 MAX(MPH)
MISC ----> 39 360 64 310
================================================================================
NOTES:
# LAST OF SEVERAL OCCURRENCES
COLUMN 17 PEAK WIND IN M.P.H.
PRELIMINARY LOCAL CLIMATOLOGICAL DATA (WS FORM: F-6) , PAGE 2
STATION: ST_CHARLES MO
MONTH: APRIL
YEAR: 2020
LATITUDE: 38 55 N
LONGITUDE: 90 26 W
[TEMPERATURE DATA] [PRECIPITATION DATA] SYMBOLS USED IN COLUMN 16
AVERAGE MONTHLY: 54.1 TOTAL FOR MONTH: 4.91 1 = FOG OR MIST
DPTR FM NORMAL: -1.8 DPTR FM NORMAL: 1.11 2 = FOG REDUCING VISIBILITY
HIGHEST: 92 ON 8 GRTST 24HR 1.57 ON 24-25 TO 1/4 MILE OR LESS
LOWEST: 31 ON 18 3 = THUNDER
SNOW, ICE PELLETS, HAIL 4 = ICE PELLETS
TOTAL MONTH: 0.0 INCH 5 = HAIL
GRTST 24HR 0.0 6 = FREEZING RAIN OR DRIZZLE
GRTST DEPTH: 0 7 = DUSTSTORM OR SANDSTORM:
VSBY 1/2 MILE OR LESS
8 = SMOKE OR HAZE
[NO. OF DAYS WITH] [WEATHER - DAYS WITH] 9 = BLOWING SNOW
X = TORNADO
MAX 32 OR BELOW: 0 0.01 INCH OR MORE: 12
MAX 90 OR ABOVE: 1 0.10 INCH OR MORE: 8
MIN 32 OR BELOW: 2 0.50 INCH OR MORE: 5
MIN 0 OR BELOW: 0 1.00 INCH OR MORE: 1
[HDD (BASE 65) ]
TOTAL THIS MO. 339 CLEAR (SCALE 0-3) 15
DPTR FM NORMAL 45 PTCLDY (SCALE 4-7) 9
TOTAL FM JUL 1 2124 CLOUDY (SCALE 8-10) 6
DPTR FM NORMAL -2637
[CDD (BASE 65) ]
TOTAL THIS MO. 18
DPTR FM NORMAL -4 [PRESSURE DATA]
TOTAL FM JAN 1 21 HIGHEST SLP 30.36 ON 16
DPTR FM NORMAL -3 LOWEST SLP 29.43 ON 12
[REMARKS]
#FINAL-04-20#